000
CXUS51 KGYX 030915
CF6AUG
PRELIMINARY LOCAL CLIMATOLOGICAL DATA (WS FORM: F-6)
STATION: AUGUSTA
MONTH: MARCH
YEAR: 2021
LATITUDE: 44 18 N
LONGITUDE: 69 48 W
TEMPERATURE IN F: :PCPN: SNOW: WIND :SUNSHINE: SKY :PK WND
================================================================================
1 2 3 4 5 6A 6B 7 8 9 10 11 12 13 14 15 16 17 18
12Z AVG MX 2MIN
DY MAX MIN AVG DEP HDD CDD WTR SNW DPTH SPD SPD DIR MIN PSBL S-S WX SPD DR
================================================================================
1 40 17 29 2 36 0 0.14 M M 9.4 32 310 M M 7 126 45 290
2 18 3 11 -16 54 0 T M M 17.7 37 300 M M 3 51 310
3 35 12 24 -4 41 0 0.00 0.0 M 8.5 20 290 M M 3 31 290
4 31 17 24 -4 41 0 0.00 0.0 M 13.3 26 300 M M 1 36 300
5 18 11 15 -13 50 0 0.00 0.0 M 13.1 23 300 M M 3 35 290
6 28 11 20 -9 45 0 0.00 0.0 M 8.6 18 280 M M 2 25 300
7 32 12 22 -7 43 0 0.00 0.0 M 6.5 12 290 M M 0 16 300
8 37 15 26 -3 39 0 0.00 0.0 M 4.0 12 240 M M 1 15 230
9 44 25 35 5 30 0 0.00 0.0 M 7.3 20 300 M M 7 28 310
10 45 24 35 5 30 0 0.00 0.0 M 4.8 12 180 M M 0 18 200
11 54 33 44 14 21 0 0.00 0.0 M 7.4 13 200 M M 1 21 200
12 54 34 44 14 21 0 T M M 11.5 22 280 M M 2 1 32 280
13 37 26 32 1 33 0 T M M 13.0 26 300 M M 2 41 300
14 34 14 24 -7 41 0 T M M 12.8 30 330 M M 6 40 350
15 18 5 12 -19 53 0 0.00 0.0 M 14.6 26 330 M M 2 35 330
16 32 10 21 -11 44 0 0.00 0.0 M 5.5 14 340 M M 0 18 280
17 52 19 36 4 29 0 0.00 0.0 M 4.3 14 160 M M 0 19 160
18 41 30 36 4 29 0 0.15 M M 6.0 26 350 M M 8 1 33 350
19 35 17 26 -7 39 0 0.00 0.0 M 15.7 31 350 M M 0 39 340
20 54 23 39 6 26 0 0.00 0.0 M 6.9 16 310 M M 0 22 300
21 63 31 47 13 18 0 0.00 0.0 M 4.9 13 280 M M 0 17 280
22 64 27 46 12 19 0 0.00 0.0 M 4.5 15 160 M M 0 1 20 180
23 65 31 48 14 17 0 0.00 0.0 M 4.0 13 160 M M 5 12 16 150
24 57 38 48 13 17 0 0.00 0.0 M 5.5 13 160 M M 7 12 17 160
25 54 42 48 13 17 0 0.03 0.0 M 5.2 10 170 M M 10 12 17 210
26 53 43 48 13 17 0 0.57 0.0 M 6.3 26 300 M M 10 123 37 300
27 48 36 42 6 23 0 T 0.0 M 8.9 20 330 M M 7 28 280
28 40 35 38 2 27 0 0.91 0.0 M 10.0 21 120 M M 10 1 29 140
29 42 32 37 1 28 0 0.14 0.0 M 11.9 25 270 M M 4 1 47 310
30 50 27 39 2 26 0 0.00 0.0 M 7.4 18 160 M M 0 26 180
31 61 39 50 13 15 0 0.01 0.0 M 8.8 20 190 M M 6 1 32 180
================================================================================
SM 1336 739 969 0 1.95 0.0 268.3 M 107
================================================================================
AV 43.1 23.8 8.7 FASTST M M 3 MAX(MPH)
MISC ----> 37 300 51 310
================================================================================
NOTES:
# LAST OF SEVERAL OCCURRENCES
COLUMN 17 PEAK WIND IN M.P.H.
PRELIMINARY LOCAL CLIMATOLOGICAL DATA (WS FORM: F-6) , PAGE 2
STATION: AUGUSTA
MONTH: MARCH
YEAR: 2021
LATITUDE: 44 18 N
LONGITUDE: 69 48 W
[TEMPERATURE DATA] [PRECIPITATION DATA] SYMBOLS USED IN COLUMN 16
AVERAGE MONTHLY: 33.5 TOTAL FOR MONTH: 1.95 1 = FOG OR MIST
DPTR FM NORMAL: 1.6 DPTR FM NORMAL: -1.42 2 = FOG REDUCING VISIBILITY
HIGHEST: 65 ON 23 GRTST 24HR 1.05 ON 28-29 TO 1/4 MILE OR LESS
LOWEST: 3 ON 2 3 = THUNDER
SNOW, ICE PELLETS, HAIL 4 = ICE PELLETS
TOTAL MONTH: 0.0 INCH 5 = HAIL
GRTST 24HR 0.0 6 = FREEZING RAIN OR DRIZZLE
GRTST DEPTH: M ON M 7 = DUSTSTORM OR SANDSTORM:
VSBY 1/2 MILE OR LESS
8 = SMOKE OR HAZE
[NO. OF DAYS WITH] [WEATHER - DAYS WITH] 9 = BLOWING SNOW
X = TORNADO
MAX 32 OR BELOW: 7 0.01 INCH OR MORE: 7
MAX 90 OR ABOVE: 0 0.10 INCH OR MORE: 5
MIN 32 OR BELOW: 23 0.50 INCH OR MORE: 2
MIN 0 OR BELOW: 0 1.00 INCH OR MORE: 0
[HDD (BASE 65) ]
TOTAL THIS MO. 969 CLEAR (SCALE 0-3) 17
DPTR FM NORMAL -57 PTCLDY (SCALE 4-7) 11
TOTAL FM JUL 1 5736 CLOUDY (SCALE 8-10) 3
DPTR FM NORMAL -634
[CDD (BASE 65) ]
TOTAL THIS MO. 0
DPTR FM NORMAL 0 [PRESSURE DATA]
TOTAL FM JAN 1 0 HIGHEST SLP 30.57 ON 10
DPTR FM NORMAL 0 LOWEST SLP 29.27 ON 29
[REMARKS]
#FINAL-03-21#