000
CXUS54 KTSA 011318
CF6BVO
PRELIMINARY LOCAL CLIMATOLOGICAL DATA (WS FORM: F-6)
STATION: BARTLESVILLE OKLAHOMA
MONTH: JANUARY
YEAR: 2023
LATITUDE: 36 45 N
LONGITUDE: 96 0 W
TEMPERATURE IN F: :PCPN: SNOW: WIND :SUNSHINE: SKY :PK WND
================================================================================
1 2 3 4 5 6A 6B 7 8 9 10 11 12 13 14 15 16 17 18
12Z AVG MX 2MIN
DY MAX MIN AVG DEP HDD CDD WTR SNW DPTH SPD SPD DIR MIN PSBL S-S WX SPD DR
================================================================================
1 68 29 49 15 16 0 0.00 0.0 M 1.6 14 170 M M 3 12 21 160
2 71 37 54 20 11 0 0.05 0.0 M 4.8 20 170 M M 7 138 27 170
3 54 35 45 11 20 0 0.00 0.0 M 8.8 17 260 M M 2 1 30 260
4 36 30 33 -1 32 0 0.00 0.0 M 4.9 9 260 M M 0 M M
5 54 22 38 4 27 0 0.00 0.0 M 4.7 14 270 M M 0 21 290
6 54 21 38 4 27 0 0.00 0.0 M 3.9 18 160 M M 0 27 160
7 54 26 40 6 25 0 0.00 0.0 M 4.2 15 10 M M 4 22 20
8 56 19 38 4 27 0 0.00 0.0 M 1.6 9 210 M M 0 1 14 230
9 66 22 44 10 21 0 0.00 0.0 M 5.1 21 210 M M 0 1 29 170
10 64 21 43 9 22 0 0.00 0.0 M 2.1 16 170 M M 0 20 160
11 58 26 42 8 23 0 0.00 0.0 M 2.1 12 350 M M 0 20 350
12 47 21 34 0 31 0 T M M 7.0 20 350 M M 5 1 39 350
13 37 17 27 -7 38 0 0.00 0.0 M 2.2 10 50 M M 2 1 15 30
14 54 15 35 1 30 0 0.00 0.0 M 8.2 22 160 M M 0 1 27 160
15 62 39 51 17 14 0 0.00 0.0 M 16.8 31 160 M M 1 46 160
16 64 37 51 17 14 0 0.00 0.0 M 9.3 22 190 M M 0 35 180
17 62 26 44 10 21 0 0.00 0.0 M 3.8 12 30 M M 1 16 40
18 64 38 51 17 14 0 0.40 0.0 M 7.4 21 210 M M 5 1 30 280
19 48 23 36 1 29 0 0.00 0.0 M 7.3 20 270 M M 2 33 270
20 51 19 35 0 30 0 0.00 0.0 M 1.1 7 150 M M 0 11 120
21 41 31 36 1 29 0 0.07 0.0 M 2.5 10 80 M M 10 1 17 80
22 40 21 31 -4 34 0 0.01 M M 2.4 8 360 M M 7 1 14 350
23 48 16 32 -3 33 0 0.00 0.0 M 1.4 10 210 M M 0 15 220
24 37 22 30 -5 35 0 0.15 M M 3.6 13 10 M M 7 1 18 10
25 42 25 34 -1 31 0 0.06 M M 4.3 14 280 M M 8 1 23 270
26 46 18 32 -3 33 0 0.00 0.0 M 2.1 9 230 M M 4 14 280
27 57 27 42 6 23 0 0.00 0.0 M 7.7 18 230 M M 0 27 220
28 64 26 45 9 20 0 0.00 0.0 M 10.3 22 210 M M 2 35 180
29 33 20 27 -9 38 0 0.00 0.0 M 13.0 21 10 M M 10 1 32 360
30 24 18 21 -15 44 0 0.01 M M 12.2 20 10 M M 10 26 10
31 28 15 22 -14 43 0 T M M 6.3 17 360 M M 5 24 360
================================================================================
SM 1584 762 835 0 0.75 0.0 172.7 M 95
================================================================================
AV 51.1 24.6 5.6 FASTST M M 3 MAX(MPH)
MISC ----> 31 160 46 160
================================================================================
NOTES:
# LAST OF SEVERAL OCCURRENCES
COLUMN 17 PEAK WIND IN M.P.H.
PRELIMINARY LOCAL CLIMATOLOGICAL DATA (WS FORM: F-6) , PAGE 2
STATION: BARTLESVILLE OKLAHOMA
MONTH: JANUARY
YEAR: 2023
LATITUDE: 36 45 N
LONGITUDE: 96 0 W
[TEMPERATURE DATA] [PRECIPITATION DATA] SYMBOLS USED IN COLUMN 16
AVERAGE MONTHLY: 37.8 TOTAL FOR MONTH: 0.75 1 = FOG OR MIST
DPTR FM NORMAL: 3.1 DPTR FM NORMAL: -0.78 2 = FOG REDUCING VISIBILITY
HIGHEST: 71 ON 2 GRTST 24HR 0.92 ON 2- 2 TO 1/4 MILE OR LESS
LOWEST: 15 ON 31,14 3 = THUNDER
SNOW, ICE PELLETS, HAIL 4 = ICE PELLETS
TOTAL MONTH: 0.0 INCH 5 = HAIL
GRTST 24HR 0.0 6 = FREEZING RAIN OR DRIZZLE
GRTST DEPTH: M ON M 7 = DUSTSTORM OR SANDSTORM:
VSBY 1/2 MILE OR LESS
8 = SMOKE OR HAZE
[NO. OF DAYS WITH] [WEATHER - DAYS WITH] 9 = BLOWING SNOW
X = TORNADO
MAX 32 OR BELOW: 2 0.01 INCH OR MORE: 7
MAX 90 OR ABOVE: 0 0.10 INCH OR MORE: 2
MIN 32 OR BELOW: 26 0.50 INCH OR MORE: 0
MIN 0 OR BELOW: 0 1.00 INCH OR MORE: 0
[HDD (BASE 65) ]
TOTAL THIS MO. 835 CLEAR (SCALE 0-3) 19
DPTR FM NORMAL -104 PTCLDY (SCALE 4-7) 9
TOTAL FM JUL 1 2489 CLOUDY (SCALE 8-10) 3
DPTR FM NORMAL -108
[CDD (BASE 65) ]
TOTAL THIS MO. 0
DPTR FM NORMAL 0 [PRESSURE DATA]
TOTAL FM JAN 1 0 HIGHEST SLP 30.53 ON 13
DPTR FM NORMAL 0 LOWEST SLP 29.48 ON 16
[REMARKS]
#FINAL-01-23#