000
CXUS54 KTSA 010850
CF6BVO
PRELIMINARY LOCAL CLIMATOLOGICAL DATA (WS FORM: F-6)
STATION: BARTLESVILLE OKLAHOMA
MONTH: JUNE
YEAR: 2021
LATITUDE: 36 45 N
LONGITUDE: 96 0 W
TEMPERATURE IN F: :PCPN: SNOW: WIND :SUNSHINE: SKY :PK WND
================================================================================
1 2 3 4 5 6A 6B 7 8 9 10 11 12 13 14 15 16 17 18
12Z AVG MX 2MIN
DY MAX MIN AVG DEP HDD CDD WTR SNW DPTH SPD SPD DIR MIN PSBL S-S WX SPD DR
================================================================================
1 70 55 63 -9 2 0 0.08 0.0 M 6.0 13 40 M M 9 1 18 40
2 76 52 64 -8 1 0 0.00 0.0 M 2.4 10 30 M M 3 1 15 80
3 81 56 69 -4 0 4 0.00 0.0 M 3.1 14 170 M M 4 1 17 160
4 86 59 73 0 0 8 0.00 0.0 M 4.7 14 160 M M 2 1 22 150
5 83 57 70 -3 0 5 0.00 0.0 M 5.8 17 160 M M 1 1 24 170
6 84 65 75 1 0 10 0.21 0.0 M 6.0 16 130 M M 6 13 23 120
7 82 62 72 -2 0 7 0.00 0.0 M 3.8 15 160 M M 4 13 20 160
8 88 67 78 4 0 13 0.00 0.0 M 3.4 10 160 M M 5 1 14 180
9 90 66 78 4 0 13 0.00 0.0 M 2.9 10 160 M M 5 1 17 100
10 93 70 82 7 0 17 0.00 0.0 M 3.9 12 150 M M 3 12 17 150
11 91 71 81 6 0 16 0.00 0.0 M 7.9 22 150 M M 4 1 30 150
12 93 72 83 8 0 18 0.00 0.0 M 5.0 18 200 M M 2 27 360
13 92 63 78 2 0 13 0.00 0.0 M 3.4 15 40 M M 1 21 30
14 93 58 76 0 0 11 0.00 0.0 M 1.3 8 140 M M 0 1 13 200
15 95 59 77 1 0 12 0.00 0.0 M 1.5 10 170 M M 0 1 14 160
16 97 67 82 6 0 17 0.00 0.0 M 3.3 10 200 M M 0 15 240
17 98 66 82 5 0 17 0.00 0.0 M 4.5 12 190 M M 0 1 19 210
18 95 70 83 6 0 18 0.00 0.0 M 8.0 17 180 M M 0 1 28 190
19 93 70 82 5 0 17 M 0.0 M 6.3 15 170 M M 0 1 22 160
20 95 72 84 7 0 19 T 0.0 M 9.2 20 200 M M 0 35 220
21 79 56 68 -10 0 3 0.30 0.0 0 7.9 28 20 M M 3 13 38 20
22 84 53 69 -9 0 4 0.00 0.0 0 6.0 17 170 M M 0 26 160
23 89 61 75 -3 0 10 0.00 0.0 0 9.3 21 170 M M 2 30 170
24 95 76 86 8 0 21 0.00 0.0 M 13.9 22 170 M M 2 37 170
25 95 80 88 10 0 23 0.00 0.0 M 10.4 21 170 M M 4 30 190
26 87 69 78 0 0 13 2.44 0.0 M 4.5 14 290 M M 7 123 27 290
27 80 67 74 -5 0 9 0.48 0.0 M 2.9 12 30 M M 7 13 16 20
28 85 69 77 -2 0 12 1.78 0.0 M 2.5 21 70 M M 6 138 28 60
29 84 70 77 -2 0 12 0.15 0.0 M 1.9 13 160 M M 4 1 17 170
30 88 71 80 1 0 15 0.10 0.0 M 2.4 12 200 M M 6 13 17 190
================================================================================
SM 2641 1949 3 357 5.54 0.0 154.1 M 90
================================================================================
AV 88.0 65.0 5.1 FASTST M M 3 MAX(MPH)
MISC ----> 28 20 38 20
================================================================================
NOTES:
# LAST OF SEVERAL OCCURRENCES
COLUMN 17 PEAK WIND IN M.P.H.
PRELIMINARY LOCAL CLIMATOLOGICAL DATA (WS FORM: F-6) , PAGE 2
STATION: BARTLESVILLE OKLAHOMA
MONTH: JUNE
YEAR: 2021
LATITUDE: 36 45 N
LONGITUDE: 96 0 W
[TEMPERATURE DATA] [PRECIPITATION DATA] SYMBOLS USED IN COLUMN 16
AVERAGE MONTHLY: 76.5 TOTAL FOR MONTH: 5.54 1 = FOG OR MIST
DPTR FM NORMAL: 0.4 DPTR FM NORMAL: 0.25 2 = FOG REDUCING VISIBILITY
HIGHEST: 98 ON 17 GRTST 24HR 2.60 ON 26-27 TO 1/4 MILE OR LESS
LOWEST: 52 ON 2 3 = THUNDER
SNOW, ICE PELLETS, HAIL 4 = ICE PELLETS
TOTAL MONTH: 0.0 INCH 5 = HAIL
GRTST 24HR 0.0 6 = FREEZING RAIN OR DRIZZLE
GRTST DEPTH: 0 7 = DUSTSTORM OR SANDSTORM:
VSBY 1/2 MILE OR LESS
8 = SMOKE OR HAZE
[NO. OF DAYS WITH] [WEATHER - DAYS WITH] 9 = BLOWING SNOW
X = TORNADO
MAX 32 OR BELOW: 0 0.01 INCH OR MORE: 8
MAX 90 OR ABOVE: 14 0.10 INCH OR MORE: 7
MIN 32 OR BELOW: 0 0.50 INCH OR MORE: 2
MIN 0 OR BELOW: 0 1.00 INCH OR MORE: 2
[HDD (BASE 65) ]
TOTAL THIS MO. 3 CLEAR (SCALE 0-3) 16
DPTR FM NORMAL 1 PTCLDY (SCALE 4-7) 13
TOTAL FM JUL 1 4186 CLOUDY (SCALE 8-10) 1
DPTR FM NORMAL 54
[CDD (BASE 65) ]
TOTAL THIS MO. 357
DPTR FM NORMAL 23 [PRESSURE DATA]
TOTAL FM JAN 1 459 HIGHEST SLP 30.15 ON 1
DPTR FM NORMAL -47 LOWEST SLP 29.60 ON 20
[REMARKS]
#FINAL-06-21#