000
CXUS54 KTSA 011110
CF6FSM
PRELIMINARY LOCAL CLIMATOLOGICAL DATA (WS FORM: F-6)
STATION: FORT SMITH ARKANSAS
MONTH: SEPTEMBER
YEAR: 2022
LATITUDE: 35 19 N
LONGITUDE: 94 22 W
TEMPERATURE IN F: :PCPN: SNOW: WIND :SUNSHINE: SKY :PK WND
================================================================================
1 2 3 4 5 6A 6B 7 8 9 10 11 12 13 14 15 16 17 18
12Z AVG MX 2MIN
DY MAX MIN AVG DEP HDD CDD WTR SNW DPTH SPD SPD DIR MIN PSBL S-S WX SPD DR
================================================================================
1 90 69 80 1 0 15 0.55 0.0 0 5.9 23 260 M M 3 13 41 240
2 90 71 81 2 0 16 0.34 0.0 0 6.0 14 40 M M 7 138 23 240
3 90 72 81 2 0 16 0.00 0.0 0 3.7 13 50 M M 2 19 40
4 93 70 82 3 0 17 T 0.0 0 3.6 12 50 M M 2 15 30
5 89 72 81 3 0 16 0.00 0.0 0 4.5 10 90 M M 3 3 14 100
6 95 70 83 5 0 18 0.00 0.0 0 5.0 15 60 M M 1 19 40
7 90 70 80 2 0 15 0.00 0.0 0 7.1 16 40 M M 0 21 50
8 90 67 79 2 0 14 0.00 0.0 0 3.9 14 70 M M 0 20 60
9 89 66 78 1 0 13 0.00 0.0 0 5.8 14 60 M M 0 19 60
10 92 65 79 2 0 14 0.07 0.0 0 4.9 20 20 M M 1 24 20
11 83 62 73 -3 0 8 0.00 0.0 0 7.9 15 340 M M 4 22 340
12 85 53 69 -7 0 4 0.00 0.0 0 2.1 12 280 M M 0 16 280
13 91 55 73 -3 0 8 0.00 0.0 0 3.0 12 80 M M 0 16 80
14 92 59 76 0 0 11 0.00 0.0 0 5.2 18 70 M M 0 22 70
15 90 61 76 1 0 11 T 0.0 0 5.5 13 70 M M 0 18 30
16 93 62 78 3 0 13 0.00 0.0 0 4.8 13 160 M M 1 19 180
17 96 66 81 7 0 16 0.00 0.0 0 6.3 15 250 M M 1 19 200
18 97 70 84 10 0 19 0.00 0.0 0 4.6 20 110 M M 1 25 120
19 100 71 86 12 0 21 0.00 0.0 0 3.5 12 70 M M 2 15 50
20 100 71 86 13 0 21 0.00 0.0 0 5.3 15 230 M M 1 21 230
21 102 69 86 13 0 21 0.00 0.0 0 2.8 14 210 M M 0 21 300
22 92 66 79 6 0 14 0.00 0.0 0 10.6 22 80 M M 2 32 80
23 93 63 78 6 0 13 0.00 0.0 0 8.7 16 60 M M 0 21 130
24 97 68 83 11 0 18 0.00 0.0 0 6.2 17 340 M M 1 24 350
25 93 65 79 7 0 14 0.00 0.0 0 6.4 20 330 M M 1 31 360
26 88 54 71 0 0 6 0.00 0.0 0 6.1 20 340 M M 0 27 360
27 89 51 70 -1 0 5 0.00 0.0 0 4.0 10 70 M M 0 15 60
28 88 58 73 3 0 8 0.00 0.0 0 8.4 16 80 M M 0 24 50
29 79 54 67 -3 0 2 0.00 0.0 0 8.7 18 80 M M 0 24 90
30 82 48 65 -5 0 0 0.00 0.0 0 5.0 13 70 M M 0 19 80
================================================================================
SM 2738 1918 0 387 0.96 0.0 165.5 M 33
================================================================================
AV 91.3 63.9 5.5 FASTST M M 1 MAX(MPH)
MISC ----> 23 260 41 240
================================================================================
NOTES:
# LAST OF SEVERAL OCCURRENCES
COLUMN 17 PEAK WIND IN M.P.H.
PRELIMINARY LOCAL CLIMATOLOGICAL DATA (WS FORM: F-6) , PAGE 2
STATION: FORT SMITH ARKANSAS
MONTH: SEPTEMBER
YEAR: 2022
LATITUDE: 35 19 N
LONGITUDE: 94 22 W
[TEMPERATURE DATA] [PRECIPITATION DATA] SYMBOLS USED IN COLUMN 16
AVERAGE MONTHLY: 77.6 TOTAL FOR MONTH: 0.96 1 = FOG OR MIST
DPTR FM NORMAL: 2.8 DPTR FM NORMAL: -3.08 2 = FOG REDUCING VISIBILITY
HIGHEST: 102 ON 21 GRTST 24HR 0.87 ON 1- 2 TO 1/4 MILE OR LESS
LOWEST: 48 ON 30 3 = THUNDER
SNOW, ICE PELLETS, HAIL 4 = ICE PELLETS
TOTAL MONTH: 0.0 INCH 5 = HAIL
GRTST 24HR 0.0 6 = FREEZING RAIN OR DRIZZLE
GRTST DEPTH: 0 7 = DUSTSTORM OR SANDSTORM:
VSBY 1/2 MILE OR LESS
8 = SMOKE OR HAZE
[NO. OF DAYS WITH] [WEATHER - DAYS WITH] 9 = BLOWING SNOW
X = TORNADO
MAX 32 OR BELOW: 0 0.01 INCH OR MORE: 3
MAX 90 OR ABOVE: 21 0.10 INCH OR MORE: 2
MIN 32 OR BELOW: 0 0.50 INCH OR MORE: 1
MIN 0 OR BELOW: 0 1.00 INCH OR MORE: 0
[HDD (BASE 65) ]
TOTAL THIS MO. 0 CLEAR (SCALE 0-3) 27
DPTR FM NORMAL -10 PTCLDY (SCALE 4-7) 3
TOTAL FM JUL 1 0 CLOUDY (SCALE 8-10) 0
DPTR FM NORMAL -8
[CDD (BASE 65) ]
TOTAL THIS MO. 387
DPTR FM NORMAL 83 [PRESSURE DATA]
TOTAL FM JAN 1 2487 HIGHEST SLP 30.36 ON 29
DPTR FM NORMAL 402 LOWEST SLP 29.78 ON 9
[REMARKS]
#FINAL-09-22#