000
CDUS44 KTSA 200800
CLIFSM

CLIMATE REPORT
NATIONAL WEATHER SERVICE TULSA OK
300 AM CDT SUN MAY 20 2018


...................................

...THE FORT SMITH ARKANSAS CLIMATE SUMMARY FOR MAY 19 2018...

CLIMATE NORMAL PERIOD 1981 TO 2010
CLIMATE RECORD PERIOD 1882 TO 2018


WEATHER ITEM   OBSERVED TIME   RECORD YEAR NORMAL DEPARTURE LAST
                VALUE   (LST)  VALUE       VALUE  FROM      YEAR
                                                  NORMAL
..................................................................
TEMPERATURE (F)
 YESTERDAY
  MAXIMUM         89    447 PM  96    1956  81      8       84
  MINIMUM         70    543 AM  45    1894  60     10       63
  AVERAGE         80                        71      9       74

PRECIPITATION (IN)
  YESTERDAY        0.00          1.59 2010   0.18  -0.18     0.97
  MONTH TO DATE    1.56                      3.41  -1.85     3.99
  SINCE MAR 1      8.26                     11.56  -3.30    14.80
  SINCE JAN 1     17.52                     17.13   0.39    19.62

DEGREE DAYS
 COOLING
  YESTERDAY       15                         6      9        9
  MONTH TO DATE  187                        85    102       97
  SINCE MAR 1    205                       150     55      217
  SINCE JAN 1    207                       151     56      233
..................................................................


WIND (MPH)
  HIGHEST WIND SPEED    16   HIGHEST WIND DIRECTION     S (190)
  HIGHEST GUST SPEED    21   HIGHEST GUST DIRECTION     S (170)
  AVERAGE WIND SPEED     5.3


SKY COVER
  POSSIBLE SUNSHINE  MM
  AVERAGE SKY COVER 0.0


WEATHER CONDITIONS
 THE FOLLOWING WEATHER WAS RECORDED YESTERDAY.
  NO SIGNIFICANT WEATHER WAS OBSERVED.


RELATIVE HUMIDITY (PERCENT)
 HIGHEST    93           600 AM
 LOWEST     46          1200 PM
 AVERAGE    70

..........................................................


THE FORT SMITH ARKANSAS CLIMATE NORMALS FOR TODAY
                         NORMAL    RECORD    YEAR
 MAXIMUM TEMPERATURE (F)   81        95      2005
 MINIMUM TEMPERATURE (F)   61        40      1894


SUNRISE AND SUNSET
MAY 20 2018...........SUNRISE   610 AM CDT   SUNSET   819 PM CDT
MAY 21 2018...........SUNRISE   609 AM CDT   SUNSET   820 PM CDT


-  INDICATES NEGATIVE NUMBERS.
R  INDICATES RECORD WAS SET OR TIED.
MM INDICATES DATA IS MISSING.
T  INDICATES TRACE AMOUNT.




$$

&&
...........................................................

THE ARKANSAS RIVER AT VAN BUREN

                   OBSERVED      24 HOUR     24 HOUR
                    VALUE        CHANGE      FORECAST

 STAGE (FEET)
  THIS MORNING       19.5         +0.4

 MEAN FLOW (CFS)
  TODAY                                        1056
...........................................................
ALL DATA MEASURED AT THE FORT SMITH REGIONAL AIRPORT
