000
CXUS54 KTSA 011319
CLMFSM

CLIMATE REPORT
NATIONAL WEATHER SERVICE TULSA OK
431 AM CDT TUE MAY 1 2018

...................................

...THE FORT SMITH ARKANSAS CLIMATE SUMMARY FOR THE MONTH OF APRIL 2018...

CLIMATE NORMAL PERIOD 1981 TO 2010
CLIMATE RECORD PERIOD 1882 TO 2018

WEATHER         OBSERVED          NORMAL  DEPART  LAST YEAR`S
                 VALUE   DATE(S)  VALUE   FROM    VALUE  DATE(S)
                                          NORMAL
................................................................
TEMPERATURE (F)
RECORD
 HIGH              96   04/18/2006
 LOW               22   04/03/1975
HIGHEST            84   04/17        95     -11       87
                        04/12
LOWEST             31   04/08        22       9       38
AVG. MAXIMUM     68.6              73.7    -5.1     76.6
AVG. MINIMUM     44.5              49.5    -5.0     54.3
MEAN             56.5              61.6    -5.1     65.4
DAYS MAX >= 90      0
DAYS MAX <= 32      0
DAYS MIN <= 32      2
DAYS MIN <= 0       0

PRECIPITATION (INCHES)
RECORD
 MAXIMUM        10.32   1957
 MINIMUM         0.36   1903
TOTALS           3.63              4.30   -0.67     7.06
DAILY AVG.       0.12              0.14   -0.02     0.24
DAYS >= .01         8               9.1    -1.1       12
DAYS >= .10         6               6.1    -0.1        9
DAYS >= .50         3               2.7     0.3        4
DAYS >= 1.00        2               1.3     0.7        2
GREATEST
 24 HR. TOTAL    1.17   04/13 TO 04/13

SNOWFALL (INCHES)
RECORDS
 TOTAL            0.7   1933
TOTALS            0.0               0.0     0.0      0.0
SINCE 7/1           T               4.9    -4.9      2.0
SNOWDEPTH AVG.      0                MM      MM        0
DAYS >= 1.0         0               0.0     0.0        0
GREATEST
 SNOW DEPTH         0   MM                             0  MM
 24 HR TOTAL      0.0   04/30 TO 04/30

DEGREE_DAYS
HEATING TOTAL     259               156     103       67
 SINCE 7/1       3046              3215    -169     2237
COOLING TOTAL      12                54     -42       86
 SINCE 1/1         20                66     -46      136
.................................................................

WIND (MPH)
AVERAGE WIND SPEED              8.8
HIGHEST WIND SPEED/DIRECTION    33/300    DATE  04/03
HIGHEST GUST SPEED/DIRECTION    42/300    DATE  04/03

SKY COVER
POSSIBLE SUNSHINE (PERCENT)   MM
AVERAGE SKY COVER           0.30
NUMBER OF DAYS FAIR           17
NUMBER OF DAYS PC              9
NUMBER OF DAYS CLOUDY          4

AVERAGE RH (PERCENT)     64

WEATHER CONDITIONS. NUMBER OF DAYS WITH
THUNDERSTORM              5     MIXED PRECIP               0
HEAVY RAIN                2     RAIN                       6
LIGHT RAIN                8     FREEZING RAIN              0
LT FREEZING RAIN          1     HAIL                       0
HEAVY SNOW                0     SNOW                       0
LIGHT SNOW                0     SLEET                      0
FOG                       9     FOG W/VIS <= 1/4 MILE      0
HAZE                      2                                                                2

-  INDICATES NEGATIVE NUMBERS.
R  INDICATES RECORD WAS SET OR TIED.
MM INDICATES DATA IS MISSING.
T  INDICATES TRACE AMOUNT.

&&
-------------------------------------------------------------------
 YEARLY PRECIPITATION (INCHES):
 TOTAL.....................15.96
 DEPARTURE FROM NORMAL.....+2.24
$$
