000
CXUS52 KMLB 010628
CF6ORL
PRELIMINARY LOCAL CLIMATOLOGICAL DATA (WS FORM: F-6)
STATION: ORLANDO EXEC
MONTH: JULY
YEAR: 2021
LATITUDE: 28 32 N
LONGITUDE: 81 20 W
TEMPERATURE IN F: :PCPN: SNOW: WIND :SUNSHINE: SKY :PK WND
================================================================================
1 2 3 4 5 6A 6B 7 8 9 10 11 12 13 14 15 16 17 18
12Z AVG MX 2MIN
DY MAX MIN AVG DEP HDD CDD WTR SNW DPTH SPD SPD DIR MIN PSBL S-S WX SPD DR
================================================================================
1 85 74 80 -3 0 15 0.31 0.0 0 6.9 18 80 M M 4 13 22 80
2 89 74 82 -1 0 17 0.03 0.0 0 8.6 24 230 M M 3 13 32 260
3 82 75 79 -4 0 14 0.60 0.0 0 8.0 20 240 M M 4 13 24 240
4 90 75 83 0 0 18 0.16 0.0 0 7.6 22 240 M M 5 138 30 230
5 92 75 84 1 0 19 T 0.0 0 5.1 21 190 M M 1 13 27 150
6 87 74 81 -2 0 16 0.17 0.0 0 9.0 26 80 M M 3 38 34 100
7 89 77 83 0 0 18 0.72 0.0 0 14.0 28 170 M M 6 1 37 160
8 88 75 82 -1 0 17 0.42 0.0 0 7.1 25 300 M M 4 13 32 310
9 94 75 85 2 0 20 T 0.0 0 5.3 22 300 M M 2 3 28 300
10 92 76 84 1 0 19 T 0.0 0 5.8 16 130 M M 2 21 130
11 90 78 84 1 0 19 0.10 0.0 0 3.5 20 150 M M 2 13 25 160
12 89 72 81 -2 0 16 0.83 0.0 0 5.0 25 110 M M 2 138 29 120
13 90 74 82 -1 0 17 0.01 0.0 0 7.4 21 80 M M 1 26 80
14 90 77 84 1 0 19 0.13 0.0 0 5.8 20 70 M M 3 13 23 80
15 91 76 84 0 0 19 0.00 0.0 0 6.7 20 80 M M 2 23 80
16 92 75 84 0 0 19 0.00 0.0 0 6.8 18 130 M M 2 22 120
17 93 76 85 1 0 20 0.00 0.0 0 5.4 15 130 M M 2 20 80
18 93 76 85 1 0 20 0.01 0.0 0 4.0 18 150 M M 2 3 22 160
19 92 76 84 0 0 19 T 0.0 0 5.9 16 230 M M 2 3 21 190
20 94 75 85 1 0 20 2.53 0.0 0 5.5 29 140 M M 4 13 33 140
21 95 76 86 2 0 21 0.00 0.0 0 5.8 13 250 M M 2 3 18 250
22 96 79 88 4 0 23 0.06 0.0 0 5.4 16 90 M M 3 13 22 270
23 93 77 85 1 0 20 0.12 0.0 0 6.3 22 320 M M 2 13 28 310
24 92 76 84 0 0 19 0.00 0.0 0 7.5 16 70 M M 5 18 21 70
25 92 78 85 1 0 20 0.00 0.0 0 8.2 18 10 M M 2 24 30
26 93 78 86 2 0 21 0.00 0.0 0 5.8 17 140 M M 2 20 140
27 93 78 86 2 0 21 0.07 0.0 0 5.7 20 150 M M 3 13 23 150
28 91 77 84 0 0 19 0.01 0.0 0 6.5 23 200 M M 2 3 29 190
29 93 75 84 0 0 19 0.20 0.0 0 4.0 26 260 M M 2 13 34 230
30 92 75 84 0 0 19 0.00 0.0 0 6.9 16 300 M M 2 20 280
31 95 78 87 3 0 22 0.00 0.0 0 9.0 18 220 M M 1 23 210
================================================================================
SM 2827 2352 0 585 6.48 0.0 204.5 M 82
================================================================================
AV 91.2 75.9 6.6 FASTST M M 3 MAX(MPH)
MISC ----> 29 140 37 160
================================================================================
NOTES:
# LAST OF SEVERAL OCCURRENCES
COLUMN 17 PEAK WIND IN M.P.H.
PRELIMINARY LOCAL CLIMATOLOGICAL DATA (WS FORM: F-6) , PAGE 2
STATION: ORLANDO EXEC
MONTH: JULY
YEAR: 2021
LATITUDE: 28 32 N
LONGITUDE: 81 20 W
[TEMPERATURE DATA] [PRECIPITATION DATA] SYMBOLS USED IN COLUMN 16
AVERAGE MONTHLY: 83.5 TOTAL FOR MONTH: 6.48 1 = FOG OR MIST
DPTR FM NORMAL: 0.0 DPTR FM NORMAL: -1.59 2 = FOG REDUCING VISIBILITY
HIGHEST: 96 ON 22 GRTST 24HR 2.53 ON 20-20 TO 1/4 MILE OR LESS
LOWEST: 72 ON 12 3 = THUNDER
SNOW, ICE PELLETS, HAIL 4 = ICE PELLETS
TOTAL MONTH: 0.0 INCH 5 = HAIL
GRTST 24HR 0.0 6 = FREEZING RAIN OR DRIZZLE
GRTST DEPTH: 0 7 = DUSTSTORM OR SANDSTORM:
VSBY 1/2 MILE OR LESS
8 = SMOKE OR HAZE
[NO. OF DAYS WITH] [WEATHER - DAYS WITH] 9 = BLOWING SNOW
X = TORNADO
MAX 32 OR BELOW: 0 0.01 INCH OR MORE: 18
MAX 90 OR ABOVE: 24 0.10 INCH OR MORE: 12
MIN 32 OR BELOW: 0 0.50 INCH OR MORE: 4
MIN 0 OR BELOW: 0 1.00 INCH OR MORE: 1
[HDD (BASE 65) ]
TOTAL THIS MO. 0 CLEAR (SCALE 0-3) 24
DPTR FM NORMAL 0 PTCLDY (SCALE 4-7) 7
TOTAL FM JUL 1 0 CLOUDY (SCALE 8-10) 0
DPTR FM NORMAL 0
[CDD (BASE 65) ]
TOTAL THIS MO. 585
DPTR FM NORMAL 13 [PRESSURE DATA]
TOTAL FM JAN 1 2298 HIGHEST SLP M ON M
DPTR FM NORMAL 274 LOWEST SLP 29.89 ON 25
[REMARKS]
#FINAL-07-21#