000
CXUS56 KPDT 020532
CF6PSC
PRELIMINARY LOCAL CLIMATOLOGICAL DATA (WS FORM: F-6)
STATION: PASCO WA
MONTH: JUNE
YEAR: 2020
LATITUDE: 46 16 N
LONGITUDE: 119 7 W
TEMPERATURE IN F: :PCPN: SNOW: WIND :SUNSHINE: SKY :PK WND
================================================================================
1 2 3 4 5 6A 6B 7 8 9 10 11 12 13 14 15 16 17 18
12Z AVG MX 2MIN
DY MAX MIN AVG DEP HDD CDD WTR SNW DPTH SPD SPD DIR MIN PSBL S-S WX SPD DR
================================================================================
1 82 51 67 2 0 2 0.00 M M 4.9 16 310 M M 3 28 230
2 85 45 65 0 0 0 0.00 M M 6.2 20 310 M M 0 25 310
3 82 48 65 0 0 0 0.00 M M 5.9 23 300 M M 0 31 310
4 81 49 65 -1 0 0 0.00 M M 6.2 24 300 M M 0 30 300
5 75 55 65 -1 0 0 T M M 7.9 18 210 M M 3 24 140
6 77 51 64 -2 1 0 0.00 M M 11.1 24 260 M M 1 34 260
7 73 51 62 -4 3 0 T M M 14.4 31 240 M M 5 36 250
8 75 52 64 -2 1 0 0.00 M M 13.4 30 230 M M 1 36 230
9 77 56 67 1 0 2 0.08 M M 9.7 20 210 M M 6 24 200
10 89 57 73 6 0 8 0.00 M M 4.6 14 60 M M 2 23 110
11 89 60 75 8 0 10 T M M 4.6 14 320 M M 1 16 320
12 86 58 72 5 0 7 0.05 M M 5.8 29 180 M M 2 3 35 180
13 74 55 65 -2 0 0 0.27 M M 13.4 30 220 M M 7 36 220
14 75 52 64 -3 1 0 0.00 M M 12.0 26 220 M M 1 35 210
15 71 55 63 -4 2 0 0.01 M M 8.0 18 220 M M 8 28 250
16 73 50 62 -6 3 0 0.00 M M 8.2 18 220 M M 3 45 330
17 84 50 67 -1 0 2 T M M 8.5 17 210 M M 1 26 240
18 89 49 69 1 0 4 0.00 M M 3.6 10 60 M M 0 32 210
19 93 51 72 4 0 7 0.00 M M 5.2 13 320 M M 0 33 270
20 86 66 76 8 0 11 0.08 M M 10.1 23 210 M M 4 1 29 220
21 87 61 74 6 0 9 0.00 M M 7.2 15 220 M M 1 23 210
22 91 50 71 2 0 6 0.00 M M 3.0 10 80 M M 0 14 70
23 101 54 78 9 0 13 0.00 M M 4.0 10 20 M M 0 14 90
24 98 63 81 12 0 16 0.00 M M 9.2 26 310 M M 0 34 310
25 95 56 76 7 0 11 0.00 M M 3.0 12 20 M M 0 19 20
26 102 58 80 10 0 15 T M M 7.4 24 310 M M 0 30 320
27 89 60 75 5 0 10 T M M 9.6 32 310 M M 2 8 42 320
28 76 55 66 -4 0 1 0.06 M M 8.8 21 340 M M 7 1 26 340
29 90 51 71 1 0 6 T M M 5.6 24 300 M M 1 29 300
30 84 60 72 2 0 7 0.00 M M 15.0 29 220 M M 1 37 200
================================================================================
SM 2529 1629 11 147 0.55 M 236.5 M 60
================================================================================
AV 84.3 54.3 7.9 FASTST M M 2 MAX(MPH)
MISC ----> # 32 310 # 45 330
================================================================================
NOTES:
# LAST OF SEVERAL OCCURRENCES
COLUMN 17 PEAK WIND IN M.P.H.
PRELIMINARY LOCAL CLIMATOLOGICAL DATA (WS FORM: F-6) , PAGE 2
STATION: PASCO WA
MONTH: JUNE
YEAR: 2020
LATITUDE: 46 16 N
LONGITUDE: 119 7 W
[TEMPERATURE DATA] [PRECIPITATION DATA] SYMBOLS USED IN COLUMN 16
AVERAGE MONTHLY: 69.3 TOTAL FOR MONTH: 0.55 1 = FOG OR MIST
DPTR FM NORMAL: 1.8 DPTR FM NORMAL: -0.13 2 = FOG REDUCING VISIBILITY
HIGHEST: 102 ON 26 GRTST 24HR 0.27 ON 13-13 TO 1/4 MILE OR LESS
LOWEST: 45 ON 2 3 = THUNDER
SNOW, ICE PELLETS, HAIL 4 = ICE PELLETS
TOTAL MONTH: M 5 = HAIL
GRTST 24HR M ON M 6 = FREEZING RAIN OR DRIZZLE
GRTST DEPTH: M ON M 7 = DUSTSTORM OR SANDSTORM:
VSBY 1/2 MILE OR LESS
8 = SMOKE OR HAZE
[NO. OF DAYS WITH] [WEATHER - DAYS WITH] 9 = BLOWING SNOW
X = TORNADO
MAX 32 OR BELOW: 0 0.01 INCH OR MORE: 6
MAX 90 OR ABOVE: 7 0.10 INCH OR MORE: 1
MIN 32 OR BELOW: 0 0.50 INCH OR MORE: 0
MIN 0 OR BELOW: 0 1.00 INCH OR MORE: 0
[HDD (BASE 65) ]
TOTAL THIS MO. 11 CLEAR (SCALE 0-3) 23
DPTR FM NORMAL -21 PTCLDY (SCALE 4-7) 7
TOTAL FM JUL 1 4651 CLOUDY (SCALE 8-10) 0
DPTR FM NORMAL -371
[CDD (BASE 65) ]
TOTAL THIS MO. 147
DPTR FM NORMAL 38 [PRESSURE DATA]
TOTAL FM JAN 1 189 HIGHEST SLP 30.17 ON 18
DPTR FM NORMAL 47 LOWEST SLP 29.59 ON 5
[REMARKS]
#FINAL-06-20#