000
CXUS54 KTSA 010840
CF6RVS
PRELIMINARY LOCAL CLIMATOLOGICAL DATA (WS FORM: F-6)
STATION: TULSA-RIVERSIDE OKLAHOMA
MONTH: AUGUST
YEAR: 2020
LATITUDE: 36 2 N
LONGITUDE: 95 59 W
TEMPERATURE IN F: :PCPN: SNOW: WIND :SUNSHINE: SKY :PK WND
================================================================================
1 2 3 4 5 6A 6B 7 8 9 10 11 12 13 14 15 16 17 18
12Z AVG MX 2MIN
DY MAX MIN AVG DEP HDD CDD WTR SNW DPTH SPD SPD DIR MIN PSBL S-S WX SPD DR
================================================================================
1 90 67 79 -4 0 14 T 0.0 0 0.7 7 240 M M 1 11 240
2 90 69 80 -3 0 15 0.00 0.0 0 4.0 12 10 M M 2 21 320
3 87 66 77 -6 0 12 0.00 0.0 0 5.4 14 30 M M 1 20 20
4 84 63 74 -9 0 9 0.00 0.0 0 5.4 12 20 M M 0 20 40
5 87 68 78 -5 0 13 0.00 0.0 0 4.3 13 180 M M 2 17 180
6 90 71 81 -2 0 16 0.13 0.0 0 6.9 14 10 M M 2 13 25 360
7 M M M M M M 0.09 M 0 10.1 15 170 M M 3 27 170
8 98 79 89 6 0 24 0.00 0.0 0 11.7 22 190 M M 1 31 210
9 100 79 90 7 0 25 0.00 0.0 0 9.0 17 190 M M 0 26 170
10 99 78 89 6 0 24 0.00 0.0 0 7.7 17 180 M M 1 25 180
11 89 74 82 0 0 17 0.86 0.0 0 4.9 16 20 M M 5 13 22 230
12 93 72 83 1 0 18 0.00 0.0 0 6.7 14 170 M M 3 24 170
13 94 72 83 1 0 18 1.07 0.0 0 6.6 35 30 M M 3 13 47 30
14 96 77 87 5 0 22 0.00 0.0 0 5.3 13 180 M M 1 19 110
15 97 75 86 4 0 21 0.00 0.0 0 4.1 15 30 M M 1 21 40
16 94 74 84 2 0 19 0.00 0.0 0 5.6 15 100 M M 0 3 19 100
17 95 69 82 0 0 17 0.00 0.0 0 3.9 12 360 M M 1 17 40
18 91 67 79 -3 0 14 0.00 0.0 0 3.9 12 10 M M 0 18 30
19 90 65 78 -4 0 13 0.00 0.0 0 4.2 13 30 M M 0 18 70
20 91 64 78 -4 0 13 0.00 0.0 0 3.0 10 130 M M 0 1 15 180
21 91 64 78 -3 0 13 0.00 0.0 0 2.4 9 130 M M 0 1 14 140
22 94 63 79 -2 0 14 0.00 0.0 0 2.0 9 130 M M 0 1 18 130
23 96 67 82 1 0 17 0.00 0.0 0 3.0 13 200 M M 0 17 190
24 97 70 84 3 0 19 0.00 0.0 0 2.9 9 170 M M 0 1 M M
25 97 70 84 4 0 19 0.00 0.0 0 1.6 13 170 M M 0 1 20 170
26 94 72 83 3 0 18 0.10 0.0 0 5.8 22 110 M M 2 3 27 150
27 89 71 80 0 0 15 0.15 0.0 0 1.1 8 100 M M 3 13 11 90
28 102 72 87 7 0 22 0.00 0.0 0 3.8 10 110 M M 0 1 16 190
29 91 77 84 4 0 19 T 0.0 0 6.9 20 30 M M 1 27 20
30 94 73 84 5 0 19 T 0.0 0 5.3 14 120 M M 4 17 170
31 94 74 84 5 0 19 0.58 0.0 0 7.5 18 210 M M 3 13 31 190
================================================================================
SM 2794 2122 0 518 2.98 0.0 155.7 M 40
================================================================================
AV 93.1 70.7 5.0 FASTST M M 1 MAX(MPH)
MISC ----> # 35 30 # 47 30
================================================================================
NOTES:
# LAST OF SEVERAL OCCURRENCES
COLUMN 17 PEAK WIND IN M.P.H.
PRELIMINARY LOCAL CLIMATOLOGICAL DATA (WS FORM: F-6) , PAGE 2
STATION: TULSA-RIVERSIDE OKLAHOMA
MONTH: AUGUST
YEAR: 2020
LATITUDE: 36 2 N
LONGITUDE: 95 59 W
[TEMPERATURE DATA] [PRECIPITATION DATA] SYMBOLS USED IN COLUMN 16
AVERAGE MONTHLY: 81.9 TOTAL FOR MONTH: 2.98 1 = FOG OR MIST
DPTR FM NORMAL: 0.2 DPTR FM NORMAL: -0.43 2 = FOG REDUCING VISIBILITY
HIGHEST: 102 ON 28 GRTST 24HR 1.07 ON 13-13 TO 1/4 MILE OR LESS
LOWEST: 63 ON 22, 4 3 = THUNDER
SNOW, ICE PELLETS, HAIL 4 = ICE PELLETS
TOTAL MONTH: 0.0 INCH 5 = HAIL
GRTST 24HR 0.0 6 = FREEZING RAIN OR DRIZZLE
GRTST DEPTH: 0 7 = DUSTSTORM OR SANDSTORM:
VSBY 1/2 MILE OR LESS
8 = SMOKE OR HAZE
[NO. OF DAYS WITH] [WEATHER - DAYS WITH] 9 = BLOWING SNOW
X = TORNADO
MAX 32 OR BELOW: 0 0.01 INCH OR MORE: 7
MAX 90 OR ABOVE: 25 0.10 INCH OR MORE: 6
MIN 32 OR BELOW: 0 0.50 INCH OR MORE: 3
MIN 0 OR BELOW: 0 1.00 INCH OR MORE: 1
[HDD (BASE 65) ]
TOTAL THIS MO. 0 CLEAR (SCALE 0-3) 28
DPTR FM NORMAL 0 PTCLDY (SCALE 4-7) 3
TOTAL FM JUL 1 0 CLOUDY (SCALE 8-10) 0
DPTR FM NORMAL 0
[CDD (BASE 65) ]
TOTAL THIS MO. 518
DPTR FM NORMAL 2 [PRESSURE DATA]
TOTAL FM JAN 1 1944 HIGHEST SLP 30.16 ON 17
DPTR FM NORMAL 346 LOWEST SLP 29.67 ON 30
[REMARKS]
#FINAL-08-20#