000
CXUS54 KTSA 011111
CF6TUL
PRELIMINARY LOCAL CLIMATOLOGICAL DATA (WS FORM: F-6)
STATION: TULSA OKLAHOMA
MONTH: MARCH
YEAR: 2022
LATITUDE: 36 12 N
LONGITUDE: 95 54 W
TEMPERATURE IN F: :PCPN: SNOW: WIND :SUNSHINE: SKY :PK WND
================================================================================
1 2 3 4 5 6A 6B 7 8 9 10 11 12 13 14 15 16 17 18
12Z AVG MX 2MIN
DY MAX MIN AVG DEP HDD CDD WTR SNW DPTH SPD SPD DIR MIN PSBL S-S WX SPD DR
================================================================================
1 77 35 56 9 9 0 0.00 0.0 0 6.1 13 230 M M 1 19 200
2 80 41 61 14 4 0 0.00 0.0 0 6.7 18 190 M M 1 23 190
3 81 40 61 13 4 0 0.00 0.0 0 6.6 17 130 M M 2 8 22 130
4 77 48 63 15 2 0 0.00 0.0 0 13.0 24 170 M M 8 8 35 180
5 82 48 65 17 0 0 0.00 0.0 0 16.8 27 180 M M 5 44 190
6 45 36 41 -8 24 0 0.54 0.0 0 12.9 30 190 M M 9 138 43 190
7 42 30 36 -13 29 0 0.00 0.0 0 11.0 22 350 M M 8 29 350
8 43 28 36 -13 29 0 0.00 0.0 0 4.6 14 330 M M 8 18 330
9 55 24 40 -10 25 0 0.00 0.0 0 3.7 10 80 M M 2 16 100
10 56 28 42 -8 23 0 0.00 0.0 0 11.4 28 340 M M 7 35 340
11 37 23 30 -20 35 0 0.16 3.2 0 11.4 23 340 M M 8 12 31 350
12 50 20 35 -16 30 0 0.00 0.0 1 8.0 17 170 M M 1 23 170
13 68 41 55 4 10 0 0.00 0.0 0 18.0 29 180 M M 2 40 170
14 62 48 55 4 10 0 T 0.0 0 12.1 26 170 M M 6 37 170
15 71 47 59 7 6 0 0.00 0.0 0 6.6 14 350 M M 5 19 10
16 77 43 60 8 5 0 0.00 0.0 0 11.5 24 170 M M 2 18 30 200
17 78 54 66 14 0 1 0.28 0.0 0 14.1 24 160 M M 7 13 39 210
18 55 40 48 -5 17 0 0.12 0.0 0 14.2 29 310 M M 8 1 42 300
19 72 33 53 0 12 0 0.00 0.0 0 7.3 17 270 M M 1 25 280
20 80 33 57 4 8 0 0.00 0.0 0 11.5 26 170 M M 4 36 170
21 64 51 58 4 7 0 1.60 0.0 0 11.4 28 150 M M 9 138 44 130
22 57 42 50 -4 15 0 0.03 0.0 0 13.4 21 320 M M 10 1 30 300
23 47 41 44 -10 21 0 T 0.0 0 15.8 26 290 M M 10 37 300
24 59 38 49 -6 16 0 0.00 0.0 0 10.0 22 320 M M 5 8 30 320
25 65 30 48 -7 17 0 0.00 0.0 0 4.7 18 10 M M 2 27 350
26 69 36 53 -2 12 0 0.00 0.0 0 3.9 13 60 M M 2 18 60
27 70 36 53 -3 12 0 0.00 0.0 0 9.6 18 40 M M 6 26 50
28 78 44 61 5 4 0 0.00 0.0 0 10.5 20 130 M M 5 29 140
29 79 61 70 14 0 5 0.02 0.0 0 20.9 36 180 M M 7 3 50 190
30 70 39 55 -1 10 0 0.29 0.0 0 12.4 28 340 M M 9 13 38 310
31 48 35 42 -15 23 0 0.00 0.0 0 8.2 21 280 M M 4 28 280
================================================================================
SM 1994 1193 419 6 3.04 3.2 328.3 M 164
================================================================================
AV 64.3 38.5 10.6 FASTST M M 5 MAX(MPH)
MISC ----> 36 180 50 190
================================================================================
NOTES:
# LAST OF SEVERAL OCCURRENCES
COLUMN 17 PEAK WIND IN M.P.H.
PRELIMINARY LOCAL CLIMATOLOGICAL DATA (WS FORM: F-6) , PAGE 2
STATION: TULSA OKLAHOMA
MONTH: MARCH
YEAR: 2022
LATITUDE: 36 12 N
LONGITUDE: 95 54 W
[TEMPERATURE DATA] [PRECIPITATION DATA] SYMBOLS USED IN COLUMN 16
AVERAGE MONTHLY: 51.4 TOTAL FOR MONTH: 3.04 1 = FOG OR MIST
DPTR FM NORMAL: -0.6 DPTR FM NORMAL: -0.06 2 = FOG REDUCING VISIBILITY
HIGHEST: 82 ON 5 GRTST 24HR 1.60 ON 21-21 TO 1/4 MILE OR LESS
LOWEST: 20 ON 12 3 = THUNDER
SNOW, ICE PELLETS, HAIL 4 = ICE PELLETS
TOTAL MONTH: 3.2 INCHES 5 = HAIL
GRTST 24HR 3.2 ON 11-11 6 = FREEZING RAIN OR DRIZZLE
GRTST DEPTH: 1 ON 12 7 = DUSTSTORM OR SANDSTORM:
VSBY 1/2 MILE OR LESS
8 = SMOKE OR HAZE
[NO. OF DAYS WITH] [WEATHER - DAYS WITH] 9 = BLOWING SNOW
X = TORNADO
MAX 32 OR BELOW: 0 0.01 INCH OR MORE: 8
MAX 90 OR ABOVE: 0 0.10 INCH OR MORE: 6
MIN 32 OR BELOW: 7 0.50 INCH OR MORE: 2
MIN 0 OR BELOW: 0 1.00 INCH OR MORE: 1
[HDD (BASE 65) ]
TOTAL THIS MO. 419 CLEAR (SCALE 0-3) 10
DPTR FM NORMAL 1 PTCLDY (SCALE 4-7) 14
TOTAL FM JUL 1 2835 CLOUDY (SCALE 8-10) 7
DPTR FM NORMAL -395
[CDD (BASE 65) ]
TOTAL THIS MO. 6
DPTR FM NORMAL -9 [PRESSURE DATA]
TOTAL FM JAN 1 7 HIGHEST SLP 30.48 ON 12
DPTR FM NORMAL -10 LOWEST SLP 29.32 ON 30
[REMARKS]
#FINAL-03-22#