000
CXUS53 KABR 191100
CF6ATY
PRELIMINARY LOCAL CLIMATOLOGICAL DATA (WS FORM: F-6)
STATION: WATERTOWN SD
MONTH: APRIL
YEAR: 2024
LATITUDE: 44 55 N
LONGITUDE: 97 9 W
TEMPERATURE IN F: :PCPN: SNOW: WIND :SUNSHINE: SKY :PK WND
================================================================================
1 2 3 4 5 6A 6B 7 8 9 10 11 12 13 14 15 16 17 18
12Z AVG MX 2MIN
DY MAX MIN AVG DEP HDD CDD WTR SNW DPTH SPD SPD DIR MIN PSBL S-S WX SPD DR
================================================================================
1 37 30 34 -2 31 0 0.07 0.6 0 8.1 15 30 M M 10 1 20 50
2 52 20 36 -1 29 0 0.00 0.0 T 16.2 33 350 M M 6 12 45 340
3 50 27 39 2 26 0 0.00 0.0 0 17.9 32 360 M M 2 47 350
4 54 19 37 -1 28 0 0.00 0.0 0 7.6 18 40 M M 0 27 20
5 59 26 43 5 22 0 0.00 0.0 0 10.3 22 140 M M 0 32 150
6 62 38 50 11 15 0 0.07 0.0 0 20.3 31 110 M M 1 56 120
7 41 36 39 0 26 0 0.10 0.0 0 15.2 25 110 M M 10 1 42 80
8 41 35 38 -2 27 0 0.14 0.0 0 9.7 16 290 M M 10 1 24 280
9 63 34 49 9 16 0 0.00 0.0 0 10.9 22 270 M M 5 30 260
10 66 33 50 10 15 0 0.23 0.0 0 9.1 31 330 M M 4 1 40 340
11 55 38 47 6 18 0 0.08 0.0 0 16.6 29 350 M M 7 1 39 350
12 60 29 45 4 20 0 0.00 0.0 0 4.5 13 220 M M 0 1 18 290
13 86 41 64 22 1 0 0.00 0.0 0 11.6 23 230 M M 0 32 230
14 70 38 54 12 11 0 0.00 0.0 0 7.4 20 40 M M 0 27 20
15 74 49 62 20 3 0 T 0.0 0 14.8 28 110 M M 1 44 90
16 57 44 51 8 14 0 1.85 0.0 0 18.1 30 90 M M 9 13 54 80
17 57 42 50 7 15 0 0.13 0.0 0 15.5 26 310 M M 7 1 37 320
18 44 32 38 -6 27 0 0.00 0.0 0 15.4 28 290 M M 4 39 300
================================================================================
SM 1028 611 344 0 2.67 0.6 229.2 M 76
================================================================================
AV 57.1 33.9 12.7 FASTST M M 4 MAX(MPH)
MISC ----> 33 350 56 120
================================================================================
NOTES:
# LAST OF SEVERAL OCCURRENCES
COLUMN 17 PEAK WIND IN M.P.H.
PRELIMINARY LOCAL CLIMATOLOGICAL DATA (WS FORM: F-6) , PAGE 2
STATION: WATERTOWN SD
MONTH: APRIL
YEAR: 2024
LATITUDE: 44 55 N
LONGITUDE: 97 9 W
[TEMPERATURE DATA] [PRECIPITATION DATA] SYMBOLS USED IN COLUMN 16
AVERAGE MONTHLY: 45.5 TOTAL FOR MONTH: 2.67 1 = FOG OR MIST
DPTR FM NORMAL: 5.4 DPTR FM NORMAL: 1.57 2 = FOG REDUCING VISIBILITY
HIGHEST: 86 ON 13 GRTST 24HR 1.85 ON 16-16 TO 1/4 MILE OR LESS
LOWEST: 19 ON 4 3 = THUNDER
SNOW, ICE PELLETS, HAIL 4 = ICE PELLETS
TOTAL MONTH: 0.6 INCH 5 = HAIL
GRTST 24HR 0.6 ON 1- 1 6 = FREEZING RAIN OR DRIZZLE
GRTST DEPTH: T 7 = DUSTSTORM OR SANDSTORM:
VSBY 1/2 MILE OR LESS
8 = SMOKE OR HAZE
[NO. OF DAYS WITH] [WEATHER - DAYS WITH] 9 = BLOWING SNOW
X = TORNADO
MAX 32 OR BELOW: 0 0.01 INCH OR MORE: 8
MAX 90 OR ABOVE: 0 0.10 INCH OR MORE: 5
MIN 32 OR BELOW: 7 0.50 INCH OR MORE: 1
MIN 0 OR BELOW: 0 1.00 INCH OR MORE: 1
[HDD (BASE 65) ]
TOTAL THIS MO. 344 CLEAR (SCALE 0-3) 8
DPTR FM NORMAL -103 PTCLDY (SCALE 4-7) 6
TOTAL FM JUL 1 6620 CLOUDY (SCALE 8-10) 4
DPTR FM NORMAL -1280
[CDD (BASE 65) ]
TOTAL THIS MO. 0
DPTR FM NORMAL 0 [PRESSURE DATA]
TOTAL FM JAN 1 0 HIGHEST SLP M ON M
DPTR FM NORMAL 0 LOWEST SLP 29.38 ON 16
[REMARKS]