000
CXUS54 KLZK 241230
CF6BPK
PRELIMINARY LOCAL CLIMATOLOGICAL DATA (WS FORM: F-6)
STATION: MOUNTAIN HOME AIRPORT
MONTH: APRIL
YEAR: 2024
LATITUDE: 36 22 N
LONGITUDE: 92 28 W
TEMPERATURE IN F: :PCPN: SNOW: WIND :SUNSHINE: SKY :PK WND
================================================================================
1 2 3 4 5 6A 6B 7 8 9 10 11 12 13 14 15 16 17 18
12Z AVG MX 2MIN
DY MAX MIN AVG DEP HDD CDD WTR SNW DPTH SPD SPD DIR MIN PSBL S-S WX SPD DR
================================================================================
1 76 63 70 15 0 5 0.00 M M 6.6 17 200 M M 7 27 210
2 71 42 57 2 8 0 0.06 M M 7.0 16 330 M M 8 13 30 340
3 51 39 45 -11 20 0 0.00 M M 6.4 13 350 M M 3 32 340
4 65 40 53 -3 12 0 0.00 M M M M M M M M M M
5 70 37 54 -2 11 0 0.00 M M M M M M M M M M
6 69 44 57 0 8 0 0.00 M M M M M M M M M M
7 78 53 66 9 0 1 0.00 M M M M M M M M M M
8 81 40 61 4 4 0 0.00 M M M M M M M M M M
9 73 60 67 9 0 2 0.00 M M M M M M M M M M
10 64 50 57 -1 8 0 0.46 M M M M M M M M M M
11 65 49 57 -1 8 0 0.07 M M M M M M M M M M
12 71 42 57 -1 8 0 0.00 M M 4.4 14 350 M M 0 8 27 40
13 86 47 67 8 0 2 0.00 M M 6.0 17 220 M M 0 26 220
14 86 58 72 13 0 7 0.00 M M 7.7 15 230 M M 0 24 210
15 84 59 72 13 0 7 T M M 6.1 17 190 M M 2 1 29 190
16 73 65 69 9 0 4 0.03 M M 11.1 22 220 M M 5 3 35 210
17 85 62 74 14 0 9 0.00 M M 4.6 12 240 M M 0 21 240
18 84 54 69 9 0 4 0.02 M M 7.9 17 210 M M 5 13 28 200
19 66 50 58 -2 7 0 0.00 M M 5.1 13 60 M M 9 23 30
20 64 46 55 -5 10 0 0.00 M M 4.3 13 70 M M 4 20 60
21 62 41 52 -9 13 0 0.00 M M 3.6 14 10 M M 3 26 300
22 69 33 51 -10 14 0 0.00 M M 5.5 16 210 M M 0 26 230
23 78 46 62 1 3 0 0.02 M M 5.3 16 230 M M 2 27 210
================================================================================
SM 1671 1120 134 41 0.66 M 91.6 M 48
================================================================================
AV 72.7 48.7 6.1 FASTST M M 3 MAX(MPH)
MISC ----> 22 220 35 210
================================================================================
NOTES:
# LAST OF SEVERAL OCCURRENCES
COLUMN 17 PEAK WIND IN M.P.H.
PRELIMINARY LOCAL CLIMATOLOGICAL DATA (WS FORM: F-6) , PAGE 2
STATION: MOUNTAIN HOME AIRPORT
MONTH: APRIL
YEAR: 2024
LATITUDE: 36 22 N
LONGITUDE: 92 28 W
[TEMPERATURE DATA] [PRECIPITATION DATA] SYMBOLS USED IN COLUMN 16
AVERAGE MONTHLY: 60.7 TOTAL FOR MONTH: 0.66 1 = FOG OR MIST
DPTR FM NORMAL: 2.4 DPTR FM NORMAL: -2.73 2 = FOG REDUCING VISIBILITY
HIGHEST: 86 ON 14,13 GRTST 24HR 0.46 ON 10-10 TO 1/4 MILE OR LESS
LOWEST: 33 ON 22 3 = THUNDER
SNOW, ICE PELLETS, HAIL 4 = ICE PELLETS
TOTAL MONTH: M 5 = HAIL
GRTST 24HR M ON M 6 = FREEZING RAIN OR DRIZZLE
GRTST DEPTH: M ON M 7 = DUSTSTORM OR SANDSTORM:
VSBY 1/2 MILE OR LESS
8 = SMOKE OR HAZE
[NO. OF DAYS WITH] [WEATHER - DAYS WITH] 9 = BLOWING SNOW
X = TORNADO
MAX 32 OR BELOW: 0 0.01 INCH OR MORE: 6
MAX 90 OR ABOVE: 0 0.10 INCH OR MORE: 1
MIN 32 OR BELOW: 0 0.50 INCH OR MORE: 0
MIN 0 OR BELOW: 0 1.00 INCH OR MORE: 0
[HDD (BASE 65) ]
TOTAL THIS MO. 134 CLEAR (SCALE 0-3) 9
DPTR FM NORMAL -47 PTCLDY (SCALE 4-7) 5
TOTAL FM JUL 1 3162 CLOUDY (SCALE 8-10) 9
DPTR FM NORMAL -553
[CDD (BASE 65) ]
TOTAL THIS MO. 41
DPTR FM NORMAL 18 [PRESSURE DATA]
TOTAL FM JAN 1 63 HIGHEST SLP M ON M
DPTR FM NORMAL 30 LOWEST SLP 29.49 ON 1
[REMARKS]