000
CXUS55 KDVN 281000
CF6DBQ
PRELIMINARY LOCAL CLIMATOLOGICAL DATA (WS FORM: F-6)
STATION: DUBUQUE IA
MONTH: MARCH
YEAR: 2024
LATITUDE: 42 24 N
LONGITUDE: 90 42 W
TEMPERATURE IN F: :PCPN: SNOW: WIND :SUNSHINE: SKY :PK WND
================================================================================
1 2 3 4 5 6A 6B 7 8 9 10 11 12 13 14 15 16 17 18
12Z AVG MX 2MIN
DY MAX MIN AVG DEP HDD CDD WTR SNW DPTH SPD SPD DIR MIN PSBL S-S WX SPD DR
================================================================================
1 49 27 38 10 27 0 0.00 0.0 0 13.9 24 190 M M 1 29 200
2 61 30 46 17 19 0 0.00 0.0 0 14.7 23 170 M M 0 1 31 150
3 76 44 60 31 5 0 0.00 0.0 0 21.5 40 180 M M 1 18 55 160
4 57 40 49 19 16 0 0.06 0.0 0 15.5 29 20 M M 7 3 37 30
5 54 34 44 14 21 0 0.00 0.0 0 11.3 22 20 M M 5 30 30
6 54 28 41 10 24 0 0.00 0.0 0 10.1 17 80 M M 0 23 70
7 49 33 41 10 24 0 T 0.0 0 8.4 16 170 M M 5 1 25 140
8 44 34 39 7 26 0 0.54 0.0 0 12.8 21 360 M M 10 1 28 20
9 39 26 33 1 32 0 0.00 0.0 0 14.8 25 310 M M 1 33 310
10 47 23 35 2 30 0 0.00 0.0 M 8.1 16 350 M M 0 22 350
11 71 31 51 18 14 0 0.00 0.0 0 15.6 25 230 M M 0 31 240
12 67 43 55 21 10 0 0.00 0.0 0 10.6 25 250 M M 0 30 240
13 68 39 54 20 11 0 0.00 0.0 0 9.9 16 80 M M 1 22 100
14 55 42 49 15 16 0 1.09 0.0 0 13.8 26 360 M M 8 13 37 20
15 56 34 45 10 20 0 0.00 0.0 0 7.8 20 270 M M 1 25 290
16 52 33 43 8 22 0 0.00 0.0 0 18.0 31 290 M M 4 42 300
17 35 26 31 -5 34 0 0.00 0.0 0 16.4 29 300 M M 6 39 290
18 36 25 31 -5 34 0 T T 0 12.8 20 280 M M 6 28 290
19 59 26 43 6 22 0 0.00 0.0 0 20.2 31 300 M M 0 45 310
20 40 26 33 -4 32 0 0.00 0.0 0 13.4 26 320 M M 0 36 330
21 37 27 32 -6 33 0 T T 0 6.9 14 120 M M 9 18 110
22 36 28 32 -6 33 0 0.37 3.4 T 10.1 18 360 M M 10 12 23 360
23 37 20 29 -9 36 0 0.01 0.1 2 6.5 16 120 M M 4 23 120
24 45 28 37 -2 28 0 T T T 14.8 28 130 M M 7 1 39 120
25 57 44 51 12 14 0 0.04 0.0 0 18.6 32 130 M M 10 1 44 120
26 50 25 38 -2 27 0 0.08 T 0 20.0 31 260 M M 10 1 41 270
27 39 23 31 -9 34 0 0.00 0.0 0 15.2 26 290 M M 5 37 310
================================================================================
SM 1370 839 644 0 2.19 3.5 361.7 M 111
================================================================================
AV 50.7 31.1 13.4 FASTST M M 4 MAX(MPH)
MISC ----> 40 180 55 160
================================================================================
NOTES:
# LAST OF SEVERAL OCCURRENCES
COLUMN 17 PEAK WIND IN M.P.H.
PRELIMINARY LOCAL CLIMATOLOGICAL DATA (WS FORM: F-6) , PAGE 2
STATION: DUBUQUE IA
MONTH: MARCH
YEAR: 2024
LATITUDE: 42 24 N
LONGITUDE: 90 42 W
[TEMPERATURE DATA] [PRECIPITATION DATA] SYMBOLS USED IN COLUMN 16
AVERAGE MONTHLY: 40.9 TOTAL FOR MONTH: 2.19 1 = FOG OR MIST
DPTR FM NORMAL: 6.5 DPTR FM NORMAL: 0.31 2 = FOG REDUCING VISIBILITY
HIGHEST: 76 ON 3 GRTST 24HR 1.09 ON 14-14 TO 1/4 MILE OR LESS
LOWEST: 20 ON 23 3 = THUNDER
SNOW, ICE PELLETS, HAIL 4 = ICE PELLETS
TOTAL MONTH: 3.5 INCHES 5 = HAIL
GRTST 24HR 3.4 ON 22-22 6 = FREEZING RAIN OR DRIZZLE
GRTST DEPTH: 2 ON 23 7 = DUSTSTORM OR SANDSTORM:
VSBY 1/2 MILE OR LESS
8 = SMOKE OR HAZE
[NO. OF DAYS WITH] [WEATHER - DAYS WITH] 9 = BLOWING SNOW
X = TORNADO
MAX 32 OR BELOW: 0 0.01 INCH OR MORE: 7
MAX 90 OR ABOVE: 0 0.10 INCH OR MORE: 3
MIN 32 OR BELOW: 16 0.50 INCH OR MORE: 2
MIN 0 OR BELOW: 0 1.00 INCH OR MORE: 1
[HDD (BASE 65) ]
TOTAL THIS MO. 644 CLEAR (SCALE 0-3) 12
DPTR FM NORMAL -185 PTCLDY (SCALE 4-7) 10
TOTAL FM JUL 1 5017 CLOUDY (SCALE 8-10) 5
DPTR FM NORMAL -1176
[CDD (BASE 65) ]
TOTAL THIS MO. 0
DPTR FM NORMAL 0 [PRESSURE DATA]
TOTAL FM JAN 1 0 HIGHEST SLP M ON M
DPTR FM NORMAL 0 LOWEST SLP 29.27 ON 26
[REMARKS]