000
CXUS54 KHUN 280810
CF6DCU
PRELIMINARY LOCAL CLIMATOLOGICAL DATA (WS FORM: F-6)
STATION: DECATUR
MONTH: MARCH
YEAR: 2024
LATITUDE: 34 39 N
LONGITUDE: 86 56 W
TEMPERATURE IN F: :PCPN: SNOW: WIND :SUNSHINE: SKY :PK WND
================================================================================
1 2 3 4 5 6A 6B 7 8 9 10 11 12 13 14 15 16 17 18
12Z AVG MX 2MIN
DY MAX MIN AVG DEP HDD CDD WTR SNW DPTH SPD SPD DIR MIN PSBL S-S WX SPD DR
================================================================================
1 50 44 47 -2 18 0 0.34 0.0 0 7.3 17 140 M M 10 1 21 140
2 65 45 55 6 10 0 0.01 0.0 0 1.6 7 350 M M 6 1 10 110
3 67 42 55 6 10 0 0.00 0.0 0 4.8 9 160 M M 7 1 12 170
4 76 56 66 16 0 1 0.01 M M 6.8 15 100 M M 4 1 20 150
5 66 59 63 13 2 0 0.64 0.0 0 6.9 13 100 M M 10 18 20 100
6 71 50 61 11 4 0 0.73 0.0 0 7.3 16 350 M M 7 1 21 330
7 74 51 63 13 2 0 0.00 0.0 0 2.9 9 80 M M 5 13 60
8 66 58 62 12 3 0 0.11 0.0 0 10.3 43 150 M M 6 56 150
9 62 45 54 3 11 0 0.06 0.0 0 9.5 18 340 M M 10 1 24 300
10 59 35 47 -4 18 0 0.00 0.0 0 8.2 18 290 M M 0 25 330
11 63 29 46 -5 19 0 0.00 0.0 0 2.4 9 260 M M 0 14 40
12 73 32 53 1 12 0 0.00 0.0 0 3.2 13 180 M M 0 15 180
13 76 41 59 7 6 0 0.00 0.0 0 5.6 14 170 M M 1 19 160
14 83 50 67 15 0 2 0.52 0.0 0 8.9 30 170 M M 4 13 41 170
15 71 57 64 12 1 0 1.14 0.0 0 9.4 33 360 M M 8 13 44 360
16 63 51 57 4 8 0 0.00 0.0 0 4.1 13 340 M M 6 1 17 350
17 64 47 56 3 9 0 0.06 0.0 0 6.8 15 330 M M 7 20 330
18 51 32 42 -11 23 0 0.00 0.0 0 11.4 23 330 M M 1 34 330
19 59 25 42 -12 23 0 0.00 0.0 0 5.8 15 270 M M 0 20 260
20 76 38 57 3 8 0 0.00 0.0 0 5.2 14 350 M M 1 16 10
21 77 44 61 7 4 0 0.00 0.0 0 4.4 12 50 M M 2 17 40
22 70 55 63 9 2 0 0.79 0.0 0 7.3 16 140 M M 8 1 23 100
23 64 46 55 0 10 0 0.07 0.0 0 13.1 29 360 M M 3 37 350
24 71 39 55 0 10 0 0.00 0.0 0 10.2 22 140 M M 0 31 130
25 70 54 62 7 3 0 0.02 0.0 0 20.9 32 140 M M 5 44 150
26 69 52 61 5 4 0 1.43 0.0 0 7.7 21 140 M M 6 13 28 150
27 65 42 54 -2 11 0 0.00 0.0 0 7.3 15 350 M M 1 22 340
================================================================================
SM 1821 1219 231 3 5.93 0.0 199.3 M 118
================================================================================
AV 67.4 45.1 7.4 FASTST M M 4 MAX(MPH)
MISC ----> 43 150 56 150
================================================================================
NOTES:
# LAST OF SEVERAL OCCURRENCES
COLUMN 17 PEAK WIND IN M.P.H.
PRELIMINARY LOCAL CLIMATOLOGICAL DATA (WS FORM: F-6) , PAGE 2
STATION: DECATUR
MONTH: MARCH
YEAR: 2024
LATITUDE: 34 39 N
LONGITUDE: 86 56 W
[TEMPERATURE DATA] [PRECIPITATION DATA] SYMBOLS USED IN COLUMN 16
AVERAGE MONTHLY: 56.3 TOTAL FOR MONTH: 5.93 1 = FOG OR MIST
DPTR FM NORMAL: 4.1 DPTR FM NORMAL: 1.60 2 = FOG REDUCING VISIBILITY
HIGHEST: 83 ON 14 GRTST 24HR 1.66 ON 14-15 TO 1/4 MILE OR LESS
LOWEST: 25 ON 19 3 = THUNDER
SNOW, ICE PELLETS, HAIL 4 = ICE PELLETS
TOTAL MONTH: 0.0 INCH 5 = HAIL
GRTST 24HR 0.0 6 = FREEZING RAIN OR DRIZZLE
GRTST DEPTH: 0 7 = DUSTSTORM OR SANDSTORM:
VSBY 1/2 MILE OR LESS
8 = SMOKE OR HAZE
[NO. OF DAYS WITH] [WEATHER - DAYS WITH] 9 = BLOWING SNOW
X = TORNADO
MAX 32 OR BELOW: 0 0.01 INCH OR MORE: 14
MAX 90 OR ABOVE: 0 0.10 INCH OR MORE: 8
MIN 32 OR BELOW: 4 0.50 INCH OR MORE: 6
MIN 0 OR BELOW: 0 1.00 INCH OR MORE: 2
[HDD (BASE 65) ]
TOTAL THIS MO. 231 CLEAR (SCALE 0-3) 11
DPTR FM NORMAL -122 PTCLDY (SCALE 4-7) 13
TOTAL FM JUL 1 2496 CLOUDY (SCALE 8-10) 3
DPTR FM NORMAL -394
[CDD (BASE 65) ]
TOTAL THIS MO. 3
DPTR FM NORMAL 3 [PRESSURE DATA]
TOTAL FM JAN 1 7 HIGHEST SLP M ON M
DPTR FM NORMAL 5 LOWEST SLP 29.67 ON 25
[REMARKS]