000
CXUS51 KILN 190531
CF6MGY
PRELIMINARY LOCAL CLIMATOLOGICAL DATA (WS FORM: F-6)
STATION: DAYTON_WRIGHT BROS
MONTH: APRIL
YEAR: 2024
LATITUDE: 39 35 N
LONGITUDE: 84 14 W
TEMPERATURE IN F: :PCPN: SNOW: WIND :SUNSHINE: SKY :PK WND
================================================================================
1 2 3 4 5 6A 6B 7 8 9 10 11 12 13 14 15 16 17 18
12Z AVG MX 2MIN
DY MAX MIN AVG DEP HDD CDD WTR SNW DPTH SPD SPD DIR MIN PSBL S-S WX SPD DR
================================================================================
1 67 51 59 11 6 0 0.05 M M 7.3 16 10 M M M 21 20
2 70 48 59 10 6 0 0.87 M M 11.2 25 340 M M 7 3 42 310
3 50 38 44 -5 21 0 0.03 M M M 25 250 M M M 1 43 270
4 46 36 41 -9 24 0 0.13 M M 8.9 14 290 M M 7 33 290
5 47 37 42 -8 23 0 T M M M 16 330 M M M 24 330
6 57 33 45 -5 20 0 0.00 M M 5.4 16 20 M M M 25 40
7 64 32 48 -3 17 0 0.02 M M 8.9 17 120 M M M 30 170
8 76 50 63 12 2 0 0.01 M M 6.9 16 100 M M M 20 100
9 67 56 62 10 3 0 0.11 M M 10.4 20 190 M M M 26 200
10 63 57 60 8 5 0 0.49 M M 6.3 12 140 M M M 19 120
11 66 60 63 11 2 0 0.43 M M 8.1 12 170 M M 10 21 170
12 57 48 53 0 12 0 0.15 M M 11.9 34 260 M M M 22 280
13 66 44 55 2 10 0 0.00 M M 8.1 17 280 M M M 27 310
14 81 47 64 11 1 0 0.00 M M 12.1 24 220 M M M 37 230
15 81 57 69 15 0 4 0.00 M M 6.9 13 340 M M 0 17 340
16 85 55 70 16 0 5 T M M 8.8 18 190 M M 1 26 180
17 78 60 69 15 0 4 0.21 M M 15.9 30 210 M M 3 13 49 240
18 76 50 63 8 2 0 0.00 M M 5.7 13 140 M M 0 21 150
================================================================================
SM 1197 859 154 13 2.50 M 142.8 M 28
================================================================================
AV 66.5 47.7 8.9 FASTST M M 4 MAX(MPH)
MISC ----> 34 260 49 240
================================================================================
NOTES:
# LAST OF SEVERAL OCCURRENCES
COLUMN 17 PEAK WIND IN M.P.H.
PRELIMINARY LOCAL CLIMATOLOGICAL DATA (WS FORM: F-6) , PAGE 2
STATION: DAYTON_WRIGHT BROS
MONTH: APRIL
YEAR: 2024
LATITUDE: 39 35 N
LONGITUDE: 84 14 W
[TEMPERATURE DATA] [PRECIPITATION DATA] SYMBOLS USED IN COLUMN 16
AVERAGE MONTHLY: 57.1 TOTAL FOR MONTH: 2.50 1 = FOG OR MIST
DPTR FM NORMAL: 5.4 DPTR FM NORMAL: -0.08 2 = FOG REDUCING VISIBILITY
HIGHEST: 85 ON 16 GRTST 24HR 0.87 ON 2- 2 TO 1/4 MILE OR LESS
LOWEST: 32 ON 7 3 = THUNDER
SNOW, ICE PELLETS, HAIL 4 = ICE PELLETS
TOTAL MONTH: M 5 = HAIL
GRTST 24HR M ON M 6 = FREEZING RAIN OR DRIZZLE
GRTST DEPTH: M ON M 7 = DUSTSTORM OR SANDSTORM:
VSBY 1/2 MILE OR LESS
8 = SMOKE OR HAZE
[NO. OF DAYS WITH] [WEATHER - DAYS WITH] 9 = BLOWING SNOW
X = TORNADO
MAX 32 OR BELOW: 0 0.01 INCH OR MORE: 11
MAX 90 OR ABOVE: 0 0.10 INCH OR MORE: 7
MIN 32 OR BELOW: 1 0.50 INCH OR MORE: 1
MIN 0 OR BELOW: 0 1.00 INCH OR MORE: 0
[HDD (BASE 65) ]
TOTAL THIS MO. 154 CLEAR (SCALE 0-3) 4
DPTR FM NORMAL -90 PTCLDY (SCALE 4-7) 2
TOTAL FM JUL 1 3937 CLOUDY (SCALE 8-10) 12
DPTR FM NORMAL -860
[CDD (BASE 65) ]
TOTAL THIS MO. 13
DPTR FM NORMAL 13 [PRESSURE DATA]
TOTAL FM JAN 1 13 HIGHEST SLP M ON M
DPTR FM NORMAL 11 LOWEST SLP 29.49 ON 12
[REMARKS]