000
CXUS51 KBTV 280700
CF6MSS
PRELIMINARY LOCAL CLIMATOLOGICAL DATA (WS FORM: F-6)
STATION: MASSENA NY
MONTH: MARCH
YEAR: 2024
LATITUDE: 44 55 N
LONGITUDE: 74 51 W
TEMPERATURE IN F: :PCPN: SNOW: WIND :SUNSHINE: SKY :PK WND
================================================================================
1 2 3 4 5 6A 6B 7 8 9 10 11 12 13 14 15 16 17 18
12Z AVG MX 2MIN
DY MAX MIN AVG DEP HDD CDD WTR SNW DPTH SPD SPD DIR MIN PSBL S-S WX SPD DR
================================================================================
1 44 8 26 4 39 0 0.00 M M 4.8 18 210 M M 5 26 240
2 44 21 33 10 32 0 0.14 M M 1.4 7 40 M M 7 1 8 30
3 45 30 38 15 27 0 0.00 M M 1.8 7 90 M M 10 12 9 80
4 56 32 44 20 21 0 0.00 M M 6.4 13 60 M M 7 12 17 60
5 68 34 51 27 14 0 T M M 6.4 15 200 M M 2 20 190
6 51 38 45 21 20 0 0.19 M M 10.0 20 40 M M 10 1 29 40
7 49 26 38 13 27 0 0.00 M M 8.9 22 40 M M 5 29 30
8 46 26 36 11 29 0 0.00 M M 11.1 21 50 M M 0 28 50
9 50 31 41 16 24 0 0.07 M M 10.0 22 170 M M 6 30 170
10 41 25 33 7 32 0 0.38 M M 10.0 22 270 M M 10 1 32 260
11 41 24 33 7 32 0 T M M 15.9 25 270 M M 9 41 280
12 52 26 39 12 26 0 0.00 M M 5.4 16 300 M M 3 21 300
13 49 26 38 11 27 0 0.00 M M 9.0 17 60 M M 3 21 60
14 56 26 41 13 24 0 0.09 M M 3.6 14 180 M M 3 1 19 180
15 53 41 47 19 18 0 0.19 M M 7.2 16 220 M M 9 1 22 230
16 44 30 37 9 28 0 0.17 M M 7.1 21 240 M M 8 1 27 240
17 44 33 39 10 26 0 0.28 M M 9.7 21 250 M M 9 1 32 260
18 37 28 33 4 32 0 0.01 M M 12.5 21 280 M M 10 1 32 270
19 35 22 29 -1 36 0 T M M 9.8 18 280 M M 9 18 24 260
20 38 22 30 0 35 0 0.04 M M 13.4 24 280 M M 9 128 35 230
21 26 15 21 -9 44 0 T M M 16.8 25 260 M M 7 8 36 250
22 25 12 19 -12 46 0 T M M 5.2 17 290 M M 3 26 280
23 23 3 13 -18 52 0 M M M 10.0 21 50 M M 8 128 27 50
24 33 1 17 -15 48 0 0.00 M M 3.7 13 260 M M 0 18 260
25 47 15 31 -1 34 0 0.00 M M 7.8 18 50 M M 0 24 40
26 51 25 38 5 27 0 0.00 M M 9.1 18 50 M M 0 23 60
27 65 41 53 20 12 0 0.04 M M 8.2 17 220 M M 8 1 25 270
================================================================================
SM 1213 661 812 0 1.60 M 225.2 M 160
================================================================================
AV 44.9 24.5 8.3 FASTST M M 6 MAX(MPH)
MISC ----> # 25 270 41 280
================================================================================
NOTES:
# LAST OF SEVERAL OCCURRENCES
COLUMN 17 PEAK WIND IN M.P.H.
PRELIMINARY LOCAL CLIMATOLOGICAL DATA (WS FORM: F-6) , PAGE 2
STATION: MASSENA NY
MONTH: MARCH
YEAR: 2024
LATITUDE: 44 55 N
LONGITUDE: 74 51 W
[TEMPERATURE DATA] [PRECIPITATION DATA] SYMBOLS USED IN COLUMN 16
AVERAGE MONTHLY: 34.7 TOTAL FOR MONTH: 1.60 1 = FOG OR MIST
DPTR FM NORMAL: 7.1 DPTR FM NORMAL: -0.14 2 = FOG REDUCING VISIBILITY
HIGHEST: 68 ON 5 GRTST 24HR 0.45 ON 16-17 TO 1/4 MILE OR LESS
LOWEST: 1 ON 24 3 = THUNDER
SNOW, ICE PELLETS, HAIL 4 = ICE PELLETS
TOTAL MONTH: M 5 = HAIL
GRTST 24HR M ON M 6 = FREEZING RAIN OR DRIZZLE
GRTST DEPTH: M ON M 7 = DUSTSTORM OR SANDSTORM:
VSBY 1/2 MILE OR LESS
8 = SMOKE OR HAZE
[NO. OF DAYS WITH] [WEATHER - DAYS WITH] 9 = BLOWING SNOW
X = TORNADO
MAX 32 OR BELOW: 3 0.01 INCH OR MORE: 11
MAX 90 OR ABOVE: 0 0.10 INCH OR MORE: 6
MIN 32 OR BELOW: 22 0.50 INCH OR MORE: 0
MIN 0 OR BELOW: 0 1.00 INCH OR MORE: 0
[HDD (BASE 65) ]
TOTAL THIS MO. 812 CLEAR (SCALE 0-3) 7
DPTR FM NORMAL -199 PTCLDY (SCALE 4-7) 11
TOTAL FM JUL 1 5722 CLOUDY (SCALE 8-10) 9
DPTR FM NORMAL -1097
[CDD (BASE 65) ]
TOTAL THIS MO. 0
DPTR FM NORMAL 0 [PRESSURE DATA]
TOTAL FM JAN 1 0 HIGHEST SLP M ON M
DPTR FM NORMAL 0 LOWEST SLP 29.37 ON 10
[REMARKS]