000
CXUS56 KPDT 281810
CF6PSC
PRELIMINARY LOCAL CLIMATOLOGICAL DATA (WS FORM: F-6)
STATION: PASCO WA
MONTH: MARCH
YEAR: 2024
LATITUDE: 46 16 N
LONGITUDE: 119 7 W
TEMPERATURE IN F: :PCPN: SNOW: WIND :SUNSHINE: SKY :PK WND
================================================================================
1 2 3 4 5 6A 6B 7 8 9 10 11 12 13 14 15 16 17 18
12Z AVG MX 2MIN
DY MAX MIN AVG DEP HDD CDD WTR SNW DPTH SPD SPD DIR MIN PSBL S-S WX SPD DR
================================================================================
1 53 34 44 2 21 0 T M M 9.6 24 250 M M 1 33 200
2 52 29 41 -1 24 0 0.07 M M 12.1 28 220 M M 3 1 37 220
3 52 24 38 -4 27 0 T M M 7.0 21 220 M M 3 28 230
4 52 32 42 -1 23 0 0.00 M M 11.5 24 220 M M 2 33 220
5 50 24 37 -6 28 0 0.00 M M 2.3 13 200 M M 4 17 210
6 51 18 35 -8 30 0 0.00 M M 2.3 7 310 M M 1 11 20
7 51 24 38 -6 27 0 0.00 M M 2.2 9 130 M M 3 12 140
8 60 21 41 -3 24 0 0.00 M M 2.7 9 330 M M 0 11 10
9 60 23 42 -2 23 0 T M M 4.6 21 250 M M 2 32 250
10 62 37 50 6 15 0 T M M 9.5 22 220 M M 6 35 220
11 59 33 46 1 19 0 0.03 M M 6.8 15 210 M M 5 20 230
12 62 39 51 6 14 0 T M M 14.7 31 240 M M 3 40 250
13 59 26 43 -2 22 0 0.00 M M 4.8 13 240 M M 0 17 210
14 62 24 43 -3 22 0 0.00 M M 3.3 9 350 M M 0 13 340
15 67 26 47 1 18 0 0.00 M M 5.0 15 340 M M 0 20 350
16 69 30 50 4 15 0 0.00 M M 2.0 8 150 M M 0 12 20
17 73 33 53 7 12 0 0.00 M M 2.6 8 140 M M 0 12 330
18 76 34 55 9 10 0 T M M 1.6 8 340 M M 0 1 10 350
19 80 35 58 11 7 0 0.00 M M 5.2 17 230 M M 0 24 230
20 75 47 61 14 4 0 T M M 11.5 28 250 M M 2 40 250
21 68 46 57 10 8 0 0.00 M M 11.1 24 240 M M 4 33 230
22 66 36 51 3 14 0 0.00 M M 8.1 21 310 M M 3 26 300
23 64 47 56 8 9 0 0.07 M M 6.0 21 300 M M 6 1 27 300
24 63 38 51 3 14 0 0.01 M M 6.5 16 220 M M 4 21 230
25 61 31 46 -2 19 0 0.00 M M 6.4 17 220 M M 4 25 220
26 64 36 50 2 15 0 0.00 M M 7.7 24 220 M M 3 32 220
27 58 39 49 0 16 0 0.22 M M 8.1 21 190 M M 6 1 29 200
================================================================================
SM 1669 866 480 0 0.40 M 175.2 M 65
================================================================================
AV 61.8 32.1 6.5 FASTST M M 2 MAX(MPH)
MISC ----> 31 240 # 40 250
================================================================================
NOTES:
# LAST OF SEVERAL OCCURRENCES
COLUMN 17 PEAK WIND IN M.P.H.
PRELIMINARY LOCAL CLIMATOLOGICAL DATA (WS FORM: F-6) , PAGE 2
STATION: PASCO WA
MONTH: MARCH
YEAR: 2024
LATITUDE: 46 16 N
LONGITUDE: 119 7 W
[TEMPERATURE DATA] [PRECIPITATION DATA] SYMBOLS USED IN COLUMN 16
AVERAGE MONTHLY: 46.9 TOTAL FOR MONTH: 0.40 1 = FOG OR MIST
DPTR FM NORMAL: 1.5 DPTR FM NORMAL: -0.20 2 = FOG REDUCING VISIBILITY
HIGHEST: 80 ON 19 GRTST 24HR 0.22 ON 27-27 TO 1/4 MILE OR LESS
LOWEST: 18 ON 6 3 = THUNDER
SNOW, ICE PELLETS, HAIL 4 = ICE PELLETS
TOTAL MONTH: M 5 = HAIL
GRTST 24HR M ON M 6 = FREEZING RAIN OR DRIZZLE
GRTST DEPTH: M ON M 7 = DUSTSTORM OR SANDSTORM:
VSBY 1/2 MILE OR LESS
8 = SMOKE OR HAZE
[NO. OF DAYS WITH] [WEATHER - DAYS WITH] 9 = BLOWING SNOW
X = TORNADO
MAX 32 OR BELOW: 0 0.01 INCH OR MORE: 5
MAX 90 OR ABOVE: 0 0.10 INCH OR MORE: 1
MIN 32 OR BELOW: 13 0.50 INCH OR MORE: 0
MIN 0 OR BELOW: 0 1.00 INCH OR MORE: 0
[HDD (BASE 65) ]
TOTAL THIS MO. 480 CLEAR (SCALE 0-3) 18
DPTR FM NORMAL -51 PTCLDY (SCALE 4-7) 9
TOTAL FM JUL 1 4176 CLOUDY (SCALE 8-10) 0
DPTR FM NORMAL -217
[CDD (BASE 65) ]
TOTAL THIS MO. 0
DPTR FM NORMAL 0 [PRESSURE DATA]
TOTAL FM JAN 1 0 HIGHEST SLP M ON M
DPTR FM NORMAL 0 LOWEST SLP 29.29 ON 2
[REMARKS]