000
CXUS54 KEWX 231010
CF6RND
PRELIMINARY LOCAL CLIMATOLOGICAL DATA (WS FORM: F-6)
STATION: RANDOLPH AFB
MONTH: APRIL
YEAR: 2024
LATITUDE: 29 31 N
LONGITUDE: 98 17 W
TEMPERATURE IN F: :PCPN: SNOW: WIND :SUNSHINE: SKY :PK WND
================================================================================
1 2 3 4 5 6A 6B 7 8 9 10 11 12 13 14 15 16 17 18
12Z AVG MX 2MIN
DY MAX MIN AVG DEP HDD CDD WTR SNW DPTH SPD SPD DIR MIN PSBL S-S WX SPD DR
================================================================================
1 86 65 76 10 0 11 0.25 M M 9.6 28 340 M M 6 138 40 110
2 79 52 66 0 0 1 0.04 M M 10.5 22 320 M M 2 31 350
3 81 44 63 -4 2 0 0.00 M M 5.1 10 260 M M 0 17 260
4 87 46 67 0 0 2 0.00 M M 7.7 12 170 M M 0 17 240
5 86 49 68 1 0 3 0.00 M M 9.8 22 180 M M 0 31 150
6 81 57 69 2 0 4 0.00 M M 9.8 20 160 M M 8 18 23 140
7 80 62 71 3 0 6 0.00 M M 5.1 15 360 M M 6 1 24 360
8 79 60 70 2 0 5 T M M 6.0 14 140 M M 9 18 M M
9 88 66 77 9 0 12 0.99 M M 11.4 49 290 M M 7 138 67 290
10 75 58 67 -1 0 2 0.13 M M 14.7 24 310 M M 2 13 37 310
11 83 50 67 -1 0 2 0.00 M M 8.6 15 20 M M 0 21 350
12 83 48 66 -3 0 1 0.00 M M 8.8 16 160 M M 0 23 150
13 81 57 69 0 0 4 0.00 M M 11.7 21 150 M M 0 12 30 140
14 86 63 75 6 0 10 0.00 M M 9.8 17 130 M M 7 17 160
15 88 71 80 11 0 15 T M M 13.2 23 120 M M 9 3 33 120
16 79 71 75 6 0 10 0.03 M M 6.4 16 150 M M 9 18 M M
17 83 72 78 8 0 13 0.00 M M 6.6 15 150 M M 9 18 M M
18 90 72 81 11 0 16 0.00 M M 7.2 13 160 M M 7 1 17 180
19 80 67 74 4 0 9 0.00 M M 9.0 16 10 M M 6 18 23 30
20 75 56 66 -4 0 1 0.18 M M 11.6 22 360 M M 9 13 32 10
21 73 53 63 -7 2 0 0.02 M M 13.8 23 20 M M 5 33 30
22 74 51 63 -7 2 0 0.00 M M 7.6 14 80 M M 3 M M
================================================================================
SM 1797 1290 6 127 1.64 M 204.0 M 104
================================================================================
AV 81.7 58.6 9.3 FASTST M M 5 MAX(MPH)
MISC ----> 49 290 67 290
================================================================================
NOTES:
# LAST OF SEVERAL OCCURRENCES
COLUMN 17 PEAK WIND IN M.P.H.
PRELIMINARY LOCAL CLIMATOLOGICAL DATA (WS FORM: F-6) , PAGE 2
STATION: RANDOLPH AFB
MONTH: APRIL
YEAR: 2024
LATITUDE: 29 31 N
LONGITUDE: 98 17 W
[TEMPERATURE DATA] [PRECIPITATION DATA] SYMBOLS USED IN COLUMN 16
AVERAGE MONTHLY: 70.2 TOTAL FOR MONTH: 1.64 1 = FOG OR MIST
DPTR FM NORMAL: 1.8 DPTR FM NORMAL: 1.64 2 = FOG REDUCING VISIBILITY
HIGHEST: 90 ON 18 GRTST 24HR 0.99 ON 9- 9 TO 1/4 MILE OR LESS
LOWEST: 44 ON 3 3 = THUNDER
SNOW, ICE PELLETS, HAIL 4 = ICE PELLETS
TOTAL MONTH: M 5 = HAIL
GRTST 24HR M ON M 6 = FREEZING RAIN OR DRIZZLE
GRTST DEPTH: M ON M 7 = DUSTSTORM OR SANDSTORM:
VSBY 1/2 MILE OR LESS
8 = SMOKE OR HAZE
[NO. OF DAYS WITH] [WEATHER - DAYS WITH] 9 = BLOWING SNOW
X = TORNADO
MAX 32 OR BELOW: 0 0.01 INCH OR MORE: 7
MAX 90 OR ABOVE: 1 0.10 INCH OR MORE: 4
MIN 32 OR BELOW: 0 0.50 INCH OR MORE: 1
MIN 0 OR BELOW: 0 1.00 INCH OR MORE: 0
[HDD (BASE 65) ]
TOTAL THIS MO. 6 CLEAR (SCALE 0-3) 9
DPTR FM NORMAL -9 PTCLDY (SCALE 4-7) 8
TOTAL FM JUL 1 1198 CLOUDY (SCALE 8-10) 5
DPTR FM NORMAL -167
[CDD (BASE 65) ]
TOTAL THIS MO. 127
DPTR FM NORMAL 36 [PRESSURE DATA]
TOTAL FM JAN 1 261 HIGHEST SLP M ON M
DPTR FM NORMAL 114 LOWEST SLP M ON M
[REMARKS]