000
CXUS55 KABQ 241010
CF6RTN
PRELIMINARY LOCAL CLIMATOLOGICAL DATA (WS FORM: F-6)
STATION: RATON AIRPORT NM
MONTH: APRIL
YEAR: 2024
LATITUDE: 36 45 N
LONGITUDE: 104 30 W
TEMPERATURE IN F: :PCPN: SNOW: WIND :SUNSHINE: SKY :PK WND
================================================================================
1 2 3 4 5 6A 6B 7 8 9 10 11 12 13 14 15 16 17 18
12Z AVG MX 2MIN
DY MAX MIN AVG DEP HDD CDD WTR SNW DPTH SPD SPD DIR MIN PSBL S-S WX SPD DR
================================================================================
1 51 28 40 -5 25 0 0.05 M M 7.4 22 30 M M 6 1 30 40
2 55 26 41 -4 24 0 T M M 15.2 38 360 M M 3 1 53 360
3 68 23 46 1 19 0 0.00 M M 8.6 22 50 M M 2 31 50
4 74 26 50 5 15 0 0.00 M M 9.5 24 190 M M 0 35 190
5 72 29 51 5 14 0 0.00 M M 16.3 39 190 M M 0 51 190
6 50 33 42 -4 23 0 T M M 25.5 44 270 M M 2 62 260
7 63 24 44 -2 21 0 0.00 M M 13.2 47 270 M M 0 64 270
8 55 26 41 -5 24 0 0.00 M M 8.1 20 160 M M 0 26 180
9 57 30 44 -2 21 0 0.00 M M 7.3 17 160 M M 2 23 160
10 61 26 44 -3 21 0 0.00 M M 10.2 24 10 M M 3 34 350
11 67 24 46 -1 19 0 0.00 M M 11.7 30 160 M M 0 38 160
12 79 27 53 6 12 0 0.00 M M 11.1 28 210 M M 0 35 190
13 77 33 55 8 10 0 0.00 M M 9.9 23 180 M M 0 33 160
14 78 29 54 6 11 0 0.00 M M 8.5 21 160 M M 0 35 160
15 71 28 50 2 15 0 0.00 M M 18.2 40 240 M M 0 55 240
16 75 33 54 6 11 0 0.00 M M 10.8 28 280 M M 1 40 280
17 79 31 55 7 10 0 0.00 M M 12.0 29 280 M M 0 39 200
18 64 36 50 1 15 0 0.00 M M 13.4 26 160 M M 0 37 170
19 65 35 50 1 15 0 T M M 14.2 24 190 M M 7 33 180
20 58 38 48 -1 17 0 0.27 M M 10.3 24 160 M M 8 1 33 180
21 56 35 46 -3 19 0 0.00 M M 6.3 14 180 M M 6 18 180
22 80 31 56 6 9 0 0.00 M M 8.1 23 270 M M 0 34 270
23 75 38 57 7 8 0 0.00 M M 11.2 25 80 M M 2 34 110
================================================================================
SM 1530 689 378 0 0.32 M 267.0 M 42
================================================================================
AV 66.5 30.0 11.6 FASTST M M 2 MAX(MPH)
MISC ----> 47 270 64 270
================================================================================
NOTES:
# LAST OF SEVERAL OCCURRENCES
COLUMN 17 PEAK WIND IN M.P.H.
PRELIMINARY LOCAL CLIMATOLOGICAL DATA (WS FORM: F-6) , PAGE 2
STATION: RATON AIRPORT NM
MONTH: APRIL
YEAR: 2024
LATITUDE: 36 45 N
LONGITUDE: 104 30 W
[TEMPERATURE DATA] [PRECIPITATION DATA] SYMBOLS USED IN COLUMN 16
AVERAGE MONTHLY: 48.2 TOTAL FOR MONTH: 0.32 1 = FOG OR MIST
DPTR FM NORMAL: 1.0 DPTR FM NORMAL: -0.46 2 = FOG REDUCING VISIBILITY
HIGHEST: 80 ON 22 GRTST 24HR 0.27 ON 20-20 TO 1/4 MILE OR LESS
LOWEST: 23 ON 3 3 = THUNDER
SNOW, ICE PELLETS, HAIL 4 = ICE PELLETS
TOTAL MONTH: M 5 = HAIL
GRTST 24HR M ON M 6 = FREEZING RAIN OR DRIZZLE
GRTST DEPTH: M ON M 7 = DUSTSTORM OR SANDSTORM:
VSBY 1/2 MILE OR LESS
8 = SMOKE OR HAZE
[NO. OF DAYS WITH] [WEATHER - DAYS WITH] 9 = BLOWING SNOW
X = TORNADO
MAX 32 OR BELOW: 0 0.01 INCH OR MORE: 2
MAX 90 OR ABOVE: 0 0.10 INCH OR MORE: 1
MIN 32 OR BELOW: 15 0.50 INCH OR MORE: 0
MIN 0 OR BELOW: 0 1.00 INCH OR MORE: 0
[HDD (BASE 65) ]
TOTAL THIS MO. 378 CLEAR (SCALE 0-3) 18
DPTR FM NORMAL -30 PTCLDY (SCALE 4-7) 4
TOTAL FM JUL 1 5151 CLOUDY (SCALE 8-10) 1
DPTR FM NORMAL -422
[CDD (BASE 65) ]
TOTAL THIS MO. 0
DPTR FM NORMAL 0 [PRESSURE DATA]
TOTAL FM JAN 1 0 HIGHEST SLP M ON M
DPTR FM NORMAL 0 LOWEST SLP 29.30 ON 6
[REMARKS]