000
CXUS54 KTSA 291055
CF6TUL
PRELIMINARY LOCAL CLIMATOLOGICAL DATA (WS FORM: F-6)
STATION: TULSA OKLAHOMA
MONTH: MARCH
YEAR: 2024
LATITUDE: 36 12 N
LONGITUDE: 95 54 W
TEMPERATURE IN F: :PCPN: SNOW: WIND :SUNSHINE: SKY :PK WND
================================================================================
1 2 3 4 5 6A 6B 7 8 9 10 11 12 13 14 15 16 17 18
12Z AVG MX 2MIN
DY MAX MIN AVG DEP HDD CDD WTR SNW DPTH SPD SPD DIR MIN PSBL S-S WX SPD DR
================================================================================
1 59 33 46 -1 19 0 T 0.0 0 9.1 17 140 M M 4 22 140
2 80 43 62 15 3 0 0.00 0.0 0 14.4 25 170 M M 2 34 180
3 80 60 70 22 0 5 0.00 0.0 0 18.2 28 180 M M 5 44 170
4 80 57 69 21 0 4 0.00 0.0 0 14.8 30 180 M M 8 41 190
5 66 42 54 6 11 0 0.00 0.0 0 10.8 20 340 M M 4 25 360
6 68 49 59 10 6 0 0.00 0.0 0 4.4 12 10 M M 9 18 10
7 74 53 64 15 1 0 0.14 0.0 0 13.3 26 170 M M 9 13 42 170
8 62 39 51 2 14 0 0.56 0.0 0 12.6 24 170 M M 9 1 31 170
9 56 36 46 -4 19 0 0.01 0.0 0 10.4 21 360 M M 3 1 28 10
10 66 32 49 -1 16 0 0.00 0.0 0 5.3 14 170 M M 1 18 180
11 71 37 54 4 11 0 0.00 0.0 0 12.6 24 180 M M 2 33 180
12 76 51 64 13 1 0 0.00 0.0 0 16.8 29 180 M M 5 39 170
13 79 52 66 15 0 1 T 0.0 0 15.2 26 160 M M 5 3 38 180
14 80 54 67 16 0 2 0.02 0.0 0 13.4 25 350 M M 6 3 35 360
15 66 47 57 5 8 0 0.00 0.0 0 11.1 22 360 M M 8 1 31 20
16 68 38 53 1 12 0 0.00 0.0 0 3.7 9 320 M M 7 13 320
17 63 35 49 -3 16 0 T 0.0 0 12.7 25 340 M M 6 31 340
18 50 33 42 -11 23 0 0.00 0.0 0 10.0 21 330 M M 2 28 340
19 74 36 55 2 10 0 0.00 0.0 0 11.1 22 250 M M 0 31 250
20 77 45 61 8 4 0 0.00 0.0 0 5.5 15 30 M M 6 3 21 70
21 68 48 58 4 7 0 T 0.0 0 5.9 17 180 M M 8 21 180
22 70 45 58 4 7 0 0.00 0.0 0 10.1 25 330 M M 8 34 350
23 61 39 50 -4 15 0 0.00 0.0 0 9.8 18 150 M M 8 30 130
24 63 49 56 1 9 0 0.34 0.0 0 16.5 32 150 M M 10 1 52 140
25 64 38 51 -4 14 0 0.00 0.0 0 16.0 28 280 M M 8 37 270
26 51 32 42 -13 23 0 0.00 0.0 0 12.2 28 260 M M 8 8 35 250
27 56 29 43 -13 22 0 0.00 0.0 0 4.8 12 180 M M 5 15 180
28 69 32 51 -5 14 0 0.00 0.0 0 7.2 18 180 M M 2 24 190
================================================================================
SM 1897 1184 285 12 1.07 0.0 307.9 M 158
================================================================================
AV 67.8 42.3 11.0 FASTST M M 6 MAX(MPH)
MISC ----> 32 150 52 140
================================================================================
NOTES:
# LAST OF SEVERAL OCCURRENCES
COLUMN 17 PEAK WIND IN M.P.H.
PRELIMINARY LOCAL CLIMATOLOGICAL DATA (WS FORM: F-6) , PAGE 2
STATION: TULSA OKLAHOMA
MONTH: MARCH
YEAR: 2024
LATITUDE: 36 12 N
LONGITUDE: 95 54 W
[TEMPERATURE DATA] [PRECIPITATION DATA] SYMBOLS USED IN COLUMN 16
AVERAGE MONTHLY: 55.0 TOTAL FOR MONTH: 1.07 1 = FOG OR MIST
DPTR FM NORMAL: 3.5 DPTR FM NORMAL: -1.68 2 = FOG REDUCING VISIBILITY
HIGHEST: 80 ON 14, 4 GRTST 24HR 0.57 ON 8- 9 TO 1/4 MILE OR LESS
LOWEST: 29 ON 27 3 = THUNDER
SNOW, ICE PELLETS, HAIL 4 = ICE PELLETS
TOTAL MONTH: T 5 = HAIL
GRTST 24HR 0.0 6 = FREEZING RAIN OR DRIZZLE
GRTST DEPTH: 0 7 = DUSTSTORM OR SANDSTORM:
VSBY 1/2 MILE OR LESS
8 = SMOKE OR HAZE
[NO. OF DAYS WITH] [WEATHER - DAYS WITH] 9 = BLOWING SNOW
X = TORNADO
MAX 32 OR BELOW: 0 0.01 INCH OR MORE: 5
MAX 90 OR ABOVE: 0 0.10 INCH OR MORE: 3
MIN 32 OR BELOW: 4 0.50 INCH OR MORE: 1
MIN 0 OR BELOW: 0 1.00 INCH OR MORE: 0
[HDD (BASE 65) ]
TOTAL THIS MO. 285 CLEAR (SCALE 0-3) 6
DPTR FM NORMAL -104 PTCLDY (SCALE 4-7) 16
TOTAL FM JUL 1 2824 CLOUDY (SCALE 8-10) 6
DPTR FM NORMAL -377
[CDD (BASE 65) ]
TOTAL THIS MO. 12
DPTR FM NORMAL 2 [PRESSURE DATA]
TOTAL FM JAN 1 12 HIGHEST SLP M ON M
DPTR FM NORMAL 0 LOWEST SLP 29.37 ON 25
[REMARKS]