000
CXUS53 KDVN 011458
CLSBRL
CLIMATE REPORT
NATIONAL WEATHER SERVICE QUAD CITIES IA IL
858 AM CST FRI MAR 01 2024
...................................
...THE BURLINGTON IA CLIMATE SUMMARY FOR THE SEASON, FROM
12/1/2023 TO 2/29/2024...
CLIMATE NORMAL PERIOD 1991 TO 2020
CLIMATE RECORD PERIOD 1897 TO 2024
WEATHER OBSERVED NORMAL DEPART LAST YEAR`S
VALUE DATE(S) VALUE FROM VALUE
NORMAL
..............................................................
TEMPERATURE (F)
RECORD
HIGH 77 02/27/2024
LOW -27 02/13/1905
HIGHEST 77R 02/27 44 33
LOWEST -18 01/14 17 -35
AVG. MAXIMUM 42.0 35.6 6.4
AVG. MINIMUM 25.8 19.7 6.1
MEAN 33.9 27.7 6.2
DAYS MAX >= 90 0
DAYS MAX <= 32 16
DAYS MIN <= 32 64
DAYS MIN <= 0 7
PRECIPITATION (INCHES)
TOTALS 4.84 5.01 -0.17
DAILY AVG. 0.05
DAYS >= .01 25
DAYS >= .10 16
DAYS >= .50 3
DAYS >= 1.00 0
GREATEST
24 HR. TOTAL 0.81 01/08 TO 01/09
DEGREE DAYS
HEATING TOTAL 2820 3361 -541
SINCE 7/1 3856 4579 -723
COOLING TOTAL 0 0 0
SINCE 1/1 0 0 0
..............................................................
WIND (MPH)
AVERAGE WIND SPEED 8.5
HIGHEST WIND SPEED/DIRECTION 33/220 DATE 02/08
HIGHEST GUST SPEED/DIRECTION 49/220 DATE 02/08
SKY COVER
AVERAGE SKY COVER 0.46
NUMBER OF DAYS FAIR 43
NUMBER OF DAYS PC 16
NUMBER OF DAYS CLOUDY 32
AVERAGE RH (PERCENT) 75
WEATHER CONDITIONS. NUMBER OF DAYS WITH
THUNDERSTORM 1 HAIL 0
SLEET 0 FOG 46
FOG W/VIS <= 1/4 MILE 11 HAZE 10
- INDICATES NEGATIVE NUMBERS.
R INDICATES RECORD WAS SET OR TIED.
MM INDICATES DATA IS MISSING.
T INDICATES TRACE AMOUNT.
$$
===================================================================
NOTE: SUPPLEMENTAL CLIMATE DATA WAS USED FROM A NEARBY
CLIMATOLOGICALLY REPRESENTATIVE STATION.
===================================================================
PARAMETER DATE
--------- ----
WTR 12/28, 1/9, 1/12, 1/18, 2/10