000
CXUS52 KMLB 011437
CLSDAB
CLIMATE REPORT
NATIONAL WEATHER SERVICE MELBOURNE FL
937 AM EST FRI MAR 1 2024
...................................
...THE DAYTONA BEACH CLIMATE SUMMARY FOR THE WINTER SEASON, FROM
12/1/2023 TO 2/29/2024...
CLIMATE NORMAL PERIOD 1991 TO 2020
CLIMATE RECORD PERIOD 1923 TO 2024
WEATHER OBSERVED NORMAL DEPART LAST YEAR`S
VALUE DATE(S) VALUE FROM VALUE
NORMAL
..............................................................
TEMPERATURE (F)
WINTER RECORDS
WARMEST 69.5 1932
COOLEST 53.3 1958
DAILY RECORD
HIGH 89 02/01/1985
02/26/1939
02/11/1939
LOW 15 01/21/1985
WINTER 2023-2024
HIGHEST 84 02/11 88
02/28
LOWEST 36 01/21 27
AVG. MAXIMUM 70.6 70.7 -0.1 74.9
AVG. MINIMUM 52.2 50.6 1.6 53.3
MEAN 61.4 60.6 0.8 64.1
DAYS MAX >= 90 0 0.0 0.0 MM
DAYS MAX <= 32 0 0.0 0.0 MM
DAYS MIN <= 32 0 2.9 -2.9 3
DAYS MIN <= 0 0 0.0 0.0 0
PRECIPITATION (INCHES)
WINTER RECORDS
MAXIMUM 19.34 1998
MINIMUM 1.57 1985
DAILY RECORD
MAXIMUM 5.67 01/22/1989
WINTER 2023-2024
TOTALS 10.12 7.41 2.71 3.04
DAYS >= .01 30 22.3 7.7 17
DAYS >= .10 17 12.3 4.7 8
DAYS >= .50 6 4.8 1.2 2
DAYS >= 1.00 3 2.0 1.0 0
GREATEST
24 HR. TOTAL 3.88 12/16 TO 12/17
SNOWFALL (INCHES)
TOTALS 0.0 MM MM 0.0
SINCE 7/1 0.0 MM MM MM
DAYS >= TRACE 0 0
DEGREE DAYS
HEATING TOTAL 446 533 -87 342
SINCE 7/1 493 609 -116 MM
COOLING TOTAL 146 139 7 266
SINCE 1/1 77 77 0 MM
..............................................................
WIND (MPH)
AVERAGE WIND SPEED 7.5
HIGHEST WIND SPEED/DIRECTION 35/260 DATE 01/09
HIGHEST GUST SPEED/DIRECTION 44/010 DATE 02/06
SKY COVER
POSSIBLE SUNSHINE (PERCENT) MM
AVERAGE SKY COVER 0.55
NUMBER OF DAYS FAIR 26
NUMBER OF DAYS PC 39
NUMBER OF DAYS CLOUDY 26
AVERAGE RH (PERCENT) 76
WEATHER CONDITIONS. NUMBER OF DAYS WITH
THUNDERSTORM 5 MIXED PRECIP 0
HEAVY RAIN 12 RAIN 17
LIGHT RAIN 40 LT FREEZING RAIN 0
HAIL 0 LIGHT SNOW 0
SLEET 0 FOG 53
FOG W/VIS <= 1/4 MILE 3 HAZE 6
- INDICATES NEGATIVE NUMBERS.
R INDICATES RECORD WAS SET OR TIED.
MM INDICATES DATA IS MISSING.
T INDICATES TRACE AMOUNT.
$$