000
CXUS52 KMLB 011437
CLSSFB
CLIMATE REPORT
NATIONAL WEATHER SERVICE MELBOURNE FL
937 AM EST FRI MAR 1 2024
...................................
...THE SANFORD CLIMATE SUMMARY FOR THE WINTER SEASON, FROM
12/1/2023 TO 2/29/2024...
CLIMATE NORMAL PERIOD 1991 TO 2020
CLIMATE RECORD PERIOD 1948 TO 2024
WEATHER OBSERVED NORMAL DEPART LAST YEAR`S
VALUE DATE(S) VALUE FROM VALUE
NORMAL
..............................................................
TEMPERATURE (F)
WINTER RECORDS
WARMEST 66.9 1949
COOLEST 54.7 1977
DAILY RECORD
HIGH 89 12/18/2016
02/24/2012
02/28/1997
LOW 19 12/25/1989
12/24/1989
01/22/0195
WINTER 2023-2024
HIGHEST 86 12/03 88
LOWEST 38 01/21 28
AVG. MAXIMUM 72.4 72.9 -0.5 75.8
AVG. MINIMUM 53.0 51.5 1.5 54.1
MEAN 62.7 62.2 0.5 64.8
DAYS MAX >= 90 0 0
DAYS MAX <= 32 0 0
DAYS MIN <= 32 0 2
DAYS MIN <= 0 0 0
PRECIPITATION (INCHES)
WINTER RECORDS
MAXIMUM 22.04 1998
MINIMUM 1.90 2001
DAILY RECORD
WETTEST 4.22 02/05/1960
WINTER 2023-2024
TOTALS 7.97 6.85 1.12 2.64
DAYS >= .01 20 12
DAYS >= .10 13 8
DAYS >= .50 5 1
DAYS >= 1.00 2 0
GREATEST
24 HR. TOTAL 2.78 12/16 TO 12/17
SNOWFALL (INCHES)
TOTALS 0.0 MM MM 0.0
SINCE 7/1 0.0 MM MM MM
DAYS >= TRACE 0 0
DEGREE DAYS
HEATING TOTAL 354 439 -85 291
SINCE 7/1 394 496 -102 MM
COOLING TOTAL 166 186 -20 299
SINCE 1/1 85 110 -25 MM
..............................................................
WIND (MPH)
AVERAGE WIND SPEED 8.2
HIGHEST WIND SPEED/DIRECTION 31/300 DATE 02/23
HIGHEST GUST SPEED/DIRECTION 46/200 DATE 01/09
SKY COVER
POSSIBLE SUNSHINE (PERCENT) MM
AVERAGE SKY COVER 0.33
NUMBER OF DAYS FAIR 51
NUMBER OF DAYS PC 31
NUMBER OF DAYS CLOUDY 9
AVERAGE RH (PERCENT) 72
WEATHER CONDITIONS. NUMBER OF DAYS WITH
THUNDERSTORM 5 MIXED PRECIP 0
HEAVY RAIN 8 RAIN 11
LIGHT RAIN 35 LT FREEZING RAIN 0
HAIL 0 LIGHT SNOW 0
SLEET 0 FOG 29
FOG W/VIS <= 1/4 MILE 4 HAZE 4
- INDICATES NEGATIVE NUMBERS.
R INDICATES RECORD WAS SET OR TIED.
MM INDICATES DATA IS MISSING.
T INDICATES TRACE AMOUNT.
$$