534
CXUS54 KFWD 010730
CF60F2
PRELIMINARY LOCAL CLIMATOLOGICAL DATA (WS FORM: F-6)
STATION: BOWIE
MONTH: SEPTEMBER
YEAR: 2020
LATITUDE: 33 36 N
LONGITUDE: 97 47 W
TEMPERATURE IN F: :PCPN: SNOW: WIND :SUNSHINE: SKY :PK WND
================================================================================
1 2 3 4 5 6A 6B 7 8 9 10 11 12 13 14 15 16 17 18
12Z AVG MX 2MIN
DY MAX MIN AVG DEP HDD CDD WTR SNW DPTH SPD SPD DIR MIN PSBL S-S WX SPD DR
================================================================================
1 80 70 75 -5 0 10 2.05 0.0 0 6.1 10 160 M M 6 M M
2 83 70 77 -2 0 12 0.11 0.0 0 4.5 12 170 M M 5 M M
3 88 68 78 -1 0 13 0.00 0.0 0 2.0 8 100 M M 3 M M
4 87 69 78 -1 0 13 0.00 0.0 0 2.4 7 130 M M 3 1 M M
5 90 69 80 2 0 15 0.00 0.0 0 2.8 16 170 M M 2 23 170
6 89 66 78 0 0 13 0.00 0.0 0 4.6 13 200 M M 1 18 180
7 92 71 82 4 0 17 0.00 0.0 0 7.6 14 180 M M 0 22 200
8 88 66 77 0 0 12 T 0.0 0 8.0 14 170 M M 2 21 170
9 65 51 58 -19 7 0 1.73 0.0 0 9.8 16 320 M M 10 1 23 330
10 67 51 59 -17 6 0 0.00 0.0 0 9.6 15 340 M M 9 1 21 340
11 67 57 62 -14 3 0 0.05 0.0 0 4.2 8 340 M M 9 M M
12 82 61 72 -4 0 7 0.00 0.0 0 0.9 6 260 M M 3 M M
13 83 65 74 -1 0 9 0.00 0.0 0 3.2 9 10 M M 2 M M
14 81 62 72 -3 0 7 0.00 0.0 0 2.9 7 20 M M 2 M M
15 83 67 75 1 0 10 0.00 0.0 0 3.1 10 350 M M 3 M M
16 86 67 77 3 0 12 0.00 0.0 0 2.3 8 360 M M 4 M M
17 85 67 76 2 0 11 0.00 0.0 0 4.8 9 30 M M 2 M M
18 82 63 73 0 0 8 0.00 0.0 0 2.7 8 30 M M 1 M M
19 78 57 68 -5 0 3 0.00 0.0 0 2.7 8 100 M M 0 M M
20 80 54 67 -5 0 2 0.00 0.0 0 1.9 7 90 M M 0 1 M M
21 82 61 72 0 0 7 0.00 0.0 0 4.9 10 80 M M 5 1 18 80
22 70 64 67 -5 0 2 0.11 0.0 0 2.0 6 40 M M 10 1 M M
23 73 63 68 -3 0 3 0.01 0.0 0 3.1 8 30 M M 10 1 M M
24 80 60 70 -1 0 5 0.00 0.0 0 1.8 5 350 M M 4 M M
25 83 59 71 1 0 6 0.00 0.0 0 6.7 13 170 M M 0 1 18 170
26 87 60 74 4 0 9 0.00 0.0 0 7.4 16 180 M M 0 1 21 160
27 89 61 75 5 0 10 0.00 0.0 0 12.0 24 360 M M 6 36 10
28 75 52 64 -5 1 0 0.00 0.0 0 10.3 21 10 M M 1 33 10
29 80 46 63 -6 2 0 0.00 0.0 0 5.4 14 300 M M 0 21 300
30 90 46 68 -1 0 3 0.00 0.0 0 2.1 8 210 M M 0 8 M M
================================================================================
SM 2445 1843 19 219 4.06 0.0 141.8 M 103
================================================================================
AV 81.5 61.4 4.7 FASTST M M 3 MAX(MPH)
MISC ----> # 24 360 # 36 10
================================================================================
NOTES:
# LAST OF SEVERAL OCCURRENCES
COLUMN 17 PEAK WIND IN M.P.H.
PRELIMINARY LOCAL CLIMATOLOGICAL DATA (WS FORM: F-6) , PAGE 2
STATION: BOWIE
MONTH: SEPTEMBER
YEAR: 2020
LATITUDE: 33 36 N
LONGITUDE: 97 47 W
[TEMPERATURE DATA] [PRECIPITATION DATA] SYMBOLS USED IN COLUMN 16
AVERAGE MONTHLY: 71.5 TOTAL FOR MONTH: 4.06 1 = FOG OR MIST
DPTR FM NORMAL: -2.7 DPTR FM NORMAL: 0.65 2 = FOG REDUCING VISIBILITY
HIGHEST: 92 ON 7 GRTST 24HR 2.05 ON 1- 1 TO 1/4 MILE OR LESS
LOWEST: 46 ON 30,29 3 = THUNDER
SNOW, ICE PELLETS, HAIL 4 = ICE PELLETS
TOTAL MONTH: 0.0 INCH 5 = HAIL
GRTST 24HR 0.0 6 = FREEZING RAIN OR DRIZZLE
GRTST DEPTH: 0 7 = DUSTSTORM OR SANDSTORM:
VSBY 1/2 MILE OR LESS
8 = SMOKE OR HAZE
[NO. OF DAYS WITH] [WEATHER - DAYS WITH] 9 = BLOWING SNOW
X = TORNADO
MAX 32 OR BELOW: 0 0.01 INCH OR MORE: 6
MAX 90 OR ABOVE: 3 0.10 INCH OR MORE: 4
MIN 32 OR BELOW: 0 0.50 INCH OR MORE: 2
MIN 0 OR BELOW: 0 1.00 INCH OR MORE: 2
[HDD (BASE 65) ]
TOTAL THIS MO. 19 CLEAR (SCALE 0-3) 18
DPTR FM NORMAL 3 PTCLDY (SCALE 4-7) 7
TOTAL FM JUL 1 19 CLOUDY (SCALE 8-10) 5
DPTR FM NORMAL 3
[CDD (BASE 65) ]
TOTAL THIS MO. 219
DPTR FM NORMAL -73 [PRESSURE DATA]
TOTAL FM JAN 1 2336 HIGHEST SLP M ON M
DPTR FM NORMAL 353 LOWEST SLP M ON M
[REMARKS]
#FINAL-09-20#