000
CXUS54 KHGX 011515
CF611R
PRELIMINARY LOCAL CLIMATOLOGICAL DATA (WS FORM: F-6)
STATION: BRENHAM
MONTH: JULY
YEAR: 2020
LATITUDE: 30 13 N
LONGITUDE: 96 22 W
TEMPERATURE IN F: :PCPN: SNOW: WIND :SUNSHINE: SKY :PK WND
================================================================================
1 2 3 4 5 6A 6B 7 8 9 10 11 12 13 14 15 16 17 18
12Z AVG MX 2MIN
DY MAX MIN AVG DEP HDD CDD WTR SNW DPTH SPD SPD DIR MIN PSBL S-S WX SPD DR
================================================================================
1 94 81 88 M 0 23 0.00 0.0 0 10.5 17 190 M M 6 24 190
2 95 79 87 M 0 22 0.00 0.0 0 6.6 13 190 M M 4 1 16 210
3 98 75 87 M 0 22 0.00 0.0 0 4.3 10 100 M M 2 1 16 110
4 96 74 85 M 0 20 0.00 0.0 0 3.7 9 180 M M 1 M M
5 94 77 86 M 0 21 0.00 0.0 0 6.7 9 170 M M 2 M M
6 95 81 88 M 0 23 0.00 0.0 0 7.5 14 230 M M 5 3 22 230
7 95 78 87 M 0 22 0.23 0.0 0 6.5 15 210 M M 5 3 24 170
8 97 79 88 M 0 23 0.00 0.0 0 9.3 15 190 M M 4 1 20 190
9 98 80 89 M 0 24 0.00 0.0 0 9.4 14 180 M M 5 21 170
10 99 78 89 M 0 24 0.00 0.0 0 6.2 10 210 M M 5 M M
11 100 79 90 M 0 25 0.00 0.0 0 6.6 10 190 M M 3 M M
12 99 79 89 M 0 24 0.00 0.0 0 6.4 12 220 M M 3 M M
13 102 79 91 M 0 26 0.00 0.0 0 8.2 12 170 M M 2 16 220
14 100 80 90 M 0 25 0.00 0.0 0 10.5 15 210 M M 4 21 170
15 99 79 89 M 0 24 0.00 0.0 0 8.4 14 200 M M 4 20 200
16 99 76 88 M 0 23 0.00 0.0 0 4.9 9 120 M M 3 1 16 160
17 96 78 87 M 0 22 0.72 0.0 0 4.1 12 160 M M 3 21 160
18 94 74 84 M 0 19 0.00 0.0 0 3.9 10 130 M M 3 17 120
19 97 74 86 M 0 21 0.01 0.0 0 3.3 9 110 M M 2 3 M M
20 93 75 84 M 0 19 0.00 0.0 0 4.8 14 110 M M 2 20 110
21 91 77 84 M 0 19 0.00 0.0 0 5.2 12 140 M M 6 3 16 140
22 91 77 84 M 0 19 0.04 0.0 0 2.5 8 130 M M 4 3 M M
23 98 75 87 M 0 22 0.00 0.0 0 3.6 10 90 M M 2 13 16 70
24 96 77 87 M 0 22 0.00 0.0 0 6.5 14 70 M M 3 21 60
25 91 76 84 M 0 19 0.50 0.0 0 7.0 14 100 M M 7 3 23 90
26 91 77 84 M 0 19 0.00 0.0 0 5.8 10 90 M M 6 3 18 90
27 94 75 85 M 0 20 0.00 0.0 0 3.4 13 170 M M 5 1 16 170
28 91 76 84 M 0 19 0.28 0.0 0 2.3 10 170 M M 5 13 16 170
29 92 76 84 M 0 19 0.08 0.0 0 6.7 14 190 M M 6 23 190
30 96 78 87 M 0 22 0.00 0.0 0 8.6 15 180 M M 4 22 180
31 98 78 88 M 0 23 0.00 0.0 0 6.3 12 240 M M 5 3 18 250
================================================================================
SM 2969 2397 0 675 1.86 0.0 189.7 M 121
================================================================================
AV 95.8 77.3 6.1 FASTST M M 4 MAX(MPH)
MISC ----> # 17 190 # 24 190
================================================================================
NOTES:
# LAST OF SEVERAL OCCURRENCES
COLUMN 17 PEAK WIND IN M.P.H.
PRELIMINARY LOCAL CLIMATOLOGICAL DATA (WS FORM: F-6) , PAGE 2
STATION: BRENHAM
MONTH: JULY
YEAR: 2020
LATITUDE: 30 13 N
LONGITUDE: 96 22 W
[TEMPERATURE DATA] [PRECIPITATION DATA] SYMBOLS USED IN COLUMN 16
AVERAGE MONTHLY: 86.6 TOTAL FOR MONTH: 1.86 1 = FOG OR MIST
DPTR FM NORMAL: 34.1 DPTR FM NORMAL: -0.77 2 = FOG REDUCING VISIBILITY
HIGHEST: 102 ON 13 GRTST 24HR 0.72 ON 17-17 TO 1/4 MILE OR LESS
LOWEST: 74 ON 19,18 3 = THUNDER
SNOW, ICE PELLETS, HAIL 4 = ICE PELLETS
TOTAL MONTH: 0.0 INCH 5 = HAIL
GRTST 24HR 0.0 6 = FREEZING RAIN OR DRIZZLE
GRTST DEPTH: 0 7 = DUSTSTORM OR SANDSTORM:
VSBY 1/2 MILE OR LESS
8 = SMOKE OR HAZE
[NO. OF DAYS WITH] [WEATHER - DAYS WITH] 9 = BLOWING SNOW
X = TORNADO
MAX 32 OR BELOW: 0 0.01 INCH OR MORE: 7
MAX 90 OR ABOVE: 31 0.10 INCH OR MORE: 4
MIN 32 OR BELOW: 0 0.50 INCH OR MORE: 2
MIN 0 OR BELOW: 0 1.00 INCH OR MORE: 0
[HDD (BASE 65) ]
TOTAL THIS MO. 0 CLEAR (SCALE 0-3) 12
DPTR FM NORMAL M PTCLDY (SCALE 4-7) 19
TOTAL FM JUL 1 0 CLOUDY (SCALE 8-10) 0
DPTR FM NORMAL M
[CDD (BASE 65) ]
TOTAL THIS MO. 675
DPTR FM NORMAL M [PRESSURE DATA]
TOTAL FM JAN 1 1961 HIGHEST SLP M ON M
DPTR FM NORMAL M LOWEST SLP M ON M
[REMARKS]
#FINAL-07-20#