000
CXUS51 KBTV 010700
CF61V4
PRELIMINARY LOCAL CLIMATOLOGICAL DATA (WS FORM: F-6)
STATION: SAINT JOHNSBURY VT ASOS
MONTH: SEPTEMBER
YEAR: 2021
LATITUDE: 44 25 N
LONGITUDE: 72 1 W
TEMPERATURE IN F: :PCPN: SNOW: WIND :SUNSHINE: SKY :PK WND
================================================================================
1 2 3 4 5 6A 6B 7 8 9 10 11 12 13 14 15 16 17 18
12Z AVG MX 2MIN
DY MAX MIN AVG DEP HDD CDD WTR SNW DPTH SPD SPD DIR MIN PSBL S-S WX SPD DR
================================================================================
1 70 51 61 -3 4 0 0.00 M M M M M M M 0 M M
2 72 54 63 0 2 0 0.00 M M M M M M M 0 M M
3 69 54 62 -1 3 0 0.02 M M M M M M M 0 M M
4 75 50 63 0 2 0 0.00 M M M M M M M 0 M M
5 71 49 60 -3 5 0 0.01 M M M M M M M 0 M M
6 74 51 63 1 2 0 0.24 M M M M M M M 0 M M
7 74 49 62 0 3 0 0.00 M M M M M M M 0 M M
8 81 49 65 3 0 0 0.79 M M M M M M M 0 M M
9 70 63 67 6 0 2 0.00 M M M M M M M 0 M M
10 65 48 57 -4 8 0 0.00 M M M M M M M 0 M M
11 73 44 59 -2 6 0 0.00 M M M M M M M 0 M M
12 79 53 66 6 0 1 0.00 M M M M M M M 0 M M
13 72 51 62 2 3 0 0.00 M M M M M M M 0 M M
14 73 49 61 1 4 0 0.00 M M M M M M M 0 M M
15 80 60 70 11 0 5 0.32 M M M M M M M 0 M M
16 74 54 64 5 1 0 0.00 M M M M M M M 0 M M
17 72 53 63 5 2 0 0.00 M M M M M M M 0 M M
18 79 50 65 7 0 0 0.02 M M M M M M M 0 M M
19 70 43 57 -1 8 0 0.00 M M M M M M M 0 M M
20 73 43 58 1 7 0 0.00 M M M M M M M 0 M M
21 73 49 61 4 4 0 0.00 M M M M M M M 0 M M
22 78 54 66 10 0 1 0.07 M M M M M M M 0 M M
23 80 67 74 18 0 9 0.00 M M M M M M M 0 M M
24 73 52 63 7 2 0 0.63 M M M M M M M 0 M M
25 72 48 60 5 5 0 0.00 M M M M M M M 0 M M
26 68 48 58 3 7 0 0.00 M M M M M M M 0 M M
27 61 44 53 -1 12 0 0.04 M M M M M M M 0 M M
28 64 42 53 -1 12 0 0.00 M M M M M M M 0 M M
29 53 38 46 -8 19 0 0.01 M M M M M M M 0 M M
30 54 41 48 -5 17 0 0.02 M M M M M M M 0 M M
================================================================================
SM 2142 1501 138 18 2.17 M M M 0
================================================================================
AV 71.4 50.0 M FASTST M M 0 MAX(MPH)
MISC ----> M M M M
================================================================================
NOTES:
# LAST OF SEVERAL OCCURRENCES
COLUMN 17 PEAK WIND IN M.P.H.
PRELIMINARY LOCAL CLIMATOLOGICAL DATA (WS FORM: F-6) , PAGE 2
STATION: SAINT JOHNSBURY VT ASOS
MONTH: SEPTEMBER
YEAR: 2021
LATITUDE: 44 25 N
LONGITUDE: 72 1 W
[TEMPERATURE DATA] [PRECIPITATION DATA] SYMBOLS USED IN COLUMN 16
AVERAGE MONTHLY: 60.7 TOTAL FOR MONTH: 2.17 1 = FOG OR MIST
DPTR FM NORMAL: 1.9 DPTR FM NORMAL: -1.15 2 = FOG REDUCING VISIBILITY
HIGHEST: 81 ON 8 GRTST 24HR 0.79 ON 8- 8 TO 1/4 MILE OR LESS
LOWEST: 38 ON 29 3 = THUNDER
SNOW, ICE PELLETS, HAIL 4 = ICE PELLETS
TOTAL MONTH: M 5 = HAIL
GRTST 24HR M ON M 6 = FREEZING RAIN OR DRIZZLE
GRTST DEPTH: M ON M 7 = DUSTSTORM OR SANDSTORM:
VSBY 1/2 MILE OR LESS
8 = SMOKE OR HAZE
[NO. OF DAYS WITH] [WEATHER - DAYS WITH] 9 = BLOWING SNOW
X = TORNADO
MAX 32 OR BELOW: 0 0.01 INCH OR MORE: 11
MAX 90 OR ABOVE: 0 0.10 INCH OR MORE: 4
MIN 32 OR BELOW: 0 0.50 INCH OR MORE: 2
MIN 0 OR BELOW: 0 1.00 INCH OR MORE: 0
[HDD (BASE 65) ]
TOTAL THIS MO. 138 CLEAR (SCALE 0-3) 30
DPTR FM NORMAL -76 PTCLDY (SCALE 4-7) 0
TOTAL FM JUL 1 192 CLOUDY (SCALE 8-10) 0
DPTR FM NORMAL -89
[CDD (BASE 65) ]
TOTAL THIS MO. 18
DPTR FM NORMAL -10 [PRESSURE DATA]
TOTAL FM JAN 1 469 HIGHEST SLP M ON M
DPTR FM NORMAL 140 LOWEST SLP M ON M
[REMARKS]
#FINAL-09-21#