000
CXUS51 KBTV 010700
CF61V4
PRELIMINARY LOCAL CLIMATOLOGICAL DATA (WS FORM: F-6)
STATION: SAINT JOHNSBURY VT ASOS
MONTH: JUNE
YEAR: 2020
LATITUDE: 44 25 N
LONGITUDE: 72 1 W
TEMPERATURE IN F: :PCPN: SNOW: WIND :SUNSHINE: SKY :PK WND
================================================================================
1 2 3 4 5 6A 6B 7 8 9 10 11 12 13 14 15 16 17 18
12Z AVG MX 2MIN
DY MAX MIN AVG DEP HDD CDD WTR SNW DPTH SPD SPD DIR MIN PSBL S-S WX SPD DR
================================================================================
1 58 37 48 -14 17 0 0.00 M M M M M M M 0 M M
2 62 35 49 -13 16 0 0.01 M M M M M M M 0 M M
3 62 51 57 -5 8 0 0.02 M M M M M M M 0 M M
4 80 50 65 3 0 0 0.00 M M M M M M M 0 M M
5 88 56 72 9 0 7 0.03 M M M M M M M 0 M M
6 80 56 68 5 0 3 0.23 M M M M M M M 0 M M
7 67 46 57 -6 8 0 0.00 M M M M M M M 0 M M
8 72 41 57 -7 8 0 0.00 M M M M M M M 0 M M
9 68 52 60 -4 5 0 0.00 M M M M M M M 0 M M
10 75 47 61 -3 4 0 0.00 M M M M M M M 0 M M
11 82 55 69 5 0 4 0.02 M M M M M M M 0 M M
12 77 47 62 -3 3 0 0.00 M M M M M M M 0 M M
13 55 45 50 -15 15 0 0.00 M M M M M M M 0 M M
14 66 39 53 -12 12 0 0.00 M M M M M M M 0 M M
15 74 47 61 -5 4 0 0.00 M M M M M M M 0 M M
16 81 43 62 -4 3 0 0.01 M M M M M M M 0 M M
17 87 48 68 2 0 3 0.01 M M M M M M M 0 M M
18 91 53 72 6 0 7 0.40 M M M M M M M 0 M M
19 89 57 73 6 0 8 0.08 M M M M M M M 0 M M
20 91 64 78 11 0 13 0.00 M M M M M M M 0 M M
21 92 62 77 10 0 12 0.00 M M M M M M M 0 M M
22 88 64 76 9 0 11 0.00 M M M M M M M 0 M M
23 91 65 78 10 0 13 0.23 M M M M M M M 0 M M
24 81 58 70 2 0 5 0.05 M M M M M M M 0 M M
25 79 50 65 -3 0 0 0.00 M M M M M M M 0 M M
26 81 54 68 0 0 3 0.00 M M M M M M M 0 M M
27 79 54 67 -1 0 2 0.00 M M M M M M M 0 M M
28 80 57 69 0 0 4 0.29 M M M M M M M 0 M M
29 68 64 66 -3 0 1 0.25 0.0 M M M M M M 0 M M
30 79 62 71 2 0 6 0.16 M M M M M M M 0 M M
================================================================================
SM 2323 1559 103 102 1.79 0.0 M M 0
================================================================================
AV 77.4 52.0 M FASTST M M 0 MAX(MPH)
MISC ----> M M M M
================================================================================
NOTES:
# LAST OF SEVERAL OCCURRENCES
COLUMN 17 PEAK WIND IN M.P.H.
PRELIMINARY LOCAL CLIMATOLOGICAL DATA (WS FORM: F-6) , PAGE 2
STATION: SAINT JOHNSBURY VT ASOS
MONTH: JUNE
YEAR: 2020
LATITUDE: 44 25 N
LONGITUDE: 72 1 W
[TEMPERATURE DATA] [PRECIPITATION DATA] SYMBOLS USED IN COLUMN 16
AVERAGE MONTHLY: 64.7 TOTAL FOR MONTH: 1.79 1 = FOG OR MIST
DPTR FM NORMAL: -0.9 DPTR FM NORMAL: -2.22 2 = FOG REDUCING VISIBILITY
HIGHEST: 92 ON 21 GRTST 24HR 0.41 ON 28-29 TO 1/4 MILE OR LESS
LOWEST: 35 ON 2 3 = THUNDER
SNOW, ICE PELLETS, HAIL 4 = ICE PELLETS
TOTAL MONTH: 0.0 INCH 5 = HAIL
GRTST 24HR 0.0 6 = FREEZING RAIN OR DRIZZLE
GRTST DEPTH: M ON M 7 = DUSTSTORM OR SANDSTORM:
VSBY 1/2 MILE OR LESS
8 = SMOKE OR HAZE
[NO. OF DAYS WITH] [WEATHER - DAYS WITH] 9 = BLOWING SNOW
X = TORNADO
MAX 32 OR BELOW: 0 0.01 INCH OR MORE: 14
MAX 90 OR ABOVE: 4 0.10 INCH OR MORE: 6
MIN 32 OR BELOW: 0 0.50 INCH OR MORE: 0
MIN 0 OR BELOW: 0 1.00 INCH OR MORE: 0
[HDD (BASE 65) ]
TOTAL THIS MO. 103 CLEAR (SCALE 0-3) 30
DPTR FM NORMAL 31 PTCLDY (SCALE 4-7) 0
TOTAL FM JUL 1 7801 CLOUDY (SCALE 8-10) 0
DPTR FM NORMAL 25
[CDD (BASE 65) ]
TOTAL THIS MO. 102
DPTR FM NORMAL 12 [PRESSURE DATA]
TOTAL FM JAN 1 146 HIGHEST SLP M ON M
DPTR FM NORMAL 38 LOWEST SLP 29.50 ON 3
[REMARKS]
#FINAL-06-20#