000
CXUS54 KMAF 011514
CF66R6
PRELIMINARY LOCAL CLIMATOLOGICAL DATA (WS FORM: F-6)
STATION: TERRELL COUNTY AIRPORT
MONTH: MARCH
YEAR: 2024
LATITUDE: 30 2 N
LONGITUDE: 102 13 W
TEMPERATURE IN F: :PCPN: SNOW: WIND :SUNSHINE: SKY :PK WND
================================================================================
1 2 3 4 5 6A 6B 7 8 9 10 11 12 13 14 15 16 17 18
12Z AVG MX 2MIN
DY MAX MIN AVG DEP HDD CDD WTR SNW DPTH SPD SPD DIR MIN PSBL S-S WX SPD DR
================================================================================
1 78 33 56 -2 9 0 0.00 M M 6.1 18 250 M M 0 24 240
2 82 41 62 4 3 0 0.00 M M 5.5 13 140 M M 0 17 150
3 84 48 66 8 0 1 0.00 M M 7.2 18 230 M M 0 27 230
4 81 51 66 7 0 1 0.00 M M 4.8 13 230 M M 0 16 250
5 83 46 65 6 0 0 0.00 M M 6.5 16 230 M M 0 23 210
6 81 53 67 8 0 2 0.00 M M 6.3 12 360 M M 0 15 10
7 79 60 70 10 0 5 0.00 M M 6.2 17 250 M M 0 26 250
8 76 48 62 2 3 0 0.00 M M 13.7 25 320 M M 0 37 310
9 61 39 50 -10 15 0 0.00 M M 9.2 17 20 M M 0 28 30
10 63 42 53 -7 12 0 0.00 M M 8.5 16 120 M M 0 23 140
11 75 40 58 -3 7 0 0.00 M M 7.1 14 120 M M 0 22 120
12 80 51 66 5 0 1 0.00 M M 5.1 13 120 M M 0 16 150
13 87 48 68 7 0 3 0.00 M M 8.2 21 240 M M 0 29 210
14 85 49 67 6 0 2 0.00 M M 6.5 14 360 M M 0 20 20
15 70 52 61 -1 4 0 0.00 M M 17.1 30 360 M M 0 42 360
16 69 52 61 -1 4 0 0.01 M M 11.0 17 20 M M 0 22 10
17 68 53 61 -1 4 0 0.00 M M 10.8 20 40 M M 0 25 30
18 60 51 56 -6 9 0 0.02 M M 9.3 18 40 M M 0 26 30
19 69 48 59 -4 6 0 0.00 M M 10.0 17 120 M M 0 26 110
20 70 42 56 -7 9 0 0.00 M M 6.0 16 120 M M 0 22 110
21 79 51 65 2 0 0 0.00 M M 9.7 28 300 M M 0 42 300
22 86 53 70 6 0 5 0.00 M M 10.2 22 320 M M 0 30 310
23 80 53 67 3 0 2 0.00 M M 15.7 29 110 M M M 42 120
24 86 56 71 7 0 6 0.00 M M 12.6 30 230 M M M 42 210
25 72 50 61 -3 4 0 0.00 M M 14.5 37 230 M M 0 51 250
26 72 46 59 -6 6 0 0.00 M M 10.7 23 260 M M 0 33 230
27 75 50 63 -2 2 0 0.00 M M 9.8 20 290 M M 0 31 290
28 83 38 61 -4 4 0 0.00 M M 8.0 17 120 M M 0 29 110
29 81 53 67 2 0 2 0.00 M M 7.1 17 120 M M 0 21 130
30 83 54 69 3 0 4 0.00 M M 6.6 14 110 M M 0 23 120
31 90 58 74 8 0 9 0.00 M M 8.8 22 130 M M 0 34 120
================================================================================
SM 2388 1509 101 43 0.03 M 278.8 M 0
================================================================================
AV 77.0 48.7 9.0 FASTST M M 0 MAX(MPH)
MISC ----> 37 230 51 250
================================================================================
NOTES:
# LAST OF SEVERAL OCCURRENCES
COLUMN 17 PEAK WIND IN M.P.H.
PRELIMINARY LOCAL CLIMATOLOGICAL DATA (WS FORM: F-6) , PAGE 2
STATION: TERRELL COUNTY AIRPORT
MONTH: MARCH
YEAR: 2024
LATITUDE: 30 2 N
LONGITUDE: 102 13 W
[TEMPERATURE DATA] [PRECIPITATION DATA] SYMBOLS USED IN COLUMN 16
AVERAGE MONTHLY: 62.9 TOTAL FOR MONTH: 0.03 1 = FOG OR MIST
DPTR FM NORMAL: 1.0 DPTR FM NORMAL: -0.52 2 = FOG REDUCING VISIBILITY
HIGHEST: 90 ON 31 GRTST 24HR 0.02 ON 18-18 TO 1/4 MILE OR LESS
LOWEST: 33 ON 1 3 = THUNDER
SNOW, ICE PELLETS, HAIL 4 = ICE PELLETS
TOTAL MONTH: M 5 = HAIL
GRTST 24HR M ON M 6 = FREEZING RAIN OR DRIZZLE
GRTST DEPTH: M ON M 7 = DUSTSTORM OR SANDSTORM:
VSBY 1/2 MILE OR LESS
8 = SMOKE OR HAZE
[NO. OF DAYS WITH] [WEATHER - DAYS WITH] 9 = BLOWING SNOW
X = TORNADO
MAX 32 OR BELOW: 0 0.01 INCH OR MORE: 2
MAX 90 OR ABOVE: 1 0.10 INCH OR MORE: 0
MIN 32 OR BELOW: 0 0.50 INCH OR MORE: 0
MIN 0 OR BELOW: 0 1.00 INCH OR MORE: 0
[HDD (BASE 65) ]
TOTAL THIS MO. 101 CLEAR (SCALE 0-3) 29
DPTR FM NORMAL -50 PTCLDY (SCALE 4-7) 0
TOTAL FM JUL 1 1574 CLOUDY (SCALE 8-10) 2
DPTR FM NORMAL -115
[CDD (BASE 65) ]
TOTAL THIS MO. 43
DPTR FM NORMAL -12 [PRESSURE DATA]
TOTAL FM JAN 1 65 HIGHEST SLP 30.28 ON 18
DPTR FM NORMAL 0 LOWEST SLP 29.31 ON 24
[REMARKS]
#FINAL-03-24#