000
CXUS52 KTAE 010800
CF6AAF
PRELIMINARY LOCAL CLIMATOLOGICAL DATA (WS FORM: F-6)
STATION: APALACHICOLA
MONTH: SEPTEMBER
YEAR: 2021
LATITUDE: 29 43 N
LONGITUDE: 85 2 W
TEMPERATURE IN F: :PCPN: SNOW: WIND :SUNSHINE: SKY :PK WND
================================================================================
1 2 3 4 5 6A 6B 7 8 9 10 11 12 13 14 15 16 17 18
12Z AVG MX 2MIN
DY MAX MIN AVG DEP HDD CDD WTR SNW DPTH SPD SPD DIR MIN PSBL S-S WX SPD DR
================================================================================
1 83 78 81 0 0 16 0.02 0.0 M 9.7 17 250 M M 3 1 22 240
2 89 75 82 1 0 17 0.00 0.0 M 6.7 18 250 M M 1 22 260
3 87 72 80 -1 0 15 T 0.0 0 4.7 14 130 M M 1 19 130
4 86 75 81 0 0 16 0.47 0.0 0 7.0 18 110 M M 7 1 23 110
5 88 73 81 0 0 16 0.00 0.0 M 5.8 13 170 M M 3 16 190
6 88 73 81 0 0 16 0.00 0.0 0 4.5 13 230 M M 2 16 180
7 87 75 81 1 0 16 T M M 6.6 14 200 M M 2 19 180
8 82 73 78 -2 0 13 2.10 M M 9.6 30 300 M M 6 13 42 150
9 87 72 80 0 0 15 0.21 0.0 0 4.8 15 280 M M 2 13 23 170
10 86 71 79 -1 0 14 0.00 0.0 M 5.1 12 30 M M 1 14 20
11 86 68 77 -3 0 12 0.01 0.0 0 7.4 15 110 M M 2 3 21 150
12 85 72 79 -1 0 14 1.86 0.0 0 7.7 21 60 M M 3 13 29 50
13 87 76 82 2 0 17 0.00 0.0 0 5.8 14 100 M M 1 18 100
14 85 74 80 0 0 15 0.00 0.0 0 5.5 18 130 M M 4 26 150
15 82 74 78 -1 0 13 0.89 0.0 0 6.5 16 240 M M 6 1 21 240
16 83 72 78 -1 0 13 1.64 0.0 0 4.5 24 300 M M 5 13 27 200
17 82 74 78 -1 0 13 0.28 0.0 0 3.0 9 140 M M 4 13 12 130
18 85 74 80 1 0 15 0.22 0.0 0 4.5 14 180 M M 4 1 17 180
19 85 74 80 1 0 15 0.20 0.0 M 3.9 12 30 M M 5 16 180
20 82 74 78 -1 0 13 0.00 0.0 M 0.7 8 230 M M 2 9 230
21 85 73 79 1 0 14 0.95 0.0 0 2.6 10 340 M M 3 1 14 340
22 87 71 79 1 0 14 1.23 0.0 0 4.7 22 20 M M 3 13 29 20
23 82 64 73 -5 0 8 0.00 0.0 0 10.0 21 10 M M 2 27 360
24 82 59 71 -7 0 6 0.00 0.0 0 5.5 12 50 M M 0 15 90
25 83 63 73 -5 0 8 0.00 0.0 M 4.6 13 150 M M 3 15 120
26 84 67 76 -1 0 11 0.00 0.0 M 6.0 14 150 M M 1 19 150
27 86 71 79 2 0 14 0.00 0.0 M 6.2 14 150 M M 2 18 140
28 85 70 78 1 0 13 0.00 0.0 0 4.6 14 140 M M 1 17 180
29 86 70 78 1 0 13 0.00 0.0 0 3.6 13 170 M M 1 17 160
30 85 69 77 1 0 12 0.00 M 0 5.3 14 110 M M 0 19 130
================================================================================
SM 2550 2146 0 407 10.08 0.0 167.1 M 80
================================================================================
AV 85.0 71.5 5.6 FASTST M M 3 MAX(MPH)
MISC ----> 30 300 42 150
================================================================================
NOTES:
# LAST OF SEVERAL OCCURRENCES
COLUMN 17 PEAK WIND IN M.P.H.
PRELIMINARY LOCAL CLIMATOLOGICAL DATA (WS FORM: F-6) , PAGE 2
STATION: APALACHICOLA
MONTH: SEPTEMBER
YEAR: 2021
LATITUDE: 29 43 N
LONGITUDE: 85 2 W
[TEMPERATURE DATA] [PRECIPITATION DATA] SYMBOLS USED IN COLUMN 16
AVERAGE MONTHLY: 78.3 TOTAL FOR MONTH: 10.08 1 = FOG OR MIST
DPTR FM NORMAL: -0.9 DPTR FM NORMAL: 4.70 2 = FOG REDUCING VISIBILITY
HIGHEST: 89 ON 2 GRTST 24HR 2.14 ON 8- 9 TO 1/4 MILE OR LESS
LOWEST: 59 ON 24 3 = THUNDER
SNOW, ICE PELLETS, HAIL 4 = ICE PELLETS
TOTAL MONTH: 0.0 INCH 5 = HAIL
GRTST 24HR 0.0 6 = FREEZING RAIN OR DRIZZLE
GRTST DEPTH: 0 7 = DUSTSTORM OR SANDSTORM:
VSBY 1/2 MILE OR LESS
8 = SMOKE OR HAZE
[NO. OF DAYS WITH] [WEATHER - DAYS WITH] 9 = BLOWING SNOW
X = TORNADO
MAX 32 OR BELOW: 0 0.01 INCH OR MORE: 13
MAX 90 OR ABOVE: 0 0.10 INCH OR MORE: 11
MIN 32 OR BELOW: 0 0.50 INCH OR MORE: 6
MIN 0 OR BELOW: 0 1.00 INCH OR MORE: 4
[HDD (BASE 65) ]
TOTAL THIS MO. 0 CLEAR (SCALE 0-3) 20
DPTR FM NORMAL 0 PTCLDY (SCALE 4-7) 10
TOTAL FM JUL 1 0 CLOUDY (SCALE 8-10) 0
DPTR FM NORMAL 0
[CDD (BASE 65) ]
TOTAL THIS MO. 407
DPTR FM NORMAL -17 [PRESSURE DATA]
TOTAL FM JAN 1 2363 HIGHEST SLP 30.23 ON 12
DPTR FM NORMAL -75 LOWEST SLP 29.59 ON 8
[REMARKS]
#FINAL-09-21#