000
CXUS52 KTAE 010900
CF6AAF
PRELIMINARY LOCAL CLIMATOLOGICAL DATA (WS FORM: F-6)
STATION: APALACHICOLA
MONTH: JANUARY
YEAR: 2021
LATITUDE: 29 43 N
LONGITUDE: 85 2 W
TEMPERATURE IN F: :PCPN: SNOW: WIND :SUNSHINE: SKY :PK WND
================================================================================
1 2 3 4 5 6A 6B 7 8 9 10 11 12 13 14 15 16 17 18
12Z AVG MX 2MIN
DY MAX MIN AVG DEP HDD CDD WTR SNW DPTH SPD SPD DIR MIN PSBL S-S WX SPD DR
================================================================================
1 71 67 69 17 0 4 1.29 0.0 M 10.9 21 160 M M 10 1 27 150
2 68 59 64 12 1 0 3.34 0.0 M 4.4 17 300 M M 10 13 25 300
3 61 44 53 1 12 0 0.00 0.0 0 5.1 14 350 M M 2 19 350
4 65 38 52 0 13 0 0.00 0.0 0 3.1 13 170 M M 0 16 20
5 69 43 56 4 9 0 0.00 0.0 M 5.6 16 350 M M 1 22 350
6 59 40 50 -2 15 0 0.00 0.0 M 5.2 13 120 M M 0 1 15 120
7 63 44 54 2 11 0 0.21 0.0 M 10.5 22 190 M M 5 1 28 180
8 57 44 51 -1 14 0 0.00 0.0 M 10.9 18 300 M M 10 25 300
9 50 32 41 -11 24 0 0.00 0.0 M 8.7 17 290 M M 6 24 340
10 47 31 39 -13 26 0 0.00 0.0 M 6.4 14 20 M M 6 17 60
11 65 41 53 1 12 0 0.01 0.0 M 9.3 21 260 M M 8 1 24 270
12 52 48 50 -2 15 0 0.00 0.0 0 7.7 16 350 M M 10 1 21 330
13 55 37 46 -6 19 0 0.00 0.0 0 4.4 12 320 M M 6 16 310
14 58 33 46 -6 19 0 0.00 0.0 M 3.5 10 150 M M 0 13 140
15 65 53 59 7 6 0 0.25 0.0 M 10.8 21 290 M M 3 1 26 300
16 57 36 47 -5 18 0 0.00 0.0 M 8.4 25 320 M M 2 34 330
17 59 34 47 -5 18 0 0.00 M M 4.5 15 310 M M 2 23 280
18 63 37 50 -2 15 0 0.00 0.0 M 5.3 16 300 M M 0 21 300
19 62 33 48 -4 17 0 0.00 0.0 0 3.5 14 140 M M 0 16 140
20 72 36 54 2 11 0 0.00 0.0 0 4.2 17 250 M M 0 20 250
21 70 49 60 8 5 0 0.00 0.0 0 5.9 18 250 M M 4 12 20 250
22 73 62 68 16 0 3 T 0.0 0 7.2 16 260 M M 9 1 20 250
23 64 56 60 8 5 0 T 0.0 0 6.9 14 40 M M 10 17 30
24 65 58 62 10 3 0 0.00 M M 6.5 13 90 M M 10 1 17 100
25 71 60 66 13 0 1 0.00 M M 9.5 16 180 M M 7 1 21 160
26 72 65 69 16 0 4 2.16 0.0 M 7.3 15 310 M M 9 123 20 300
27 75 59 67 14 0 2 0.87 0.0 M 8.9 22 350 M M 8 123 29 350
28 60 43 52 -1 13 0 0.00 0.0 M 10.4 22 360 M M 0 30 360
29 56 37 47 -6 18 0 0.00 0.0 M 5.4 14 30 M M 0 17 20
30 65 36 51 -2 14 0 0.00 0.0 M 8.1 15 140 M M 3 20 140
31 70 63 67 14 0 2 1.16 0.0 M 11.8 22 260 M M 9 12 32 260
================================================================================
SM 1959 1418 333 16 9.29 0.0 220.3 M 150
================================================================================
AV 63.2 45.7 7.1 FASTST M M 5 MAX(MPH)
MISC ----> 25 320 34 330
================================================================================
NOTES:
# LAST OF SEVERAL OCCURRENCES
COLUMN 17 PEAK WIND IN M.P.H.
PRELIMINARY LOCAL CLIMATOLOGICAL DATA (WS FORM: F-6) , PAGE 2
STATION: APALACHICOLA
MONTH: JANUARY
YEAR: 2021
LATITUDE: 29 43 N
LONGITUDE: 85 2 W
[TEMPERATURE DATA] [PRECIPITATION DATA] SYMBOLS USED IN COLUMN 16
AVERAGE MONTHLY: 54.5 TOTAL FOR MONTH: 9.29 1 = FOG OR MIST
DPTR FM NORMAL: 2.1 DPTR FM NORMAL: 4.89 2 = FOG REDUCING VISIBILITY
HIGHEST: 75 ON 27 GRTST 24HR 3.34 ON 2- 2 TO 1/4 MILE OR LESS
LOWEST: 31 ON 10 3 = THUNDER
SNOW, ICE PELLETS, HAIL 4 = ICE PELLETS
TOTAL MONTH: 0.0 INCH 5 = HAIL
GRTST 24HR 0.0 6 = FREEZING RAIN OR DRIZZLE
GRTST DEPTH: 0 7 = DUSTSTORM OR SANDSTORM:
VSBY 1/2 MILE OR LESS
8 = SMOKE OR HAZE
[NO. OF DAYS WITH] [WEATHER - DAYS WITH] 9 = BLOWING SNOW
X = TORNADO
MAX 32 OR BELOW: 0 0.01 INCH OR MORE: 8
MAX 90 OR ABOVE: 0 0.10 INCH OR MORE: 7
MIN 32 OR BELOW: 2 0.50 INCH OR MORE: 5
MIN 0 OR BELOW: 0 1.00 INCH OR MORE: 4
[HDD (BASE 65) ]
TOTAL THIS MO. 333 CLEAR (SCALE 0-3) 13
DPTR FM NORMAL -64 PTCLDY (SCALE 4-7) 9
TOTAL FM JUL 1 729 CLOUDY (SCALE 8-10) 9
DPTR FM NORMAL -163
[CDD (BASE 65) ]
TOTAL THIS MO. 16
DPTR FM NORMAL 12 [PRESSURE DATA]
TOTAL FM JAN 1 16 HIGHEST SLP 30.73 ON 19
DPTR FM NORMAL 12 LOWEST SLP 29.79 ON 15
[REMARKS]
#FINAL-01-21#