000
CXUS52 KTAE 011350
CLMAAF
CLIMATE REPORT
NATIONAL WEATHER SERVICE TALLAHASSEE FL
950 AM EDT MON MAY 01 2023
...................................
...THE APALACHICOLA CLIMATE SUMMARY FOR THE MONTH OF APRIL 2023...
CLIMATE NORMAL PERIOD 1991 TO 2020
CLIMATE RECORD PERIOD 1931 TO 2023
WEATHER OBSERVED NORMAL DEPART LAST YEAR`S
VALUE DATE(S) VALUE FROM VALUE DATE(S)
NORMAL
................................................................
TEMPERATURE (F)
RECORD
HIGH 90 04/18/1967
04/28/1948
LOW 36 04/04/1987
HIGHEST 85 04/22 90 -5 84 04/18
LOWEST 46 04/18 MM MM 42 04/09
AVG. MAXIMUM 77.9 76.3 1.6 77.5
AVG. MINIMUM 60.8 58.2 2.6 59.5
MEAN 69.4 67.3 2.1 68.5
DAYS MAX >= 90 0 0.0 0.0 0
DAYS MAX <= 32 0 0.0 0.0 0
DAYS MIN <= 32 0 0.0 0.0 0
DAYS MIN <= 0 0 0.0 0.0 0
PRECIPITATION (INCHES)
RECORD
MAXIMUM 12.14 1983
MINIMUM MM
TOTALS 0.89 2.91 -2.02 1.36
DEGREE DAYS
HEATING TOTAL 18 41 -23 34
SINCE 7/1 854 1222 -368 MM
COOLING TOTAL 151 109 42 146
SINCE 1/1 373 173 200 MM
................................................................
WIND (MPH)
AVERAGE WIND SPEED 8.3
HIGHEST WIND SPEED/DIRECTION 30/300 DATE 04/15
HIGHEST GUST SPEED/DIRECTION 42/300 DATE 04/15
SKY COVER
POSSIBLE SUNSHINE (PERCENT) MM
AVERAGE SKY COVER 0.13
NUMBER OF DAYS FAIR 26
NUMBER OF DAYS PC 3
NUMBER OF DAYS CLOUDY 1
AVERAGE RH (PERCENT) 78
WEATHER CONDITIONS. NUMBER OF DAYS WITH
THUNDERSTORM 4 MIXED PRECIP 0
HEAVY RAIN 6 RAIN 5
LIGHT RAIN 10 FREEZING RAIN 0
LT FREEZING RAIN 0 HAIL 0
HEAVY SNOW 0 SNOW 0
LIGHT SNOW 0 SLEET 0
FOG 17 FOG W/VIS <= 1/4 MILE 3
HAZE 0
- INDICATES NEGATIVE NUMBERS.
R INDICATES RECORD WAS SET OR TIED.
MM INDICATES DATA IS MISSING.
T INDICATES TRACE AMOUNT.
$$