000
CXUS55 KABR 011100
CF6ABR
PRELIMINARY LOCAL CLIMATOLOGICAL DATA (WS FORM: F-6)
STATION: ABERDEEN SD
MONTH: MAY
YEAR: 2021
LATITUDE: 45 27 N
LONGITUDE: 98 26 W
TEMPERATURE IN F: :PCPN: SNOW: WIND :SUNSHINE: SKY :PK WND
================================================================================
1 2 3 4 5 6A 6B 7 8 9 10 11 12 13 14 15 16 17 18
12Z AVG MX 2MIN
DY MAX MIN AVG DEP HDD CDD WTR SNW DPTH SPD SPD DIR MIN PSBL S-S WX SPD DR
================================================================================
1 89 41 65 14 0 0 0.00 0.0 0 9.2 23 320 M M 0 30 300
2 73 50 62 10 3 0 T 0.0 0 10.0 29 350 M M 5 39 360
3 61 32 47 -5 18 0 T 0.0 0 21.0 38 360 M M 4 52 350
4 62 28 45 -7 20 0 0.00 0.0 0 5.9 16 330 M M 0 8 23 360
5 51 33 42 -11 23 0 0.18 0.0 0 9.7 20 60 M M 6 8 25 60
6 70 33 52 -1 13 0 0.00 0.0 0 10.4 25 300 M M 2 35 310
7 60 30 45 -9 20 0 0.00 0.0 0 9.4 17 60 M M 0 24 70
8 51 39 45 -9 20 0 0.56 0.0 0 10.4 26 80 M M 7 1 38 60
9 62 37 50 -4 15 0 0.00 0.0 0 8.2 17 310 M M 3 24 310
10 59 31 45 -10 20 0 0.00 0.0 0 8.2 20 10 M M 1 25 10
11 66 27 47 -8 18 0 0.00 0.0 0 3.8 14 200 M M 0 8 17 200
12 72 28 50 -6 15 0 0.00 0.0 0 10.4 23 200 M M 1 32 180
13 74 44 59 3 6 0 0.19 0.0 0 13.6 29 200 M M 4 3 40 210
14 77 43 60 3 5 0 0.00 0.0 0 6.8 16 330 M M 0 18 26 10
15 81 38 60 3 5 0 0.00 0.0 0 4.5 13 110 M M 0 18 19 110
16 79 52 66 8 0 1 T 0.0 0 6.6 16 230 M M 3 25 220
17 80 42 61 3 4 0 0.00 0.0 0 9.1 24 110 M M 1 128 36 140
18 78 61 70 12 0 5 0.00 0.0 0 14.6 25 160 M M 9 33 160
19 85 59 72 13 0 7 0.00 0.0 0 16.0 26 160 M M 1 18 35 160
20 84 64 74 15 0 9 0.02 0.0 0 15.2 29 160 M M 5 1 38 160
21 83 64 74 14 0 9 0.00 0.0 0 16.0 26 170 M M 7 35 170
22 80 55 68 8 0 3 T 0.0 0 14.7 23 320 M M 6 8 29 360
23 91 52 72 12 0 7 0.08 0.0 0 12.8 40 200 M M 5 38 58 200
24 88 60 74 13 0 9 T 0.0 0 15.7 32 220 M M 2 8 47 220
25 79 53 66 5 0 1 0.00 0.0 0 17.3 32 280 M M 1 46 290
26 61 44 53 -8 12 0 0.04 0.0 0 13.4 22 30 M M 6 29 60
27 48 41 45 -17 20 0 0.46 0.0 0 13.1 25 70 M M 10 18 34 70
28 64 35 50 -12 15 0 0.00 0.0 0 8.2 18 160 M M 0 128 24 170
29 55 40 48 -14 17 0 0.08 0.0 0 11.0 25 180 M M 6 13 33 200
30 79 46 63 0 2 0 0.00 0.0 0 6.6 17 320 M M 4 12 25 320
31 79 46 63 0 2 0 0.00 0.0 0 6.6 13 320 M M 0 18 310
================================================================================
SM 2221 1348 273 51 1.61 0.0 338.4 M 99
================================================================================
AV 71.6 43.5 10.9 FASTST M M 3 MAX(MPH)
MISC ----> 40 200 58 200
================================================================================
NOTES:
# LAST OF SEVERAL OCCURRENCES
COLUMN 17 PEAK WIND IN M.P.H.
PRELIMINARY LOCAL CLIMATOLOGICAL DATA (WS FORM: F-6) , PAGE 2
STATION: ABERDEEN SD
MONTH: MAY
YEAR: 2021
LATITUDE: 45 27 N
LONGITUDE: 98 26 W
[TEMPERATURE DATA] [PRECIPITATION DATA] SYMBOLS USED IN COLUMN 16
AVERAGE MONTHLY: 57.6 TOTAL FOR MONTH: 1.61 1 = FOG OR MIST
DPTR FM NORMAL: 0.3 DPTR FM NORMAL: -1.67 2 = FOG REDUCING VISIBILITY
HIGHEST: 91 ON 23 GRTST 24HR 0.56 ON 8- 8 TO 1/4 MILE OR LESS
LOWEST: 27 ON 11 3 = THUNDER
SNOW, ICE PELLETS, HAIL 4 = ICE PELLETS
TOTAL MONTH: 0.0 INCH 5 = HAIL
GRTST 24HR 0.0 6 = FREEZING RAIN OR DRIZZLE
GRTST DEPTH: 0 7 = DUSTSTORM OR SANDSTORM:
VSBY 1/2 MILE OR LESS
8 = SMOKE OR HAZE
[NO. OF DAYS WITH] [WEATHER - DAYS WITH] 9 = BLOWING SNOW
X = TORNADO
MAX 32 OR BELOW: 0 0.01 INCH OR MORE: 8
MAX 90 OR ABOVE: 1 0.10 INCH OR MORE: 4
MIN 32 OR BELOW: 6 0.50 INCH OR MORE: 1
MIN 0 OR BELOW: 0 1.00 INCH OR MORE: 0
[HDD (BASE 65) ]
TOTAL THIS MO. 273 CLEAR (SCALE 0-3) 17
DPTR FM NORMAL 5 PTCLDY (SCALE 4-7) 12
TOTAL FM JUL 1 7339 CLOUDY (SCALE 8-10) 2
DPTR FM NORMAL -830
[CDD (BASE 65) ]
TOTAL THIS MO. 51
DPTR FM NORMAL 20 [PRESSURE DATA]
TOTAL FM JAN 1 51 HIGHEST SLP 30.41 ON 11
DPTR FM NORMAL 19 LOWEST SLP 29.49 ON 2
[REMARKS]
#FINAL-05-21#