064
CXUS53 KABR 011335
CLAABR
FSDCLMABE 000
TTAA00 KABR 021623
CLIMATE REPORT
NATIONAL WEATHER SERVICE ABERDEEN SD
1020 AM CST THU JAN 2 2020
...................................
...THE ABERDEEN SD CLIMATE SUMMARY FOR THE YEAR OF 2019...
CLIMATE NORMAL PERIOD 1981 TO 2010
CLIMATE RECORD PERIOD 1893 TO 2020
WEATHER OBSERVED NORMAL DEPART LAST YEAR`S
VALUE DATE(S) VALUE FROM VALUE DATE(S)
NORMAL
................................................................
TEMPERATURE (F)
RECORD
HIGH 115 07/09/1936
07/06/1936
LOW -46 01/12/1912
HIGHEST 96 07/15 MM MM 101 06/05
05/27
LOWEST -37 01/30 MM MM -32 01/01
AVG. MAXIMUM 51.2 54.6 -3.4 55.0
AVG. MINIMUM 30.4 31.5 -1.1 30.8
MEAN 40.8 43.0 -2.2 42.9
DAYS MAX >= 90 11 13.0 -2.0 31
DAYS MAX <= 32 101 76.4 24.6 80
DAYS MIN <= 32 186 178.8 7.2 194
DAYS MIN <= 0 55 37.1 17.9 42
PRECIPITATION (INCHES)
RECORD
MAXIMUM 42.11 1896
MINIMUM 7.88 1976
TOTALS 30.35 21.72 8.63 17.94
DAILY AVG. 0.08
DAYS >= .01 123 94.4 28.6 95
DAYS >= .10 71 45.3 25.7 47
DAYS >= .50 18 12.9 5.1 9
DAYS >= 1.00 6 4.0 2.0 2
SNOWFALL (INCHES)
RECORDS
TOTAL 97.3 2019
TOTALS 97.3R 38.1 59.2 57.9
LIQUID EQUIV 9.73 MM MM 5.79
SINCE 7/1 35.3 14.6 20.7 19.1
LIQUID 7/1 3.53 MM MM 1.91
DAYS >= TRACE 80 32.3 47.7 75
DAYS >= 1.0 25 11.3 13.7 17
GREATEST
SNOW DEPTH 25 03/10 10 12/31
DEGREE_DAYS
HEATING TOTAL 9261 8534 727 8728
SINCE 7/1 MM 3491 MM MM
COOLING TOTAL 601 525 76 849
SINCE 1/1 601 525 76 849
FREEZE DATES
RECORD
EARLIEST MM
LATEST MM
EARLIEST MM
LATEST MM
.................................................................
WIND (MPH)
AVERAGE WIND SPEED 10.1
HIGHEST WIND SPEED/DIRECTION 56/260 DATE 07/19
HIGHEST GUST SPEED/DIRECTION 79/230 DATE 07/19
WEATHER CONDITIONS. NUMBER OF DAYS WITH
THUNDERSTORM 32 MIXED PRECIP 0
HEAVY RAIN 26 RAIN 40
LIGHT RAIN 91 FREEZING RAIN 1
LT FREEZING RAIN 4 HAIL 0
HEAVY SNOW 7 SNOW 19
LIGHT SNOW 75 SLEET 0
FOG 191 FOG W/VIS <= 1/4 MILE 47
HAZE 83
- INDICATES NEGATIVE NUMBERS.
R INDICATES RECORD WAS SET OR TIED.
MM INDICATES DATA IS MISSING.
T INDICATES TRACE AMOUNT.
$$