000
CXUS53 KABR 011407
CLMABR
CLIMATE REPORT
NATIONAL WEATHER SERVICE ABERDEEN SD
907 AM CDT TUE AUG 01 2023
...................................
...THE ABERDEEN SD CLIMATE SUMMARY FOR THE MONTH OF JULY 2023...
CLIMATE NORMAL PERIOD 1991 TO 2020
CLIMATE RECORD PERIOD 1893 TO 2023
WEATHER OBSERVED NORMAL DEPART LAST YEAR`S
VALUE DATE(S) VALUE FROM VALUE DATE(S)
NORMAL
................................................................
TEMPERATURE (F)
RECORD
HIGH 115 07/09/1936
07/06/1936
LOW 35 07/05/1915
HIGHEST 101 07/26 MM MM 96 07/18
LOWEST 44 07/06 MM MM 48 07/29
AVG. MAXIMUM 84.7 84.9 -0.2 86.2
AVG. MINIMUM 57.3 59.7 -2.4 62.7
MEAN 71.0 72.3 -1.3 74.5
DAYS MAX >= 90 9 6.0 3.0 9
DAYS MAX <= 32 0 0.0 0.0 0
DAYS MIN <= 32 0 0.0 0.0 0
DAYS MIN <= 0 0 0.0 0.0 0
PRECIPITATION (INCHES)
RECORD
MAXIMUM 7.71 1972
MINIMUM 0.30 1975
TOTALS 1.62 3.09 -1.47 3.75
DAYS >= .01 7 10.1 -3.1 11
DAYS >= .10 4 6.1 -2.1 6
DAYS >= .50 1 2.0 -1.0 2
DAYS >= 1.00 0 0.8 -0.8 1
SNOWFALL (INCHES)
RECORDS
TOTAL MM 2022
SNOW DEPTH MM MM
TOTALS 0.0 0.0 0.0 T
SINCE 7/1 0.0 0.0 0.0 MM
SNOWDEPTH AVG. 0 0
DAYS >= TRACE 0 0.0 0.0 1
DAYS >= 1.0 0 0.0 0.0 0
GREATEST
SNOW DEPTH 0 0 MM
DEGREE DAYS
HEATING TOTAL 13 10 3 0
SINCE 7/1 13 2 11 MM
COOLING TOTAL 207 236 -29 301
SINCE 1/1 574 398 176 MM
FREEZE DATES
RECORD
EARLIEST MM
LATEST MM
EARLIEST 09/28
LATEST 05/22
................................................................
WIND (MPH)
AVERAGE WIND SPEED 7.7
RESULTANT WIND SPEED/DIRECTION 1/000
HIGHEST WIND SPEED/DIRECTION 29/340 DATE 07/28
HIGHEST GUST SPEED/DIRECTION 36/340 DATE 07/28
SKY COVER
POSSIBLE SUNSHINE (PERCENT) MM
AVERAGE SKY COVER 0.16
NUMBER OF DAYS FAIR 28
NUMBER OF DAYS PC 2
NUMBER OF DAYS CLOUDY 1
AVERAGE RH (PERCENT) 66
WEATHER CONDITIONS. NUMBER OF DAYS WITH
THUNDERSTORM 8 MIXED PRECIP 0
HEAVY RAIN 3 RAIN 2
LIGHT RAIN 9 FREEZING RAIN 0
LT FREEZING RAIN 0 HAIL 0
HEAVY SNOW 0 SNOW 0
LIGHT SNOW 0 SLEET 0
FOG 20 FOG W/VIS <= 1/4 MILE 2
HAZE 9
- INDICATES NEGATIVE NUMBERS.
R INDICATES RECORD WAS SET OR TIED.
MM INDICATES DATA IS MISSING.
T INDICATES TRACE AMOUNT.
$$