000
CXUS53 KABR 080531
CLMABR
CLIMATE REPORT
NATIONAL WEATHER SERVICE ABERDEEN SD
1231 AM CDT FRI SEP 08 2023
...................................
...THE ABERDEEN SD CLIMATE SUMMARY FOR THE MONTH OF AUGUST 2023...
CLIMATE NORMAL PERIOD 1991 TO 2020
CLIMATE RECORD PERIOD 1893 TO 2023
WEATHER OBSERVED NORMAL DEPART LAST YEAR`S
VALUE DATE(S) VALUE FROM VALUE DATE(S)
NORMAL
................................................................
TEMPERATURE (F)
RECORD
HIGH 112 08/13/1965
LOW 30 08/29/1893
HIGHEST 95 08/22 84 11 98 08/05
LOWEST 50 08/27 MM MM 48 08/08
08/30
AVG. MAXIMUM 84.2 82.9 1.3 83.8
AVG. MINIMUM 59.8 56.5 3.3 59.0
MEAN 72.0 69.7 2.3 71.4
DAYS MAX >= 90 4 3.8 0.2 3
DAYS MAX <= 32 0 0.0 0.0 0
DAYS MIN <= 32 0 0.0 0.0 0
DAYS MIN <= 0 0 0.0 0.0 0
PRECIPITATION (INCHES)
RECORD
MAXIMUM 6.71 2023
MINIMUM 0.06 1947
TOTALS 6.71R 2.24 4.47 1.59
DAYS >= .01 9 8.1 0.9 7
DAYS >= .10 6 4.2 1.8 5
DAYS >= .50 4 1.3 2.7 1
DAYS >= 1.00 2 0.5 1.5 0
SNOWFALL (INCHES)
RECORDS
TOTAL MM 2023
SNOW DEPTH MM MM
TOTALS T 0.0 0.0 0.0
SINCE 7/1 T 0.0 0.0 MM
SNOWDEPTH AVG. 0 0
DAYS >= TRACE 1 0.0 1.0 0
DAYS >= 1.0 0 0.0 0.0 0
GREATEST
SNOW DEPTH 0 0 MM
DEGREE DAYS
HEATING TOTAL 1 26 -25 9
SINCE 7/1 14 34 -20 MM
COOLING TOTAL 226 172 54 217
SINCE 1/1 800 570 230 MM
FREEZE DATES
RECORD
EARLIEST MM
LATEST MM
EARLIEST MM
LATEST 05/03
................................................................
WIND (MPH)
AVERAGE WIND SPEED 7.9
RESULTANT WIND SPEED/DIRECTION 2/050
HIGHEST WIND SPEED/DIRECTION 35/020 DATE 08/09
HIGHEST GUST SPEED/DIRECTION 60/010 DATE 08/09
SKY COVER
POSSIBLE SUNSHINE (PERCENT) MM
AVERAGE SKY COVER 0.22
NUMBER OF DAYS FAIR 23
NUMBER OF DAYS PC 6
NUMBER OF DAYS CLOUDY 2
AVERAGE RH (PERCENT) 72
WEATHER CONDITIONS. NUMBER OF DAYS WITH
THUNDERSTORM 6 MIXED PRECIP 0
HEAVY RAIN 3 RAIN 5
LIGHT RAIN 10 FREEZING RAIN 0
LT FREEZING RAIN 0 HAIL 0
HEAVY SNOW 0 SNOW 1
LIGHT SNOW 0 SLEET 0
FOG 20 FOG W/VIS <= 1/4 MILE 6
HAZE 15
- INDICATES NEGATIVE NUMBERS.
R INDICATES RECORD WAS SET OR TIED.
MM INDICATES DATA IS MISSING.
T INDICATES TRACE AMOUNT.
$$