000
CXUS51 KPHI 010915
CF6ACY
PRELIMINARY LOCAL CLIMATOLOGICAL DATA (WS FORM: F-6)
STATION: ATLANTIC CITY NJ
MONTH: JANUARY
YEAR: 2023
LATITUDE: 39 27 N
LONGITUDE: 74 34 W
TEMPERATURE IN F: :PCPN: SNOW: WIND :SUNSHINE: SKY :PK WND
================================================================================
1 2 3 4 5 6A 6B 7 8 9 10 11 12 13 14 15 16 17 18
12Z AVG MX 2MIN
DY MAX MIN AVG DEP HDD CDD WTR SNW DPTH SPD SPD DIR MIN PSBL S-S WX SPD DR
================================================================================
1 59 35 47 11 18 0 0.00 0.0 0 7.8 22 300 M M 3 1 30 290
2 59 38 49 14 16 0 0.00 0.0 0 4.1 12 170 M M 3 1 16 180
3 64 50 57 22 8 0 0.00 0.0 0 8.1 18 210 M M 6 24 200
4 70 54 62 27 3 0 0.25 0.0 0 7.0 17 220 M M 4 12 26 220
5 61 46 54 19 11 0 0.00 0.0 0 6.7 14 70 M M 9 12 19 80
6 51 40 46 11 19 0 0.02 0.0 0 8.7 20 290 M M 10 12 26 300
7 48 35 42 7 23 0 0.00 0.0 0 9.2 20 290 M M 7 24 290
8 43 25 34 0 31 0 0.00 0.0 0 5.6 14 200 M M 2 19 200
9 47 34 41 7 24 0 0.04 0.0 0 8.3 21 300 M M 5 18 26 280
10 43 29 36 2 29 0 0.00 0.0 0 5.5 14 290 M M 1 18 270
11 45 24 35 1 30 0 0.00 0.0 0 4.3 14 70 M M 3 18 18 70
12 59 33 46 12 19 0 0.42 0.0 0 10.2 23 190 M M 9 138 39 200
13 57 37 47 13 18 0 0.01 0.0 0 13.6 23 300 M M 8 1 39 190
14 37 30 34 0 31 0 T T 0 17.3 28 340 M M 10 1 38 360
15 44 29 37 3 28 0 0.00 0.0 0 16.2 28 320 M M 5 36 320
16 49 27 38 4 27 0 0.00 0.0 0 11.0 21 300 M M 0 25 330
17 46 29 38 4 27 0 0.01 0.0 0 5.2 10 230 M M 6 1 17 240
18 58 37 48 14 17 0 T 0.0 0 11.8 24 310 M M 3 1 31 310
19 53 35 44 10 21 0 0.59 0.0 0 5.2 23 290 M M 9 1 33 300
20 50 39 45 11 20 0 0.00 0.0 0 13.7 30 290 M M 5 1 40 290
21 44 35 40 6 25 0 0.00 0.0 0 8.2 20 330 M M 8 27 330
22 43 27 35 1 30 0 0.57 0.0 0 4.1 10 360 M M 7 1 14 10
23 42 38 40 6 25 0 0.10 0.0 0 13.7 26 300 M M 10 1 35 300
24 47 32 40 6 25 0 0.00 0.0 0 9.5 22 290 M M 1 32 280
25 55 24 40 6 25 0 1.28 0.0 0 11.9 24 180 M M 5 1 40 180
26 56 38 47 13 18 0 0.30 0.0 0 14.5 28 280 M M 7 1 41 280
27 43 24 34 0 31 0 0.00 0.0 0 6.6 16 240 M M 3 25 260
28 56 30 43 9 22 0 0.00 0.0 0 6.6 21 280 M M 1 27 280
29 55 28 42 8 23 0 T 0.0 0 6.8 21 220 M M 4 1 31 220
30 57 34 46 12 19 0 0.00 0.0 0 2.4 13 160 M M 1 1 17 180
31 42 34 38 4 27 0 0.15 T 0 5.2 14 360 M M 8 124 21 340
================================================================================
SM 1583 1050 690 0 3.74 T 269.0 M 163
================================================================================
AV 51.1 33.9 8.7 FASTST M M 5 MAX(MPH)
MISC ----> 30 290 41 280
================================================================================
NOTES:
# LAST OF SEVERAL OCCURRENCES
COLUMN 17 PEAK WIND IN M.P.H.
PRELIMINARY LOCAL CLIMATOLOGICAL DATA (WS FORM: F-6) , PAGE 2
STATION: ATLANTIC CITY NJ
MONTH: JANUARY
YEAR: 2023
LATITUDE: 39 27 N
LONGITUDE: 74 34 W
[TEMPERATURE DATA] [PRECIPITATION DATA] SYMBOLS USED IN COLUMN 16
AVERAGE MONTHLY: 42.5 TOTAL FOR MONTH: 3.74 1 = FOG OR MIST
DPTR FM NORMAL: 8.4 DPTR FM NORMAL: 0.36 2 = FOG REDUCING VISIBILITY
HIGHEST: 70 ON 4 GRTST 24HR 1.28 ON 25-25 TO 1/4 MILE OR LESS
LOWEST: 24 ON 27,25 3 = THUNDER
SNOW, ICE PELLETS, HAIL 4 = ICE PELLETS
TOTAL MONTH: T 5 = HAIL
GRTST 24HR T ON 14-14 6 = FREEZING RAIN OR DRIZZLE
GRTST DEPTH: 0 7 = DUSTSTORM OR SANDSTORM:
VSBY 1/2 MILE OR LESS
8 = SMOKE OR HAZE
[NO. OF DAYS WITH] [WEATHER - DAYS WITH] 9 = BLOWING SNOW
X = TORNADO
MAX 32 OR BELOW: 0 0.01 INCH OR MORE: 12
MAX 90 OR ABOVE: 0 0.10 INCH OR MORE: 8
MIN 32 OR BELOW: 13 0.50 INCH OR MORE: 3
MIN 0 OR BELOW: 0 1.00 INCH OR MORE: 1
[HDD (BASE 65) ]
TOTAL THIS MO. 690 CLEAR (SCALE 0-3) 7
DPTR FM NORMAL -266 PTCLDY (SCALE 4-7) 18
TOTAL FM JUL 1 2342 CLOUDY (SCALE 8-10) 6
DPTR FM NORMAL -285
[CDD (BASE 65) ]
TOTAL THIS MO. 0
DPTR FM NORMAL 0 [PRESSURE DATA]
TOTAL FM JAN 1 0 HIGHEST SLP 30.36 ON 28
DPTR FM NORMAL 0 LOWEST SLP 29.44 ON 26
[REMARKS]
#FINAL-01-23#