200
CXUS51 KPHI 010815
CF6ACY
PRELIMINARY LOCAL CLIMATOLOGICAL DATA (WS FORM: F-6)
STATION: ATLANTIC CITY NJ
MONTH: MARCH
YEAR: 2021
LATITUDE: 39 27 N
LONGITUDE: 74 34 W
TEMPERATURE IN F: :PCPN: SNOW: WIND :SUNSHINE: SKY :PK WND
================================================================================
1 2 3 4 5 6A 6B 7 8 9 10 11 12 13 14 15 16 17 18
12Z AVG MX 2MIN
DY MAX MIN AVG DEP HDD CDD WTR SNW DPTH SPD SPD DIR MIN PSBL S-S WX SPD DR
================================================================================
1 50 36 43 5 22 0 0.73 0.0 0 12.7 32 300 M M 7 12 47 280
2 39 26 33 -5 32 0 0.00 0.0 0 15.8 37 300 M M 0 51 300
3 55 28 42 3 23 0 0.00 0.0 0 7.3 16 290 M M 0 22 250
4 51 30 41 2 24 0 0.00 0.0 0 14.8 26 310 M M 3 36 330
5 40 25 33 -6 32 0 0.00 0.0 0 18.2 29 320 M M 0 38 310
6 39 28 34 -5 31 0 0.00 0.0 0 9.2 18 330 M M 5 26 340
7 45 24 35 -5 30 0 0.00 0.0 0 5.0 16 330 M M 3 24 340
8 47 20 34 -6 31 0 0.00 0.0 0 8.1 18 310 M M 0 25 280
9 68 35 52 12 13 0 0.00 0.0 0 8.3 20 300 M M 2 27 250
10 58 42 50 10 15 0 0.00 0.0 0 9.3 15 120 M M 2 1 20 120
11 70 46 58 17 7 0 0.00 0.0 0 9.2 18 220 M M 0 28 220
12 71 53 62 21 3 0 0.00 0.0 0 10.3 30 290 M M 3 41 280
13 57 36 47 6 18 0 0.00 0.0 0 11.1 33 300 M M 0 45 280
14 59 33 46 4 19 0 0.00 0.0 0 16.4 32 290 M M 0 44 270
15 42 24 33 -9 32 0 0.00 0.0 0 12.0 28 330 M M 0 38 330
16 41 28 35 -7 30 0 0.02 0.0 0 5.7 14 100 M M 8 17 90
17 47 40 44 2 21 0 0.00 0.0 0 5.9 13 70 M M 9 12 16 50
18 54 43 49 6 16 0 1.73 0.0 0 7.3 23 20 M M 10 12 35 40
19 47 26 37 -6 28 0 0.03 0.0 0 14.9 26 20 M M 3 1 38 10
20 51 25 38 -5 27 0 0.00 0.0 0 4.5 12 140 M M 0 18 100
21 59 25 42 -2 23 0 0.00 0.0 0 4.1 12 120 M M 0 16 130
22 59 29 44 0 21 0 0.00 0.0 0 6.3 15 70 M M 0 1 20 70
23 64 40 52 8 13 0 0.00 0.0 0 8.2 15 70 M M 4 12 21 70
24 59 45 52 8 13 0 1.82 0.0 0 9.9 21 190 M M 9 12 31 210
25 66 50 58 13 7 0 T 0.0 0 5.8 12 190 M M 8 12 25 220
26 83 55 69 24 0 4 T 0.0 0 17.6 36 280 M M 3 1 50 230
27 66 47 57 11 8 0 0.00 0.0 0 8.7 20 320 M M 1 26 310
28 66 50 58 12 7 0 0.34 0.0 0 11.6 29 300 M M 8 1 37 300
29 56 34 45 -1 20 0 0.00 0.0 0 16.5 36 310 M M 2 48 290
30 59 29 44 -2 21 0 0.00 0.0 0 8.3 20 200 M M 0 28 160
31 64 52 58 11 7 0 1.20 0.0 0 9.5 20 170 M M 7 1 31 210
================================================================================
SM 1732 1104 594 4 5.87 0.0 312.5 M 97
================================================================================
AV 55.9 35.6 10.1 FASTST M M 3 MAX(MPH)
MISC ----> 37 300 51 300
================================================================================
NOTES:
# LAST OF SEVERAL OCCURRENCES
COLUMN 17 PEAK WIND IN M.P.H.
PRELIMINARY LOCAL CLIMATOLOGICAL DATA (WS FORM: F-6) , PAGE 2
STATION: ATLANTIC CITY NJ
MONTH: MARCH
YEAR: 2021
LATITUDE: 39 27 N
LONGITUDE: 74 34 W
[TEMPERATURE DATA] [PRECIPITATION DATA] SYMBOLS USED IN COLUMN 16
AVERAGE MONTHLY: 45.7 TOTAL FOR MONTH: 5.87 1 = FOG OR MIST
DPTR FM NORMAL: 3.5 DPTR FM NORMAL: 1.66 2 = FOG REDUCING VISIBILITY
HIGHEST: 83 ON 26 GRTST 24HR 1.82 ON 24-24 TO 1/4 MILE OR LESS
LOWEST: 20 ON 8 3 = THUNDER
SNOW, ICE PELLETS, HAIL 4 = ICE PELLETS
TOTAL MONTH: 0.0 INCH 5 = HAIL
GRTST 24HR 0.0 6 = FREEZING RAIN OR DRIZZLE
GRTST DEPTH: 0 7 = DUSTSTORM OR SANDSTORM:
VSBY 1/2 MILE OR LESS
8 = SMOKE OR HAZE
[NO. OF DAYS WITH] [WEATHER - DAYS WITH] 9 = BLOWING SNOW
X = TORNADO
MAX 32 OR BELOW: 0 0.01 INCH OR MORE: 7
MAX 90 OR ABOVE: 0 0.10 INCH OR MORE: 5
MIN 32 OR BELOW: 14 0.50 INCH OR MORE: 4
MIN 0 OR BELOW: 0 1.00 INCH OR MORE: 3
[HDD (BASE 65) ]
TOTAL THIS MO. 594 CLEAR (SCALE 0-3) 21
DPTR FM NORMAL -112 PTCLDY (SCALE 4-7) 7
TOTAL FM JUL 1 3807 CLOUDY (SCALE 8-10) 3
DPTR FM NORMAL -490
[CDD (BASE 65) ]
TOTAL THIS MO. 4
DPTR FM NORMAL 4 [PRESSURE DATA]
TOTAL FM JAN 1 4 HIGHEST SLP 30.60 ON 20
DPTR FM NORMAL 4 LOWEST SLP 29.49 ON 28
[REMARKS]
#FINAL-03-21#