000
CXUS54 KLZK 011231
CF6ADF
PRELIMINARY LOCAL CLIMATOLOGICAL DATA (WS FORM: F-6)
STATION: ARKADELPHIA AIRPORT
MONTH: MARCH
YEAR: 2024
LATITUDE: 34 9 N
LONGITUDE: 93 4 W
TEMPERATURE IN F: :PCPN: SNOW: WIND :SUNSHINE: SKY :PK WND
================================================================================
1 2 3 4 5 6A 6B 7 8 9 10 11 12 13 14 15 16 17 18
12Z AVG MX 2MIN
DY MAX MIN AVG DEP HDD CDD WTR SNW DPTH SPD SPD DIR MIN PSBL S-S WX SPD DR
================================================================================
1 58 38 48 -1 17 0 0.03 M M 1.5 7 140 M M 5 M M
2 74 34 54 4 11 0 0.00 M M 2.8 9 170 M M 4 12 M M
3 74 45 60 10 5 0 0.00 M M 4.0 15 180 M M 5 12 21 180
4 81 52 67 17 0 2 0.09 M M 5.9 14 130 M M 9 123 21 130
5 74 58 66 15 0 1 0.81 M M 4.8 12 360 M M 6 13 M M
6 69 52 61 10 4 0 0.00 M M 4.8 8 110 M M 5 M M
7 65 56 61 10 4 0 1.32 M M 4.6 12 280 M M 9 13 M M
8 64 56 60 8 5 0 0.36 M M 2.5 7 20 M M 8 1 M M
9 59 46 53 1 12 0 0.24 M M 6.8 13 360 M M 7 18 18 330
10 65 34 50 -2 15 0 0.00 M M 1.9 7 180 M M 0 M M
11 66 37 52 0 13 0 0.00 M M 1.7 12 230 M M 0 1 M M
12 73 39 56 3 9 0 0.00 M M 4.0 17 230 M M 2 18 190
13 78 50 64 11 1 0 0.00 M M 4.7 14 220 M M 4 17 210
14 81 59 70 17 0 5 0.11 M M 5.0 22 360 M M 8 13 31 360
15 65 52 59 5 6 0 0.56 M M 3.2 13 30 M M 9 13 17 30
16 69 47 58 4 7 0 0.11 M M 2.4 7 210 M M 5 12 M M
17 63 50 57 3 8 0 0.04 M M 5.0 13 10 M M 8 20 30
18 55 37 46 -9 19 0 0.00 M M 8.5 16 330 M M 0 25 20
19 64 28 46 -9 19 0 0.00 M M 3.6 13 240 M M 0 16 240
20 72 36 54 -1 11 0 0.00 M M 2.8 10 200 M M 2 M M
21 65 46 56 1 9 0 T M M 1.9 8 70 M M 6 M M
22 60 50 55 -1 10 0 0.41 M M 1.6 10 20 M M 9 12 M M
23 62 46 54 -2 11 0 0.00 M M 6.2 13 10 M M 1 1 20 30
24 67 43 55 -1 10 0 0.00 M M 3.7 10 160 M M 2 16 150
25 66 52 59 3 6 0 0.50 M M 7.3 21 300 M M 9 13 30 300
26 60 37 49 -8 16 0 0.00 M M 6.6 15 260 M M 0 29 260
27 63 36 50 -7 15 0 0.00 M M 2.9 10 10 M M 1 M M
28 70 39 55 -2 10 0 0.00 M M 1.9 7 190 M M 1 M M
29 77 41 59 1 6 0 0.00 M M 6.1 17 180 M M 0 22 180
30 76 54 65 7 0 0 0.00 M M 5.6 14 240 M M 7 17 200
31 76 60 68 10 0 3 0.00 M M 6.2 15 190 M M 7 20 190
================================================================================
SM 2111 1410 259 11 4.58 M 130.4 M 139
================================================================================
AV 68.1 45.5 4.2 FASTST M M 4 MAX(MPH)
MISC ----> 22 360 31 360
================================================================================
NOTES:
# LAST OF SEVERAL OCCURRENCES
COLUMN 17 PEAK WIND IN M.P.H.
PRELIMINARY LOCAL CLIMATOLOGICAL DATA (WS FORM: F-6) , PAGE 2
STATION: ARKADELPHIA AIRPORT
MONTH: MARCH
YEAR: 2024
LATITUDE: 34 9 N
LONGITUDE: 93 4 W
[TEMPERATURE DATA] [PRECIPITATION DATA] SYMBOLS USED IN COLUMN 16
AVERAGE MONTHLY: 56.8 TOTAL FOR MONTH: 4.58 1 = FOG OR MIST
DPTR FM NORMAL: 2.9 DPTR FM NORMAL: -0.31 2 = FOG REDUCING VISIBILITY
HIGHEST: 81 ON 4,14 GRTST 24HR 1.32 ON 7- 7 TO 1/4 MILE OR LESS
LOWEST: 28 ON 19 3 = THUNDER
SNOW, ICE PELLETS, HAIL 4 = ICE PELLETS
TOTAL MONTH: M 5 = HAIL
GRTST 24HR M ON M 6 = FREEZING RAIN OR DRIZZLE
GRTST DEPTH: M ON M 7 = DUSTSTORM OR SANDSTORM:
VSBY 1/2 MILE OR LESS
8 = SMOKE OR HAZE
[NO. OF DAYS WITH] [WEATHER - DAYS WITH] 9 = BLOWING SNOW
X = TORNADO
MAX 32 OR BELOW: 0 0.01 INCH OR MORE: 12
MAX 90 OR ABOVE: 0 0.10 INCH OR MORE: 9
MIN 32 OR BELOW: 1 0.50 INCH OR MORE: 4
MIN 0 OR BELOW: 0 1.00 INCH OR MORE: 1
[HDD (BASE 65) ]
TOTAL THIS MO. 259 CLEAR (SCALE 0-3) 12
DPTR FM NORMAL -96 PTCLDY (SCALE 4-7) 13
TOTAL FM JUL 1 2504 CLOUDY (SCALE 8-10) 6
DPTR FM NORMAL -359
[CDD (BASE 65) ]
TOTAL THIS MO. 11
DPTR FM NORMAL 0 [PRESSURE DATA]
TOTAL FM JAN 1 21 HIGHEST SLP M ON M
DPTR FM NORMAL 9 LOWEST SLP M ON M
[REMARKS]
#FINAL-03-24#