000
CXUS54 KLCH 010830
CF6AEX
PRELIMINARY LOCAL CLIMATOLOGICAL DATA (WS FORM: F-6)
STATION: ALEXANDRIA
MONTH: JULY
YEAR: 2023
LATITUDE: 31 19 N
LONGITUDE: 92 33 W
TEMPERATURE IN F: :PCPN: SNOW: WIND :SUNSHINE: SKY :PK WND
================================================================================
1 2 3 4 5 6A 6B 7 8 9 10 11 12 13 14 15 16 17 18
12Z AVG MX 2MIN
DY MAX MIN AVG DEP HDD CDD WTR SNW DPTH SPD SPD DIR MIN PSBL S-S WX SPD DR
================================================================================
1 97 76 87 5 0 22 0.00 0.0 M 5.1 13 230 M M 1 1 19 250
2 95 79 87 5 0 22 0.00 0.0 M 4.6 13 270 M M 1 1 19 290
3 96 77 87 5 0 22 0.00 0.0 M 4.4 20 200 M M 1 3 27 210
4 95 75 85 3 0 20 0.50 0.0 M 5.0 24 280 M M 2 138 33 280
5 92 72 82 0 0 17 1.11 0.0 M 5.4 22 230 M M 2 138 33 240
6 93 72 83 1 0 18 T 0.0 M 4.7 23 220 M M 2 3 35 210
7 96 73 85 3 0 20 T 0.0 M 3.2 14 260 M M 2 20 240
8 94 74 84 2 0 19 0.69 0.0 M 4.1 23 290 M M 2 13 34 290
9 93 75 84 2 0 19 1.00 0.0 M 4.9 32 20 M M 5 1238 43 20
10 90 74 82 -1 0 17 0.45 0.0 M 4.2 23 320 M M 4 13 33 310
11 94 76 85 2 0 20 0.28 0.0 M 6.7 15 270 M M 3 123 21 280
12 90 80 85 2 0 20 T 0.0 M 5.9 12 200 M M 2 18 18 210
13 96 79 88 5 0 23 0.00 0.0 M 5.6 13 220 M M 2 1 18 210
14 95 79 87 4 0 22 0.00 0.0 M 6.4 13 250 M M 2 1 17 240
15 97 80 89 6 0 24 0.00 0.0 M 5.3 15 270 M M 1 18 21 280
16 100 73 87 4 0 22 T 0.0 M 5.4 35 360 M M 2 138 48 10
17 98 72 85 2 0 20 T 0.0 M 3.1 15 190 M M 1 3 21 190
18 99 75 87 4 0 22 0.00 0.0 M 4.9 10 190 M M 0 18 17 180
19 100 77 89 6 0 24 0.00 0.0 M 5.9 13 230 M M 0 18 18 210
20 99 77 88 5 0 23 0.00 0.0 M 5.2 12 270 M M 1 18 17 280
21 102 79 91 8 0 26 0.00 0.0 0 4.0 10 260 M M 0 18 16 260
22 100 79 90 7 0 25 T 0.0 M 3.5 22 40 M M 3 3 27 40
23 96 74 85 2 0 20 T 0.0 M 4.3 13 80 M M 2 21 20
24 98 67 83 0 0 18 0.00 0.0 M 2.4 13 130 M M 0 18 18 130
25 100 71 86 3 0 21 0.00 0.0 M 2.5 9 140 M M 0 18 13 250
26 101 73 87 4 0 22 0.00 0.0 M 2.8 13 110 M M 0 18 17 120
27 101 74 88 5 0 23 0.00 0.0 M 3.5 14 140 M M 0 8 18 140
28 100 75 88 5 0 23 0.00 0.0 M 4.8 15 160 M M 0 8 23 130
29 102 75 89 6 0 24 0.00 0.0 M 3.7 10 190 M M 0 8 16 210
30 104 77 91 8 0 26 0.00 0.0 M 3.5 10 300 M M 0 16 320
31 103 78 91 8 0 26 0.00 0.0 M 3.8 16 340 M M 1 8 26 60
================================================================================
SM 3016 2337 0 670 4.03 0.0 138.8 M 42
================================================================================
AV 97.3 75.4 4.5 FASTST M M 1 MAX(MPH)
MISC ----> 35 360 48 10
================================================================================
NOTES:
# LAST OF SEVERAL OCCURRENCES
COLUMN 17 PEAK WIND IN M.P.H.
PRELIMINARY LOCAL CLIMATOLOGICAL DATA (WS FORM: F-6) , PAGE 2
STATION: ALEXANDRIA
MONTH: JULY
YEAR: 2023
LATITUDE: 31 19 N
LONGITUDE: 92 33 W
[TEMPERATURE DATA] [PRECIPITATION DATA] SYMBOLS USED IN COLUMN 16
AVERAGE MONTHLY: 86.3 TOTAL FOR MONTH: 4.03 1 = FOG OR MIST
DPTR FM NORMAL: 3.5 DPTR FM NORMAL: -0.57 2 = FOG REDUCING VISIBILITY
HIGHEST: 104 ON 30 GRTST 24HR 1.41 ON 9-10 TO 1/4 MILE OR LESS
LOWEST: 67 ON 24 3 = THUNDER
SNOW, ICE PELLETS, HAIL 4 = ICE PELLETS
TOTAL MONTH: 0.0 INCH 5 = HAIL
GRTST 24HR 0.0 6 = FREEZING RAIN OR DRIZZLE
GRTST DEPTH: 0 7 = DUSTSTORM OR SANDSTORM:
VSBY 1/2 MILE OR LESS
8 = SMOKE OR HAZE
[NO. OF DAYS WITH] [WEATHER - DAYS WITH] 9 = BLOWING SNOW
X = TORNADO
MAX 32 OR BELOW: 0 0.01 INCH OR MORE: 6
MAX 90 OR ABOVE: 31 0.10 INCH OR MORE: 6
MIN 32 OR BELOW: 0 0.50 INCH OR MORE: 4
MIN 0 OR BELOW: 0 1.00 INCH OR MORE: 2
[HDD (BASE 65) ]
TOTAL THIS MO. 0 CLEAR (SCALE 0-3) 28
DPTR FM NORMAL 0 PTCLDY (SCALE 4-7) 3
TOTAL FM JUL 1 0 CLOUDY (SCALE 8-10) 0
DPTR FM NORMAL 0
[CDD (BASE 65) ]
TOTAL THIS MO. 670
DPTR FM NORMAL 118 [PRESSURE DATA]
TOTAL FM JAN 1 1844 HIGHEST SLP 30.18 ON 25
DPTR FM NORMAL 349 LOWEST SLP 29.83 ON 13
[REMARKS]
#FINAL-07-23#