000
CXUS52 KFFC 011010
CF6AHN
PRELIMINARY LOCAL CLIMATOLOGICAL DATA (WS FORM: F-6)
STATION: ATHENS
MONTH: MAY
YEAR: 2023
LATITUDE: 33 57 N
LONGITUDE: 83 19 W
TEMPERATURE IN F: :PCPN: SNOW: WIND :SUNSHINE: SKY :PK WND
================================================================================
1 2 3 4 5 6A 6B 7 8 9 10 11 12 13 14 15 16 17 18
12Z AVG MX 2MIN
DY MAX MIN AVG DEP HDD CDD WTR SNW DPTH SPD SPD DIR MIN PSBL S-S WX SPD DR
================================================================================
1 68 46 57 -9 8 0 0.00 0.0 M 8.4 21 290 M M 0 37 290
2 72 45 59 -8 6 0 0.00 0.0 M 9.6 26 300 M M 1 43 290
3 71 47 59 -8 6 0 0.00 0.0 M 8.4 22 300 M M 0 33 290
4 76 38 57 -10 8 0 0.00 0.0 M 2.7 9 270 M M 0 17 300
5 66 49 58 -9 7 0 0.02 M M 2.7 12 70 M M 6 18 14 70
6 75 55 65 -3 0 0 T 0.0 M 3.4 10 110 M M 7 1 15 110
7 82 54 68 0 0 3 0.00 0.0 M 2.5 14 40 M M 4 1 20 40
8 84 63 74 6 0 9 0.13 0.0 M 5.3 17 300 M M 4 13 24 360
9 89 66 78 10 0 13 0.32 0.0 M 4.8 23 340 M M 1 13 36 340
10 84 62 73 4 0 8 0.00 0.0 M 8.0 16 60 M M 0 23 90
11 79 61 70 1 0 5 0.00 0.0 M 6.0 13 100 M M 3 18 20 80
12 80 61 71 2 0 6 0.12 0.0 M 2.4 10 290 M M 6 18 16 300
13 86 65 76 6 0 11 0.00 0.0 M 1.2 13 30 M M 5 12 17 20
14 88 65 77 7 0 12 0.00 0.0 M 4.3 13 40 M M 2 16 70
15 83 67 75 5 0 10 0.03 0.0 M 5.9 14 90 M M 6 20 110
16 88 66 77 7 0 12 0.16 0.0 M 4.6 12 240 M M 6 13 19 230
17 83 65 74 3 0 9 0.27 0.0 M 3.8 10 310 M M 4 138 16 280
18 68 60 64 -7 1 0 0.60 0.0 M 9.8 17 90 M M 10 13 24 100
19 73 59 66 -5 0 1 0.00 0.0 M 6.5 15 80 M M 10 1 22 40
20 79 64 72 0 0 7 0.39 0.0 M 2.9 15 310 M M 10 18 24 300
21 78 64 71 -1 0 6 0.43 0.0 M 6.5 14 80 M M 7 1 21 60
22 71 63 67 -5 0 2 0.18 0.0 M 6.4 14 90 M M 9 1 19 80
23 75 61 68 -4 0 3 T 0.0 M 8.2 16 70 M M 6 24 70
24 79 61 70 -3 0 5 0.00 0.0 M 7.3 16 50 M M 2 8 23 40
25 80 53 67 -6 0 2 0.00 0.0 M 6.7 18 80 M M 3 25 100
26 77 59 68 -5 0 3 0.00 0.0 M 10.7 22 70 M M 3 28 50
27 72 54 63 -10 2 0 0.04 0.0 M 11.7 24 60 M M 4 18 36 40
28 74 54 64 -10 1 0 0.27 0.0 M 6.0 14 30 M M 6 1 26 20
29 79 53 66 -8 0 1 0.00 0.0 M 2.4 10 300 M M 5 12 15 290
30 82 60 71 -3 0 6 0.00 0.0 M 7.4 16 60 M M 5 22 80
31 76 63 70 -4 0 5 0.07 0.0 M 7.6 14 90 M M 7 1 20 60
================================================================================
SM 2417 1803 39 139 3.03 0.0 184.1 M 142
================================================================================
AV 78.0 58.2 5.9 FASTST M M 5 MAX(MPH)
MISC ----> 26 300 43 290
================================================================================
NOTES:
# LAST OF SEVERAL OCCURRENCES
COLUMN 17 PEAK WIND IN M.P.H.
PRELIMINARY LOCAL CLIMATOLOGICAL DATA (WS FORM: F-6) , PAGE 2
STATION: ATHENS
MONTH: MAY
YEAR: 2023
LATITUDE: 33 57 N
LONGITUDE: 83 19 W
[TEMPERATURE DATA] [PRECIPITATION DATA] SYMBOLS USED IN COLUMN 16
AVERAGE MONTHLY: 68.1 TOTAL FOR MONTH: 3.03 1 = FOG OR MIST
DPTR FM NORMAL: -2.4 DPTR FM NORMAL: -0.25 2 = FOG REDUCING VISIBILITY
HIGHEST: 89 ON 9 GRTST 24HR 0.82 ON 20-21 TO 1/4 MILE OR LESS
LOWEST: 38 ON 4 3 = THUNDER
SNOW, ICE PELLETS, HAIL 4 = ICE PELLETS
TOTAL MONTH: 0.0 INCH 5 = HAIL
GRTST 24HR 0.0 6 = FREEZING RAIN OR DRIZZLE
GRTST DEPTH: M ON M 7 = DUSTSTORM OR SANDSTORM:
VSBY 1/2 MILE OR LESS
8 = SMOKE OR HAZE
[NO. OF DAYS WITH] [WEATHER - DAYS WITH] 9 = BLOWING SNOW
X = TORNADO
MAX 32 OR BELOW: 0 0.01 INCH OR MORE: 14
MAX 90 OR ABOVE: 0 0.10 INCH OR MORE: 10
MIN 32 OR BELOW: 0 0.50 INCH OR MORE: 1
MIN 0 OR BELOW: 0 1.00 INCH OR MORE: 0
[HDD (BASE 65) ]
TOTAL THIS MO. 39 CLEAR (SCALE 0-3) 10
DPTR FM NORMAL 13 PTCLDY (SCALE 4-7) 17
TOTAL FM JUL 1 2302 CLOUDY (SCALE 8-10) 4
DPTR FM NORMAL -365
[CDD (BASE 65) ]
TOTAL THIS MO. 139
DPTR FM NORMAL -56 [PRESSURE DATA]
TOTAL FM JAN 1 222 HIGHEST SLP 30.28 ON 6
DPTR FM NORMAL -41 LOWEST SLP 29.65 ON 1
[REMARKS]
#FINAL-05-23#