000
CXUS55 KCYS 151242
CF6AIA
PRELIMINARY LOCAL CLIMATOLOGICAL DATA (WS FORM: F-6)
STATION: ALLIANCE NEBRASKA AIRPORT
MONTH: OCTOBER
YEAR: 2021
LATITUDE: 42 2 N
LONGITUDE: 102 48 W
TEMPERATURE IN F: :PCPN: SNOW: WIND :SUNSHINE: SKY :PK WND
================================================================================
1 2 3 4 5 6A 6B 7 8 9 10 11 12 13 14 15 16 17 18
12Z AVG MX 2MIN
DY MAX MIN AVG DEP HDD CDD WTR SNW DPTH SPD SPD DIR MIN PSBL S-S WX SPD DR
================================================================================
1 70 33 52 -1 13 0 0.00 M M 3.9 9 290 M M 1 14 30
2 74 31 53 1 12 0 0.00 M M 6.4 15 350 M M 0 8 23 340
3 82 32 57 5 8 0 0.00 M M 5.6 17 320 M M 0 8 23 300
4 83 31 57 6 8 0 0.00 M M 6.7 14 150 M M 0 28 140
5 83 39 61 11 4 0 0.00 M M 12.2 23 150 M M 0 33 150
6 80 39 60 10 5 0 0.00 M M 14.8 29 140 M M 0 37 140
7 84 43 64 14 1 0 0.00 M M 5.7 17 290 M M 0 21 290
8 79 43 61 12 4 0 T M M 7.1 36 210 M M 2 47 210
9 75 41 58 10 7 0 0.00 M M 15.8 30 280 M M 2 41 280
10 69 34 52 4 13 0 0.00 M M 12.6 23 310 M M 3 8 30 300
11 68 28 48 0 17 0 0.00 M M 10.5 21 90 M M 1 33 100
12 61 40 51 4 14 0 1.36 M M 17.8 30 80 M M 8 13 40 110
13 47 26 37 -10 28 0 0.01 M M 28.5 55 290 M M 5 1 73 300
14 50 24 37 -9 28 0 T M M 7.3 16 270 M M 5 19 270
15 52 22 37 -9 28 0 0.00 M M 12.9 31 290 M M 5 40 280
16 66 21 44 -1 21 0 0.00 M M 6.4 16 290 M M 0 8 23 340
17 75 24 50 5 15 0 0.00 M M 8.2 17 180 M M 0 8 23 180
18 76 30 53 9 12 0 0.00 M M 4.3 15 160 M M 0 20 160
19 50 33 42 -2 23 0 0.13 M M 15.3 31 30 M M 6 1 44 10
20 51 27 39 -5 26 0 0.04 M M 8.7 18 290 M M 6 1 23 300
21 65 22 44 1 21 0 0.00 M M 3.4 12 260 M M 1 1 15 260
22 69 28 49 6 16 0 0.00 M M 6.7 14 140 M M 0 17 100
23 56 34 45 3 20 0 0.00 M M 8.2 17 160 M M 3 12 21 160
24 58 32 45 3 20 0 0.00 M M 10.5 21 320 M M 1 128 28 310
25 59 32 46 4 19 0 0.00 M M 18.2 32 180 M M 1 39 160
26 60 37 49 8 16 0 0.26 M M 17.0 31 150 M M 9 1 39 320
27 57 39 48 7 17 0 0.02 M M 17.3 32 320 M M 3 43 310
28 54 26 40 0 25 0 0.00 M M 17.0 36 330 M M 0 49 330
29 69 24 47 7 18 0 0.00 M M 7.2 16 210 M M 0 20 230
30 58 29 44 4 21 0 0.01 M M 12.5 24 10 M M 4 31 20
31 37 31 34 -5 31 0 0.11 M M 7.7 15 50 M M 10 1 21 50
================================================================================
SM 2017 975 511 0 1.94 M 336.4 M 76
================================================================================
AV 65.1 31.5 10.9 FASTST M M 2 MAX(MPH)
MISC ----> 55 290 73 300
================================================================================
NOTES:
# LAST OF SEVERAL OCCURRENCES
COLUMN 17 PEAK WIND IN M.P.H.
PRELIMINARY LOCAL CLIMATOLOGICAL DATA (WS FORM: F-6) , PAGE 2
STATION: ALLIANCE NEBRASKA AIRPORT
MONTH: OCTOBER
YEAR: 2021
LATITUDE: 42 2 N
LONGITUDE: 102 48 W
[TEMPERATURE DATA] [PRECIPITATION DATA] SYMBOLS USED IN COLUMN 16
AVERAGE MONTHLY: 48.3 TOTAL FOR MONTH: 1.94 1 = FOG OR MIST
DPTR FM NORMAL: 2.8 DPTR FM NORMAL: 1.03 2 = FOG REDUCING VISIBILITY
HIGHEST: 84 ON 7 GRTST 24HR 1.37 ON 12-13 TO 1/4 MILE OR LESS
LOWEST: 21 ON 16 3 = THUNDER
SNOW, ICE PELLETS, HAIL 4 = ICE PELLETS
TOTAL MONTH: M 5 = HAIL
GRTST 24HR M ON M 6 = FREEZING RAIN OR DRIZZLE
GRTST DEPTH: M ON M 7 = DUSTSTORM OR SANDSTORM:
VSBY 1/2 MILE OR LESS
8 = SMOKE OR HAZE
[NO. OF DAYS WITH] [WEATHER - DAYS WITH] 9 = BLOWING SNOW
X = TORNADO
MAX 32 OR BELOW: 0 0.01 INCH OR MORE: 8
MAX 90 OR ABOVE: 0 0.10 INCH OR MORE: 4
MIN 32 OR BELOW: 19 0.50 INCH OR MORE: 1
MIN 0 OR BELOW: 0 1.00 INCH OR MORE: 1
[HDD (BASE 65) ]
TOTAL THIS MO. 511 CLEAR (SCALE 0-3) 21
DPTR FM NORMAL -94 PTCLDY (SCALE 4-7) 7
TOTAL FM JUL 1 607 CLOUDY (SCALE 8-10) 3
DPTR FM NORMAL -225
[CDD (BASE 65) ]
TOTAL THIS MO. 0
DPTR FM NORMAL 0 [PRESSURE DATA]
TOTAL FM JAN 1 806 HIGHEST SLP 30.41 ON 31
DPTR FM NORMAL 245 LOWEST SLP 29.33 ON 12
[REMARKS]
#FINAL-10-21#