000
CXUS56 KSGX 011045
CF6AJO
PRELIMINARY LOCAL CLIMATOLOGICAL DATA (WS FORM: F-6)
STATION: CORONA AIRPORT CA
MONTH: JUNE
YEAR: 2022
LATITUDE: 33 53 N
LONGITUDE: 117-36 E
TEMPERATURE IN F: :PCPN: SNOW: WIND :SUNSHINE: SKY :PK WND
================================================================================
1 2 3 4 5 6A 6B 7 8 9 10 11 12 13 14 15 16 17 18
12Z AVG MX 2MIN
DY MAX MIN AVG DEP HDD CDD WTR SNW DPTH SPD SPD DIR MIN PSBL S-S WX SPD DR
================================================================================
1 89 53 71 M 0 6 0.00 M M 6.0 17 280 M M 0 28 270
2 86 54 70 M 0 5 0.00 M M 6.2 16 290 M M 0 1 24 290
3 80 56 68 M 0 3 0.00 M M 6.6 20 300 M M 4 23 300
4 79 58 69 M 0 4 0.00 M M 6.8 18 280 M M 4 24 280
5 83 62 73 M 0 8 0.00 M M 6.5 14 270 M M 4 22 260
6 84 59 72 M 0 7 0.00 M M 5.2 16 290 M M 0 16 270
7 85 60 73 M 0 8 0.00 M M 7.5 16 290 M M 1 18 24 260
8 86 58 72 M 0 7 0.00 M M 6.6 16 280 M M 2 18 22 280
9 91 58 75 M 0 10 0.00 M M 6.1 17 290 M M 1 18 23 280
10 92 59 76 M 0 11 0.00 M M 7.5 17 280 M M 0 24 280
11 93 59 76 M 0 11 0.00 M M 6.3 18 280 M M 0 26 280
12 86 61 74 M 0 9 0.00 M M 8.2 17 280 M M 0 1 25 290
13 80 59 70 M 0 5 0.00 M M 6.9 16 280 M M 4 24 280
14 85 61 73 M 0 8 0.00 M M 6.3 16 280 M M 3 22 270
15 89 61 75 M 0 10 0.00 M M 8.1 23 290 M M 0 1 28 290
16 88 60 74 M 0 9 0.00 M M 7.7 18 290 M M 0 1 29 290
17 83 59 71 M 0 6 0.00 M M 9.0 21 260 M M 4 32 260
18 79 56 68 M 0 3 0.00 M M 6.5 16 270 M M 2 24 270
19 83 48 66 M 0 1 0.00 M M 6.1 15 270 M M 0 24 270
20 100 51 76 M 0 11 0.00 M M 5.5 16 270 M M 0 22 270
21 92 58 75 M 0 10 0.00 M M 6.4 15 280 M M 0 22 270
22 96 65 81 M 0 16 0.02 M M 5.6 14 280 M M 2 20 270
23 96 63 80 M 0 15 0.00 M M 7.1 16 280 M M 0 22 270
24 97 56 77 M 0 12 0.00 M M 5.6 16 280 M M 0 21 280
25 96 58 77 M 0 12 0.00 M M 6.4 21 280 M M 0 29 280
26 94 57 76 M 0 11 0.00 M M 6.6 21 290 M M 0 26 290
27 100 61 81 M 0 16 0.00 M M 6.6 20 300 M M 0 28 300
28 97 63 80 M 0 15 0.00 M M 7.7 20 280 M M 0 28 290
29 95 65 80 M 0 15 0.00 M M 7.1 16 280 M M 0 24 280
30 92 64 78 M 0 13 0.00 M M 7.1 16 260 M M 0 22 280
================================================================================
SM 2676 1762 0 277 0.02 M 201.6 M 31
================================================================================
AV 89.2 58.7 6.7 FASTST M M 1 MAX(MPH)
MISC ----> 23 290 32 260
================================================================================
NOTES:
# LAST OF SEVERAL OCCURRENCES
COLUMN 17 PEAK WIND IN M.P.H.
PRELIMINARY LOCAL CLIMATOLOGICAL DATA (WS FORM: F-6) , PAGE 2
STATION: CORONA AIRPORT CA
MONTH: JUNE
YEAR: 2022
LATITUDE: 33 53 N
LONGITUDE: 117-36 E
[TEMPERATURE DATA] [PRECIPITATION DATA] SYMBOLS USED IN COLUMN 16
AVERAGE MONTHLY: 74.0 TOTAL FOR MONTH: 0.02 1 = FOG OR MIST
DPTR FM NORMAL: 0.0 DPTR FM NORMAL: M 2 = FOG REDUCING VISIBILITY
HIGHEST: 100 ON 27,20 GRTST 24HR 0.02 ON 22-22 TO 1/4 MILE OR LESS
LOWEST: 48 ON 19 3 = THUNDER
SNOW, ICE PELLETS, HAIL 4 = ICE PELLETS
TOTAL MONTH: M 5 = HAIL
GRTST 24HR M ON M 6 = FREEZING RAIN OR DRIZZLE
GRTST DEPTH: M ON M 7 = DUSTSTORM OR SANDSTORM:
VSBY 1/2 MILE OR LESS
8 = SMOKE OR HAZE
[NO. OF DAYS WITH] [WEATHER - DAYS WITH] 9 = BLOWING SNOW
X = TORNADO
MAX 32 OR BELOW: 0 0.01 INCH OR MORE: 1
MAX 90 OR ABOVE: 14 0.10 INCH OR MORE: 0
MIN 32 OR BELOW: 0 0.50 INCH OR MORE: 0
MIN 0 OR BELOW: 0 1.00 INCH OR MORE: 0
[HDD (BASE 65) ]
TOTAL THIS MO. 0 CLEAR (SCALE 0-3) 25
DPTR FM NORMAL M PTCLDY (SCALE 4-7) 5
TOTAL FM JUL 1 1410 CLOUDY (SCALE 8-10) 0
DPTR FM NORMAL M
[CDD (BASE 65) ]
TOTAL THIS MO. 277
DPTR FM NORMAL M [PRESSURE DATA]
TOTAL FM JAN 1 425 HIGHEST SLP M ON M
DPTR FM NORMAL M LOWEST SLP M ON M
[REMARKS]
#FINAL-06-22#