005
CXUS54 KCRP 011300
CF6ALI
PRELIMINARY LOCAL CLIMATOLOGICAL DATA (WS FORM: F-6)
STATION: ALICE
MONTH: MAY
YEAR: 2020
LATITUDE: 27 44 N
LONGITUDE: 98 1 W
TEMPERATURE IN F: :PCPN: SNOW: WIND :SUNSHINE: SKY :PK WND
================================================================================
1 2 3 4 5 6A 6B 7 8 9 10 11 12 13 14 15 16 17 18
12Z AVG MX 2MIN
DY MAX MIN AVG DEP HDD CDD WTR SNW DPTH SPD SPD DIR MIN PSBL S-S WX SPD DR
================================================================================
1 93 55 74 -2 0 9 0.00 0.0 0 10.9 21 130 M M 0 29 140
2 95 66 81 4 0 16 0.00 0.0 0 13.6 25 120 M M 1 31 120
3 97 68 83 6 0 18 0.00 0.0 0 12.2 22 130 M M 2 29 120
4 99 73 86 9 0 21 0.00 0.0 0 13.5 24 130 M M 3 32 120
5 96 75 86 9 0 21 0.00 0.0 0 9.2 18 140 M M 4 25 140
6 89 67 78 0 0 13 0.03 0.0 0 10.7 21 60 M M 6 24 120
7 94 66 80 2 0 15 0.00 0.0 0 11.9 26 130 M M 5 33 140
8 99 70 85 7 0 20 0.80 0.0 0 12.5 32 40 M M 4 138 44 40
9 76 63 70 -8 0 5 0.15 0.0 0 9.0 20 50 M M 6 13 24 40
10 83 61 72 -6 0 7 0.00 0.0 0 7.6 14 50 M M 3 18 60
11 88 63 76 -3 0 11 T 0.0 0 11.2 24 130 M M 4 1 30 140
12 92 73 83 4 0 18 0.07 0.0 0 13.5 28 170 M M 6 13 35 150
13 94 71 83 4 0 18 T 0.0 0 12.6 23 120 M M 7 1 29 130
14 94 69 82 3 0 17 0.12 0.0 0 12.3 29 270 M M 6 3 35 270
15 95 77 86 6 0 21 0.25 0.0 0 12.6 24 130 M M 9 13 30 130
16 88 66 77 -3 0 12 2.12 0.0 0 6.9 31 350 M M 3 13 39 350
17 93 70 82 2 0 17 0.00 0.0 0 6.5 16 50 M M 1 19 50
18 94 66 80 0 0 15 T 0.0 0 7.0 17 130 M M 0 12 21 110
19 101 70 86 6 0 21 T 0.0 0 11.8 21 180 M M 2 12 26 180
20 100 76 88 8 0 23 0.00 0.0 0 14.0 24 130 M M 5 1 30 130
21 97 78 88 7 0 23 0.00 0.0 0 11.8 30 170 M M 4 18 39 170
22 96 78 87 6 0 22 0.00 0.0 0 13.1 21 120 M M 7 18 28 130
23 94 79 87 6 0 22 T 0.0 0 13.6 24 120 M M 7 31 120
24 92 67 80 -1 0 15 1.25 0.0 0 13.3 36 310 M M 5 138 50 310
25 86 67 77 -4 0 12 0.03 0.0 0 8.0 32 50 M M 4 3 41 40
26 89 70 80 -1 0 15 0.53 0.0 0 6.3 24 30 M M 2 13 30 40
27 94 71 83 1 0 18 0.00 0.0 0 10.2 18 170 M M 1 25 170
28 95 74 85 3 0 20 0.09 0.0 M 10.0 31 200 M M 2 13 37 190
29 89 72 81 -1 0 16 T 0.0 0 6.6 17 330 M M 3 138 22 320
30 90 71 81 -1 0 16 0.24 0.0 0 5.7 21 120 M M 4 13 29 120
31 86 72 79 -3 0 14 0.36 0.0 0 7.3 17 70 M M 4 138 21 70
================================================================================
SM 2868 2164 0 511 6.04 0.0 325.4 M 120
================================================================================
AV 92.5 69.8 10.5 FASTST M M 4 MAX(MPH)
MISC ----> # 36 310 # 50 310
================================================================================
NOTES:
# LAST OF SEVERAL OCCURRENCES
COLUMN 17 PEAK WIND IN M.P.H.
PRELIMINARY LOCAL CLIMATOLOGICAL DATA (WS FORM: F-6) , PAGE 2
STATION: ALICE
MONTH: MAY
YEAR: 2020
LATITUDE: 27 44 N
LONGITUDE: 98 1 W
[TEMPERATURE DATA] [PRECIPITATION DATA] SYMBOLS USED IN COLUMN 16
AVERAGE MONTHLY: 81.2 TOTAL FOR MONTH: 6.04 1 = FOG OR MIST
DPTR FM NORMAL: 1.6 DPTR FM NORMAL: 2.63 2 = FOG REDUCING VISIBILITY
HIGHEST: 101 ON 19 GRTST 24HR 2.12 ON 16-16 TO 1/4 MILE OR LESS
LOWEST: 55 ON 1 3 = THUNDER
SNOW, ICE PELLETS, HAIL 4 = ICE PELLETS
TOTAL MONTH: 0.0 INCH 5 = HAIL
GRTST 24HR 0.0 6 = FREEZING RAIN OR DRIZZLE
GRTST DEPTH: 0 7 = DUSTSTORM OR SANDSTORM:
VSBY 1/2 MILE OR LESS
8 = SMOKE OR HAZE
[NO. OF DAYS WITH] [WEATHER - DAYS WITH] 9 = BLOWING SNOW
X = TORNADO
MAX 32 OR BELOW: 0 0.01 INCH OR MORE: 13
MAX 90 OR ABOVE: 22 0.10 INCH OR MORE: 9
MIN 32 OR BELOW: 0 0.50 INCH OR MORE: 4
MIN 0 OR BELOW: 0 1.00 INCH OR MORE: 2
[HDD (BASE 65) ]
TOTAL THIS MO. 0 CLEAR (SCALE 0-3) 11
DPTR FM NORMAL 0 PTCLDY (SCALE 4-7) 19
TOTAL FM JUL 1 645 CLOUDY (SCALE 8-10) 1
DPTR FM NORMAL -256
[CDD (BASE 65) ]
TOTAL THIS MO. 511
DPTR FM NORMAL 60 [PRESSURE DATA]
TOTAL FM JAN 1 1323 HIGHEST SLP 30.20 ON 10
DPTR FM NORMAL 412 LOWEST SLP 29.60 ON 16
[REMARKS]
#FINAL-05-20#