000
CXUS52 KGSP 010917
CF6AND
PRELIMINARY LOCAL CLIMATOLOGICAL DATA (WS FORM: F-6)
STATION: ANDERSON SC
MONTH: OCTOBER
YEAR: 2020
LATITUDE: 34 30 N
LONGITUDE: 82 43 W
TEMPERATURE IN F: :PCPN: SNOW: WIND :SUNSHINE: SKY :PK WND
================================================================================
1 2 3 4 5 6A 6B 7 8 9 10 11 12 13 14 15 16 17 18
12Z AVG MX 2MIN
DY MAX MIN AVG DEP HDD CDD WTR SNW DPTH SPD SPD DIR MIN PSBL S-S WX SPD DR
================================================================================
1 80 50 65 -1 0 0 0.00 M M 7.5 18 240 M M 0 23 240
2 71 46 59 -7 6 0 0.00 M M 3.5 10 40 M M 0 14 60
3 71 47 59 -7 6 0 0.00 M M 5.3 14 70 M M 0 18 70
4 72 49 61 -4 4 0 0.00 M M 2.4 10 70 M M 0 13 100
5 76 48 62 -3 3 0 0.00 M M 2.3 10 80 M M 0 14 10
6 78 52 65 0 0 0 0.00 M M 1.6 8 180 M M 1 11 170
7 83 50 67 3 0 2 0.00 M M 4.6 14 270 M M 1 1 16 270
8 85 53 69 5 0 4 0.00 M M 1.3 9 260 M M 0 11 260
9 70 61 66 2 0 1 0.01 M M 7.3 15 70 M M 1 18 70
10 71 63 67 4 0 2 0.38 M M 8.6 17 60 M M 10 1 21 60
11 78 69 74 11 0 9 0.58 M M 5.1 16 260 M M 10 1 23 270
12 80 65 73 11 0 8 0.01 M M 2.9 12 250 M M 6 1 14 220
13 84 58 71 9 0 6 0.00 M M 2.6 10 270 M M 2 12 15 260
14 78 50 64 2 1 0 0.00 M M 2.5 13 80 M M 0 15 80
15 74 56 65 3 0 0 0.00 M M 1.1 10 310 M M 7 12 12 310
16 74 54 64 3 1 0 0.00 M M 3.7 14 310 M M 5 12 17 300
17 65 44 55 -6 10 0 0.00 M M 5.9 17 60 M M 0 23 70
18 69 44 57 -4 8 0 0.00 M M 4.7 10 70 M M 0 14 90
19 75 49 62 2 3 0 0.00 M M 2.2 8 80 M M 0 10 80
20 78 51 65 5 0 0 0.00 M M 2.4 9 100 M M 0 11 120
21 81 60 71 11 0 6 0.00 M M 3.5 12 60 M M 3 13 60
22 82 61 72 13 0 7 T M M 4.7 12 70 M M 2 16 110
23 82 61 72 13 0 7 0.00 M M 1.7 8 210 M M 3 10 150
24 81 60 71 12 0 6 0.80 M M 2.7 13 300 M M 5 13 16 310
25 73 59 66 8 0 1 0.36 M M 6.0 18 70 M M 10 1 24 70
26 69 58 64 6 1 0 T M M 4.2 13 60 M M 10 17 60
27 76 61 69 11 0 4 T M M 2.6 12 200 M M 6 1 14 200
28 72 63 68 10 0 3 0.08 M M 4.6 17 170 M M 9 1 23 160
29 83 59 71 14 0 6 0.87 M M 16.7 41 180 M M 7 1 58 180
30 71 49 60 3 5 0 0.00 M M 8.4 18 260 M M 0 25 260
31 62 44 53 -4 12 0 T M M 9.6 18 60 M M 4 24 70
================================================================================
SM 2344 1694 60 72 3.09 M 142.2 M 102
================================================================================
AV 75.6 54.6 4.6 FASTST M M 3 MAX(MPH)
MISC ----> 41 180 58 180
================================================================================
NOTES:
# LAST OF SEVERAL OCCURRENCES
COLUMN 17 PEAK WIND IN M.P.H.
PRELIMINARY LOCAL CLIMATOLOGICAL DATA (WS FORM: F-6) , PAGE 2
STATION: ANDERSON SC
MONTH: OCTOBER
YEAR: 2020
LATITUDE: 34 30 N
LONGITUDE: 82 43 W
[TEMPERATURE DATA] [PRECIPITATION DATA] SYMBOLS USED IN COLUMN 16
AVERAGE MONTHLY: 65.1 TOTAL FOR MONTH: 3.09 1 = FOG OR MIST
DPTR FM NORMAL: 3.8 DPTR FM NORMAL: -0.02 2 = FOG REDUCING VISIBILITY
HIGHEST: 85 ON 8 GRTST 24HR 1.10 ON 24-25 TO 1/4 MILE OR LESS
LOWEST: 44 ON 31,18 3 = THUNDER
SNOW, ICE PELLETS, HAIL 4 = ICE PELLETS
TOTAL MONTH: M 5 = HAIL
GRTST 24HR M ON M 6 = FREEZING RAIN OR DRIZZLE
GRTST DEPTH: M ON M 7 = DUSTSTORM OR SANDSTORM:
VSBY 1/2 MILE OR LESS
8 = SMOKE OR HAZE
[NO. OF DAYS WITH] [WEATHER - DAYS WITH] 9 = BLOWING SNOW
X = TORNADO
MAX 32 OR BELOW: 0 0.01 INCH OR MORE: 8
MAX 90 OR ABOVE: 0 0.10 INCH OR MORE: 5
MIN 32 OR BELOW: 0 0.50 INCH OR MORE: 3
MIN 0 OR BELOW: 0 1.00 INCH OR MORE: 0
[HDD (BASE 65) ]
TOTAL THIS MO. 60 CLEAR (SCALE 0-3) 17
DPTR FM NORMAL -98 PTCLDY (SCALE 4-7) 9
TOTAL FM JUL 1 76 CLOUDY (SCALE 8-10) 5
DPTR FM NORMAL -96
[CDD (BASE 65) ]
TOTAL THIS MO. 72
DPTR FM NORMAL 27 [PRESSURE DATA]
TOTAL FM JAN 1 1863 HIGHEST SLP 30.43 ON 31
DPTR FM NORMAL 199 LOWEST SLP 29.50 ON 29
[REMARKS]
#FINAL-10-20#