000
CXUS51 KCTP 010800
CF6AOO
PRELIMINARY LOCAL CLIMATOLOGICAL DATA (WS FORM: F-6)
STATION: ALTOONA
MONTH: APRIL
YEAR: 2023
LATITUDE: 40 17 N
LONGITUDE: 78 19 W
TEMPERATURE IN F: :PCPN: SNOW: WIND :SUNSHINE: SKY :PK WND
================================================================================
1 2 3 4 5 6A 6B 7 8 9 10 11 12 13 14 15 16 17 18
12Z AVG MX 2MIN
DY MAX MIN AVG DEP HDD CDD WTR SNW DPTH SPD SPD DIR MIN PSBL S-S WX SPD DR
================================================================================
1 72 40 56 11 9 0 0.32 M M 15.7 37 250 M M 7 1 49 230
2 50 32 41 -4 24 0 T M M 9.7 31 300 M M 4 1 39 300
3 68 30 49 4 16 0 0.00 M M 7.2 17 210 M M 2 21 210
4 77 46 62 16 3 0 T M M 5.4 15 210 M M 2 20 220
5 83 49 66 20 0 1 0.26 M M 7.9 25 300 M M 3 138 33 290
6 67 45 56 9 9 0 T M M 10.4 20 320 M M 7 26 330
7 51 38 45 -2 20 0 0.00 M M 9.2 16 320 M M 2 23 360
8 51 27 39 -9 26 0 0.00 M M 3.9 13 340 M M 0 16 340
9 59 28 44 -4 21 0 0.00 M M 2.7 10 150 M M 0 8 16 360
10 67 32 50 2 15 0 0.00 M M 2.1 12 180 M M 0 16 190
11 72 39 56 7 9 0 0.00 M M 8.5 18 290 M M 0 26 330
12 79 58 69 20 0 4 0.00 M M 11.2 23 280 M M 0 29 280
13 85 58 72 22 0 7 0.00 M M 6.1 13 230 M M 0 8 18 230
14 84 52 68 18 0 3 0.00 M M 3.6 15 150 M M 0 8 18 150
15 68 57 63 13 2 0 0.42 M M 3.8 14 270 M M 9 1 17 270
16 79 51 65 14 0 0 0.07 M M 7.1 25 280 M M 4 12 33 280
17 53 40 47 -4 18 0 0.05 M M 15.4 28 270 M M 8 35 240
18 48 33 41 -11 24 0 0.03 M M 11.3 30 280 M M 7 39 270
19 67 32 50 -2 15 0 0.00 M M 6.9 18 310 M M 0 24 310
20 85 41 63 11 2 0 0.00 M M 4.2 18 240 M M 0 27 210
21 85 51 68 15 0 3 T M M 7.1 20 160 M M 2 24 160
22 70 43 57 4 8 0 0.24 M M 9.0 23 230 M M 5 1 30 160
23 51 36 44 -9 21 0 0.00 M M 7.9 20 270 M M 7 1 24 270
24 50 30 40 -14 25 0 0.00 M M 6.6 21 270 M M 4 26 270
25 55 28 42 -12 23 0 0.00 M M 3.3 13 260 M M 4 1 17 160
26 64 35 50 -4 15 0 T M M 5.1 15 310 M M 6 8 26 350
27 66 36 51 -4 14 0 0.00 M M 5.0 14 120 M M 2 17 130
28 56 45 51 -4 14 0 0.85 M M 10.4 21 100 M M 10 1 28 90
29 60 45 53 -3 12 0 0.08 M M 4.2 10 140 M M 10 1 12 160
30 56 45 51 -5 14 0 1.03 M M 7.2 22 310 M M 10 13 29 290
================================================================================
SM 1978 1222 359 18 3.35 M 218.1 M 115
================================================================================
AV 65.9 40.7 7.3 FASTST M M 4 MAX(MPH)
MISC ----> 37 250 49 230
================================================================================
NOTES:
# LAST OF SEVERAL OCCURRENCES
COLUMN 17 PEAK WIND IN M.P.H.
PRELIMINARY LOCAL CLIMATOLOGICAL DATA (WS FORM: F-6) , PAGE 2
STATION: ALTOONA
MONTH: APRIL
YEAR: 2023
LATITUDE: 40 17 N
LONGITUDE: 78 19 W
[TEMPERATURE DATA] [PRECIPITATION DATA] SYMBOLS USED IN COLUMN 16
AVERAGE MONTHLY: 53.3 TOTAL FOR MONTH: 3.35 1 = FOG OR MIST
DPTR FM NORMAL: 2.9 DPTR FM NORMAL: 0.07 2 = FOG REDUCING VISIBILITY
HIGHEST: 85 ON 21,20 GRTST 24HR 1.07 ON 29-30 TO 1/4 MILE OR LESS
LOWEST: 27 ON 8 3 = THUNDER
SNOW, ICE PELLETS, HAIL 4 = ICE PELLETS
TOTAL MONTH: M 5 = HAIL
GRTST 24HR M ON M 6 = FREEZING RAIN OR DRIZZLE
GRTST DEPTH: M ON M 7 = DUSTSTORM OR SANDSTORM:
VSBY 1/2 MILE OR LESS
8 = SMOKE OR HAZE
[NO. OF DAYS WITH] [WEATHER - DAYS WITH] 9 = BLOWING SNOW
X = TORNADO
MAX 32 OR BELOW: 0 0.01 INCH OR MORE: 10
MAX 90 OR ABOVE: 0 0.10 INCH OR MORE: 6
MIN 32 OR BELOW: 8 0.50 INCH OR MORE: 2
MIN 0 OR BELOW: 0 1.00 INCH OR MORE: 1
[HDD (BASE 65) ]
TOTAL THIS MO. 359 CLEAR (SCALE 0-3) 14
DPTR FM NORMAL -86 PTCLDY (SCALE 4-7) 11
TOTAL FM JUL 1 4937 CLOUDY (SCALE 8-10) 5
DPTR FM NORMAL -596
[CDD (BASE 65) ]
TOTAL THIS MO. 18
DPTR FM NORMAL 11 [PRESSURE DATA]
TOTAL FM JAN 1 18 HIGHEST SLP 30.56 ON 8
DPTR FM NORMAL 10 LOWEST SLP 29.28 ON 30
[REMARKS]
#FINAL-04-23#