000
CXUS51 KBUF 010805
CF6ART
PRELIMINARY LOCAL CLIMATOLOGICAL DATA (WS FORM: F-6)
STATION: WATERTOWN NY
MONTH: MAY
YEAR: 2023
LATITUDE: 43 59 N
LONGITUDE: 76 2 W
TEMPERATURE IN F: :PCPN: SNOW: WIND :SUNSHINE: SKY :PK WND
================================================================================
1 2 3 4 5 6A 6B 7 8 9 10 11 12 13 14 15 16 17 18
12Z AVG MX 2MIN
DY MAX MIN AVG DEP HDD CDD WTR SNW DPTH SPD SPD DIR MIN PSBL S-S WX SPD DR
================================================================================
1 53 41 47 -3 18 0 0.63 M M 11.9 23 220 M M 9 1 35 230
2 52 38 45 -5 20 0 0.03 M M 5.6 13 260 M M 8 1 20 280
3 46 42 44 -7 21 0 0.27 M M 4.1 12 270 M M 10 1 15 270
4 53 43 48 -3 17 0 0.01 M M 8.1 16 40 M M 9 18 20 30
5 65 42 54 3 11 0 T M M 4.8 13 20 M M 5 19 360
6 63 34 49 -3 16 0 0.00 M M 6.0 16 260 M M 0 23 260
7 69 40 55 3 10 0 T M M 3.6 13 280 M M 3 16 280
8 64 36 50 -2 15 0 0.00 M M 4.8 15 250 M M 1 1 24 250
9 63 33 48 -5 17 0 0.00 M M 6.1 16 260 M M 0 23 310
10 63 35 49 -4 16 0 0.00 M M 7.4 17 220 M M 0 26 230
11 71 46 59 5 6 0 0.00 M M 7.3 20 260 M M 0 25 260
12 75 51 63 9 2 0 0.00 M M 7.2 15 270 M M 3 20 270
13 71 46 59 5 6 0 0.00 M M 7.3 17 260 M M 1 25 260
14 63 42 53 -1 12 0 0.00 M M 9.2 18 330 M M 0 8 27 30
15 64 37 51 -4 14 0 0.00 M M 11.0 26 230 M M 0 18 41 230
16 68 41 55 0 10 0 0.00 M M 13.7 23 360 M M 4 40 250
17 51 31 41 -14 24 0 0.00 M M 8.9 20 360 M M 2 31 350
18 59 28 44 -12 21 0 0.00 M M 3.9 14 280 M M 0 21 270
19 76 42 59 3 6 0 T M M 8.8 24 210 M M 4 37 200
20 66 50 58 2 7 0 0.54 M M 7.0 17 220 M M 9 1 27 210
21 65 47 56 -1 9 0 T M M 8.6 20 230 M M 5 1 28 230
22 67 40 54 -3 11 0 0.00 M M 8.1 17 60 M M 0 22 60
23 73 33 53 -4 12 0 0.00 M M 3.0 12 270 M M 0 15 260
24 66 41 54 -4 11 0 0.22 M M 8.5 24 350 M M 7 1 32 350
25 63 30 47 -11 18 0 0.00 M M 6.0 16 340 M M 0 25 340
26 67 36 52 -6 13 0 0.00 M M 4.2 14 260 M M 0 19 260
27 71 36 54 -4 11 0 0.00 M M 3.8 13 260 M M 0 18 250
28 75 42 59 0 6 0 0.00 M M 4.6 14 260 M M 0 19 230
29 80 46 63 4 2 0 0.00 M M 7.7 18 10 M M 0 24 30
30 80 46 63 4 2 0 0.00 M M 5.9 18 200 M M 0 29 190
31 83 49 66 6 0 1 0.00 M M 5.1 16 260 M M 0 20 260
================================================================================
SM 2045 1244 364 1 1.70 M 212.2 M 80
================================================================================
AV 66.0 40.1 6.8 FASTST M M 3 MAX(MPH)
MISC ----> 26 230 41 230
================================================================================
NOTES:
# LAST OF SEVERAL OCCURRENCES
COLUMN 17 PEAK WIND IN M.P.H.
PRELIMINARY LOCAL CLIMATOLOGICAL DATA (WS FORM: F-6) , PAGE 2
STATION: WATERTOWN NY
MONTH: MAY
YEAR: 2023
LATITUDE: 43 59 N
LONGITUDE: 76 2 W
[TEMPERATURE DATA] [PRECIPITATION DATA] SYMBOLS USED IN COLUMN 16
AVERAGE MONTHLY: 53.0 TOTAL FOR MONTH: 1.70 1 = FOG OR MIST
DPTR FM NORMAL: -2.0 DPTR FM NORMAL: -1.27 2 = FOG REDUCING VISIBILITY
HIGHEST: 83 ON 31 GRTST 24HR 1.80 ON 30- 1 TO 1/4 MILE OR LESS
LOWEST: 28 ON 18 3 = THUNDER
SNOW, ICE PELLETS, HAIL 4 = ICE PELLETS
TOTAL MONTH: M 5 = HAIL
GRTST 24HR M ON M 6 = FREEZING RAIN OR DRIZZLE
GRTST DEPTH: M ON M 7 = DUSTSTORM OR SANDSTORM:
VSBY 1/2 MILE OR LESS
8 = SMOKE OR HAZE
[NO. OF DAYS WITH] [WEATHER - DAYS WITH] 9 = BLOWING SNOW
X = TORNADO
MAX 32 OR BELOW: 0 0.01 INCH OR MORE: 6
MAX 90 OR ABOVE: 0 0.10 INCH OR MORE: 4
MIN 32 OR BELOW: 3 0.50 INCH OR MORE: 2
MIN 0 OR BELOW: 0 1.00 INCH OR MORE: 0
[HDD (BASE 65) ]
TOTAL THIS MO. 364 CLEAR (SCALE 0-3) 20
DPTR FM NORMAL 38 PTCLDY (SCALE 4-7) 7
TOTAL FM JUL 1 6578 CLOUDY (SCALE 8-10) 4
DPTR FM NORMAL -845
[CDD (BASE 65) ]
TOTAL THIS MO. 1
DPTR FM NORMAL -13 [PRESSURE DATA]
TOTAL FM JAN 1 1 HIGHEST SLP 30.37 ON 14
DPTR FM NORMAL -14 LOWEST SLP 29.06 ON 1
[REMARKS]
#FINAL-05-23#