000
CXUS51 KBUF 010805
CF6ART
PRELIMINARY LOCAL CLIMATOLOGICAL DATA (WS FORM: F-6)
STATION: WATERTOWN NY
MONTH: APRIL
YEAR: 2021
LATITUDE: 43 59 N
LONGITUDE: 76 2 W
TEMPERATURE IN F: :PCPN: SNOW: WIND :SUNSHINE: SKY :PK WND
================================================================================
1 2 3 4 5 6A 6B 7 8 9 10 11 12 13 14 15 16 17 18
12Z AVG MX 2MIN
DY MAX MIN AVG DEP HDD CDD WTR SNW DPTH SPD SPD DIR MIN PSBL S-S WX SPD DR
================================================================================
1 38 22 30 -8 35 0 0.01 M M 10.7 23 350 M M 9 1 29 350
2 39 16 28 -10 37 0 0.00 M M 9.9 22 330 M M 1 27 330
3 45 13 29 -9 36 0 0.00 M M 5.3 17 260 M M 2 24 260
4 57 27 42 3 23 0 0.00 M M 4.9 16 250 M M 3 23 260
5 56 23 40 1 25 0 0.00 M M 5.9 17 250 M M 0 23 260
6 57 20 39 -1 26 0 0.00 M M 3.8 16 260 M M 0 18 260
7 69 38 54 14 11 0 0.00 M M 6.5 17 50 M M 3 22 50
8 77 32 55 14 10 0 0.00 M M 4.1 15 80 M M 0 20 70
9 70 47 59 18 6 0 T M M 7.0 14 190 M M 5 20 140
10 76 38 57 15 8 0 0.00 M M 3.9 13 270 M M 0 8 15 270
11 76 49 63 21 2 0 0.15 M M 4.8 16 10 M M 4 1 21 130
12 55 48 52 10 13 0 0.60 M M 5.4 14 90 M M 10 1 21 140
13 64 45 55 12 10 0 0.00 M M 2.9 14 320 M M 8 16 330
14 63 37 50 7 15 0 T M M 4.9 15 290 M M 3 12 17 270
15 51 40 46 2 19 0 0.23 M M 6.9 16 230 M M 10 1 21 220
16 49 39 44 0 21 0 0.10 M M 7.0 18 30 M M 10 1 23 20
17 50 37 44 -1 21 0 0.00 M M 5.6 14 20 M M 9 17 20
18 54 41 48 3 17 0 T M M 7.4 17 230 M M 7 1 21 260
19 60 43 52 7 13 0 0.00 M M 8.3 18 280 M M 3 24 230
20 51 35 43 -3 22 0 0.06 M M 12.5 26 260 M M 8 1 37 260
21 36 30 33 -13 32 0 0.09 M M 8.1 18 360 M M 10 18 26 20
22 43 28 36 -11 29 0 T M M 16.1 30 260 M M 8 43 260
23 54 36 45 -2 20 0 0.00 M M 14.4 23 240 M M 2 33 220
24 62 41 52 5 13 0 0.00 M M 8.2 21 220 M M 1 29 230
25 57 36 47 -1 18 0 T M M 11.5 24 270 M M 8 32 270
26 48 32 40 -8 25 0 0.00 M M 11.0 22 230 M M 3 27 220
27 64 36 50 2 15 0 0.17 M M 3.8 13 60 M M 8 13 16 50
28 60 46 53 4 12 0 0.37 M M 6.0 14 100 M M 9 123 19 110
29 53 47 50 1 15 0 0.20 M M 5.6 12 260 M M 10 1 17 270
30 48 33 41 -9 24 0 0.58 M M 14.8 33 290 M M 10 1 41 290
================================================================================
SM 1682 1055 573 0 2.56 M 227.2 M 164
================================================================================
AV 56.1 35.2 7.6 FASTST M M 5 MAX(MPH)
MISC ----> 33 290 43 260
================================================================================
NOTES:
# LAST OF SEVERAL OCCURRENCES
COLUMN 17 PEAK WIND IN M.P.H.
PRELIMINARY LOCAL CLIMATOLOGICAL DATA (WS FORM: F-6) , PAGE 2
STATION: WATERTOWN NY
MONTH: APRIL
YEAR: 2021
LATITUDE: 43 59 N
LONGITUDE: 76 2 W
[TEMPERATURE DATA] [PRECIPITATION DATA] SYMBOLS USED IN COLUMN 16
AVERAGE MONTHLY: 45.6 TOTAL FOR MONTH: 2.56 1 = FOG OR MIST
DPTR FM NORMAL: 1.7 DPTR FM NORMAL: -0.34 2 = FOG REDUCING VISIBILITY
HIGHEST: 77 ON 8 GRTST 24HR 0.74 ON 11-12 TO 1/4 MILE OR LESS
LOWEST: 13 ON 3 3 = THUNDER
SNOW, ICE PELLETS, HAIL 4 = ICE PELLETS
TOTAL MONTH: M 5 = HAIL
GRTST 24HR M ON M 6 = FREEZING RAIN OR DRIZZLE
GRTST DEPTH: M ON M 7 = DUSTSTORM OR SANDSTORM:
VSBY 1/2 MILE OR LESS
8 = SMOKE OR HAZE
[NO. OF DAYS WITH] [WEATHER - DAYS WITH] 9 = BLOWING SNOW
X = TORNADO
MAX 32 OR BELOW: 0 0.01 INCH OR MORE: 11
MAX 90 OR ABOVE: 0 0.10 INCH OR MORE: 8
MIN 32 OR BELOW: 10 0.50 INCH OR MORE: 2
MIN 0 OR BELOW: 0 1.00 INCH OR MORE: 0
[HDD (BASE 65) ]
TOTAL THIS MO. 573 CLEAR (SCALE 0-3) 11
DPTR FM NORMAL -63 PTCLDY (SCALE 4-7) 8
TOTAL FM JUL 1 6471 CLOUDY (SCALE 8-10) 11
DPTR FM NORMAL -672
[CDD (BASE 65) ]
TOTAL THIS MO. 0
DPTR FM NORMAL -1 [PRESSURE DATA]
TOTAL FM JAN 1 0 HIGHEST SLP 30.37 ON 3
DPTR FM NORMAL -1 LOWEST SLP 29.42 ON 30
[REMARKS]
#FINAL-04-21#