252
CXUS51 KBUF 011659
CF6ART
PRELIMINARY LOCAL CLIMATOLOGICAL DATA (WS FORM: F-6)
STATION: WATERTOWN NY
MONTH: SEPTEMBER
YEAR: 2020
LATITUDE: 43 59 N
LONGITUDE: 76 2 W
TEMPERATURE IN F: :PCPN: SNOW: WIND :SUNSHINE: SKY :PK WND
================================================================================
1 2 3 4 5 6A 6B 7 8 9 10 11 12 13 14 15 16 17 18
12Z AVG MX 2MIN
DY MAX MIN AVG DEP HDD CDD WTR SNW DPTH SPD SPD DIR MIN PSBL S-S WX SPD DR
================================================================================
1 78 68 73 9 0 8 T M M 8.1 15 210 M M 9 8 22 200
2 79 59 69 5 0 4 0.02 M M 10.0 20 180 M M 7 1 37 170
3 78 50 64 0 1 0 0.04 M M 5.7 22 270 M M 1 1 31 260
4 72 48 60 -4 5 0 T M M 10.7 24 260 M M 2 8 36 260
5 73 46 60 -3 5 0 0.00 M M 8.1 21 230 M M 2 8 29 230
6 71 42 57 -6 8 0 0.00 M M 4.6 14 260 M M 0 1 18 270
7 81 63 72 9 0 7 T M M 11.4 26 220 M M 5 36 210
8 75 58 67 5 0 2 0.00 M M 8.2 18 40 M M 9 8 23 40
9 74 57 66 4 0 1 0.00 M M 8.7 16 60 M M 7 18 19 70
10 71 54 63 1 2 0 0.01 M M 6.4 16 10 M M 10 128 19 30
11 63 40 52 -9 13 0 T M M 7.8 15 40 M M 6 1 19 40
12 74 37 56 -5 9 0 0.00 M M 4.3 13 150 M M 3 1 19 150
13 71 59 65 4 0 0 0.11 M M 10.0 21 200 M M 7 18 30 180
14 64 38 51 -9 14 0 0.00 M M 7.1 16 10 M M 3 21 340
15 61 32 47 -13 18 0 0.00 M M 4.3 14 270 M M 0 18 17 270
16 73 55 64 4 1 0 0.00 M M M M M M M 0 M M
17 M 41 M M M M 0.02 M M M 17 30 M M 2 22 30
18 61 31 46 -13 19 0 0.00 M M 8.2 20 10 M M 1 8 29 30
19 58 26 42 -16 23 0 0.00 M M 2.6 13 20 M M 1 15 360
20 62 31 47 -11 18 0 0.00 M M 3.4 13 260 M M 3 16 270
21 66 28 47 -11 18 0 0.00 M M 3.7 14 270 M M 0 18 260
22 66 31 49 -8 16 0 0.00 M M 4.4 13 260 M M 1 16 300
23 72 48 60 3 5 0 0.00 M M 6.8 17 220 M M 2 22 230
24 74 54 64 8 1 0 0.00 M M 5.4 14 270 M M 3 1 17 270
25 74 50 62 6 3 0 0.00 M M 4.4 13 270 M M 2 1 16 260
26 81 50 66 10 0 1 0.00 M M 6.2 15 260 M M 0 1 20 150
27 83 66 75 20 0 10 0.00 M M 9.6 17 200 M M 1 26 200
28 83 68 76 21 0 11 0.00 M M 8.0 17 170 M M 5 27 180
29 74 54 64 10 1 0 0.72 M M 7.3 23 250 M M 9 1 33 260
30 62 53 58 4 7 0 0.70 M M 9.0 25 230 M M 9 1 39 220
================================================================================
SM 2074 1437 187 44 1.62 M 194.4 M 110
================================================================================
AV 71.5 47.9 6.9 FASTST M M 4 MAX(MPH)
MISC ----> # 26 220 # 39 220
================================================================================
NOTES:
# LAST OF SEVERAL OCCURRENCES
COLUMN 17 PEAK WIND IN M.P.H.
PRELIMINARY LOCAL CLIMATOLOGICAL DATA (WS FORM: F-6) , PAGE 2
STATION: WATERTOWN NY
MONTH: SEPTEMBER
YEAR: 2020
LATITUDE: 43 59 N
LONGITUDE: 76 2 W
[TEMPERATURE DATA] [PRECIPITATION DATA] SYMBOLS USED IN COLUMN 16
AVERAGE MONTHLY: 59.7 TOTAL FOR MONTH: 1.62 1 = FOG OR MIST
DPTR FM NORMAL: 0.2 DPTR FM NORMAL: -2.10 2 = FOG REDUCING VISIBILITY
HIGHEST: 83 ON 28,27 GRTST 24HR 0.72 ON 29-29 TO 1/4 MILE OR LESS
LOWEST: 26 ON 19 3 = THUNDER
SNOW, ICE PELLETS, HAIL 4 = ICE PELLETS
TOTAL MONTH: M 5 = HAIL
GRTST 24HR M ON M 6 = FREEZING RAIN OR DRIZZLE
GRTST DEPTH: M ON M 7 = DUSTSTORM OR SANDSTORM:
VSBY 1/2 MILE OR LESS
8 = SMOKE OR HAZE
[NO. OF DAYS WITH] [WEATHER - DAYS WITH] 9 = BLOWING SNOW
X = TORNADO
MAX 32 OR BELOW: 0 0.01 INCH OR MORE: 7
MAX 90 OR ABOVE: 0 0.10 INCH OR MORE: 3
MIN 32 OR BELOW: 6 0.50 INCH OR MORE: 2
MIN 0 OR BELOW: 0 1.00 INCH OR MORE: 0
[HDD (BASE 65) ]
TOTAL THIS MO. 187 CLEAR (SCALE 0-3) 19
DPTR FM NORMAL -15 PTCLDY (SCALE 4-7) 6
TOTAL FM JUL 1 219 CLOUDY (SCALE 8-10) 5
DPTR FM NORMAL -55
[CDD (BASE 65) ]
TOTAL THIS MO. 44
DPTR FM NORMAL 9 [PRESSURE DATA]
TOTAL FM JAN 1 645 HIGHEST SLP 30.63 ON 21
DPTR FM NORMAL 286 LOWEST SLP 29.50 ON 30
[REMARKS]
#FINAL-09-20#