000
CXUS53 KARX 240647
CF6ARX
PRELIMINARY LOCAL CLIMATOLOGICAL DATA (WS FORM: F-6)
STATION: LA CROSSE WEATHER OFFICE WI
MONTH: JUNE
YEAR: 2022
LATITUDE: 43 49 N
LONGITUDE: 91 12 W
TEMPERATURE IN F: :PCPN: SNOW: WIND :SUNSHINE: SKY :PK WND
================================================================================
1 2 3 4 5 6A 6B 7 8 9 10 11 12 13 14 15 16 17 18
12Z AVG MX 2MIN
DY MAX MIN AVG DEP HDD CDD WTR SNW DPTH SPD SPD DIR MIN PSBL S-S WX SPD DR
================================================================================
1 67 51 59 -4 6 0 0.00 0.0 0 M M M M M M 29 M
2 75 49 62 -1 3 0 0.00 0.0 0 M M M M M M 20 M
3 69 53 61 -3 4 0 0.00 0.0 0 M M M M M M 28 M
4 57 52 55 -9 10 0 0.13 0.0 0 M M M M M M 21 M
5 66 53 60 -4 5 0 0.31 0.0 0 M M M M M M 16 M
6 68 56 62 -2 3 0 0.31 0.0 0 M M M M M M 1 16 M
7 70 54 62 -3 3 0 0.24 0.0 0 M M M M M M 15 M
8 70 53 62 -3 3 0 0.94 0.0 0 M M M M M M 13 14 M
9 75 54 65 0 0 0 0.00 0.0 0 M M M M M M 18 M
10 77 57 67 1 0 2 T 0.0 0 M M M M M M 14 M
11 72 60 66 0 0 1 0.27 0.0 0 M M M M M M 1 15 M
12 73 59 66 0 0 1 0.00 0.0 0 M M M M M M 1 20 M
13 73 60 67 1 0 2 2.00 0.0 0 M M M M M M 13 31 M
14 92 68 80 13 0 15 0.00 0.0 0 M M M M M M 30 M
15 81 59 70 3 0 5 1.09 0.0 0 M M M M M M 3 31 M
16 79 60 70 3 0 5 0.00 0.0 0 M M M M M M 36 M
17 78 59 69 1 0 4 0.00 0.0 0 M M M M M M 21 M
18 77 56 67 -1 0 2 0.00 0.0 0 M M M M M M 21 M
19 82 57 70 2 0 5 0.00 0.0 0 M M M M M M 23 M
20 89 69 79 11 0 14 0.00 0.0 0 M M M M M M 25 M
21 88 71 80 12 0 15 T 0.0 0 M M M M M M 22 M
22 79 65 72 3 0 7 0.00 0.0 0 M M M M M M 20 M
23 85 64 75 6 0 10 0.00 0.0 0 M M M M M M 18 M
24 84 67 76 7 0 11 0.00 0.0 0 M M M M M M 20 M
25 74 64 69 0 0 4 0.53 0.0 0 M M M M M M 24 M
26 70 58 64 -5 1 0 0.00 0.0 0 M M M M M M 30 M
27 76 52 64 -6 1 0 0.00 0.0 0 M M M M M M 18 M
28 79 60 70 0 0 5 0.15 0.0 0 M M M M M M 3 24 M
29 82 57 70 0 0 5 0.00 0.0 0 M M M M M M 12 26 M
30 81 70 76 6 0 11 0.01 0.0 0 M M M M M M 28 M
================================================================================
SM 2288 1767 39 124 5.98 0.0 M M M
================================================================================
AV 76.3 58.9 M FASTST M M M MAX(MPH)
MISC ----> M M 36 9999
================================================================================
NOTES:
# LAST OF SEVERAL OCCURRENCES
COLUMN 17 PEAK WIND IN M.P.H.
PRELIMINARY LOCAL CLIMATOLOGICAL DATA (WS FORM: F-6) , PAGE 2
STATION: LA CROSSE WEATHER OFFICE WI
MONTH: JUNE
YEAR: 2022
LATITUDE: 43 49 N
LONGITUDE: 91 12 W
[TEMPERATURE DATA] [PRECIPITATION DATA] SYMBOLS USED IN COLUMN 16
AVERAGE MONTHLY: 67.6 TOTAL FOR MONTH: 5.98 1 = FOG OR MIST
DPTR FM NORMAL: 0.7 DPTR FM NORMAL: 0.69 2 = FOG REDUCING VISIBILITY
HIGHEST: 92 ON 14 GRTST 24HR 2.00 ON 13-13 TO 1/4 MILE OR LESS
LOWEST: 49 ON 2 3 = THUNDER
SNOW, ICE PELLETS, HAIL 4 = ICE PELLETS
TOTAL MONTH: 0.0 INCH 5 = HAIL
GRTST 24HR 0.0 6 = FREEZING RAIN OR DRIZZLE
GRTST DEPTH: 0 7 = DUSTSTORM OR SANDSTORM:
VSBY 1/2 MILE OR LESS
8 = SMOKE OR HAZE
[NO. OF DAYS WITH] [WEATHER - DAYS WITH] 9 = BLOWING SNOW
X = TORNADO
MAX 32 OR BELOW: 0 0.01 INCH OR MORE: 11
MAX 90 OR ABOVE: 1 0.10 INCH OR MORE: 10
MIN 32 OR BELOW: 0 0.50 INCH OR MORE: 4
MIN 0 OR BELOW: 0 1.00 INCH OR MORE: 2
[HDD (BASE 65) ]
TOTAL THIS MO. 39 CLEAR (SCALE 0-3) 0
DPTR FM NORMAL -15 PTCLDY (SCALE 4-7) 0
TOTAL FM JUL 1 7498 CLOUDY (SCALE 8-10) 30
DPTR FM NORMAL -97
[CDD (BASE 65) ]
TOTAL THIS MO. 124
DPTR FM NORMAL 13 [PRESSURE DATA]
TOTAL FM JAN 1 198 HIGHEST SLP M ON M
DPTR FM NORMAL 55 LOWEST SLP M ON M
[REMARKS]
#FINAL-06-22#