000
CXUS56 KPQR 120827
CF6AST
PRELIMINARY LOCAL CLIMATOLOGICAL DATA (WS FORM: F-6)
STATION: ASTORIA OR
MONTH: MARCH
YEAR: 2021
LATITUDE: 46 9 N
LONGITUDE: 123 53 W
TEMPERATURE IN F: :PCPN: SNOW: WIND :SUNSHINE: SKY :PK WND
================================================================================
1 2 3 4 5 6A 6B 7 8 9 10 11 12 13 14 15 16 17 18
12Z AVG MX 2MIN
DY MAX MIN AVG DEP HDD CDD WTR SNW DPTH SPD SPD DIR MIN PSBL S-S WX SPD DR
================================================================================
1 53 38 46 1 19 0 0.00 M M 3.5 15 250 M M 3 1 18 250
2 49 34 42 -3 23 0 0.00 M M 4.3 13 330 M M 7 1 17 240
3 48 32 40 -5 25 0 0.00 M M 4.0 13 270 M M 8 17 250
4 52 40 46 1 19 0 0.33 M M 7.4 26 170 M M 10 1 39 160
5 51 42 47 2 18 0 0.46 M M 9.6 25 180 M M 6 1 35 180
6 50 40 45 -1 20 0 0.07 M M 9.0 22 210 M M 5 1 30 210
7 49 34 42 -4 23 0 0.59 M M 10.9 23 210 M M 5 1 35 200
8 53 32 43 -3 22 0 0.07 M M 6.5 16 230 M M 3 1 20 150
9 50 38 44 -2 21 0 0.16 M M 6.0 16 250 M M 7 1 20 150
10 51 32 42 -4 23 0 0.00 M M 5.9 22 310 M M 4 26 320
11 56 29 43 -3 22 0 0.00 M M 4.2 13 300 M M 0 16 290
12 56 28 42 -4 23 0 0.00 M M 3.8 10 320 M M 0 14 340
13 52 29 41 -5 24 0 0.00 M M 7.1 23 220 M M 1 30 220
14 48 41 45 -1 20 0 0.46 M M 10.7 23 330 M M 9 1 29 330
15 46 30 38 -8 27 0 0.02 M M 8.7 24 330 M M 3 1 29 330
16 48 27 38 -8 27 0 0.00 M M 4.6 13 330 M M 0 15 330
17 54 31 43 -3 22 0 0.00 M M 4.5 18 230 M M 0 8 26 240
18 52 36 44 -3 21 0 0.30 M M 8.1 25 180 M M 7 1 40 180
19 53 45 49 2 16 0 0.20 M M 15.9 29 190 M M 9 13 42 200
20 50 42 46 -1 19 0 0.19 M M 11.0 23 320 M M 9 18 30 250
21 47 38 43 -4 22 0 0.84 M M 9.4 18 190 M M 9 1 30 190
22 51 39 45 -2 20 0 0.11 M M 9.3 20 320 M M 7 1 25 290
23 51 35 43 -4 22 0 T M M 4.6 14 310 M M 4 1 17 320
24 50 40 45 -2 20 0 0.46 M M 12.4 24 200 M M 9 1 33 190
25 51 36 44 -3 21 0 0.10 M M 8.6 18 310 M M 6 1 23 290
26 52 37 45 -2 20 0 0.00 M M 4.5 14 260 M M 10 17 260
27 54 41 48 1 17 0 0.00 M M 4.4 15 330 M M 5 18 340
28 47 40 44 -3 21 0 0.57 M M 17.0 33 290 M M 9 138 44 270
29 50 35 43 -4 22 0 0.05 M M 13.0 29 300 M M 8 1 38 300
30 50 32 41 -6 24 0 0.00 M M 3.6 9 350 M M 8 1 13 300
31 65 32 49 2 16 0 0.00 M M 5.2 16 70 M M 1 1 20 50
================================================================================
SM 1589 1105 659 0 4.98 M 237.7 M 172
================================================================================
AV 51.3 35.6 7.7 FASTST M M 6 MAX(MPH)
MISC ----> 33 290 44 270
================================================================================
NOTES:
# LAST OF SEVERAL OCCURRENCES
COLUMN 17 PEAK WIND IN M.P.H.
PRELIMINARY LOCAL CLIMATOLOGICAL DATA (WS FORM: F-6) , PAGE 2
STATION: ASTORIA OR
MONTH: MARCH
YEAR: 2021
LATITUDE: 46 9 N
LONGITUDE: 123 53 W
[TEMPERATURE DATA] [PRECIPITATION DATA] SYMBOLS USED IN COLUMN 16
AVERAGE MONTHLY: 43.5 TOTAL FOR MONTH: 4.98 1 = FOG OR MIST
DPTR FM NORMAL: -2.9 DPTR FM NORMAL: -2.47 2 = FOG REDUCING VISIBILITY
HIGHEST: 65 ON 31 GRTST 24HR 0.84 ON 21-21 TO 1/4 MILE OR LESS
LOWEST: 27 ON 16 3 = THUNDER
SNOW, ICE PELLETS, HAIL 4 = ICE PELLETS
TOTAL MONTH: M 5 = HAIL
GRTST 24HR M ON M 6 = FREEZING RAIN OR DRIZZLE
GRTST DEPTH: M ON M 7 = DUSTSTORM OR SANDSTORM:
VSBY 1/2 MILE OR LESS
8 = SMOKE OR HAZE
[NO. OF DAYS WITH] [WEATHER - DAYS WITH] 9 = BLOWING SNOW
X = TORNADO
MAX 32 OR BELOW: 0 0.01 INCH OR MORE: 17
MAX 90 OR ABOVE: 0 0.10 INCH OR MORE: 13
MIN 32 OR BELOW: 11 0.50 INCH OR MORE: 3
MIN 0 OR BELOW: 0 1.00 INCH OR MORE: 0
[HDD (BASE 65) ]
TOTAL THIS MO. 659 CLEAR (SCALE 0-3) 8
DPTR FM NORMAL 81 PTCLDY (SCALE 4-7) 15
TOTAL FM JUL 1 3860 CLOUDY (SCALE 8-10) 8
DPTR FM NORMAL -62
[CDD (BASE 65) ]
TOTAL THIS MO. 0
DPTR FM NORMAL 0 [PRESSURE DATA]
TOTAL FM JAN 1 0 HIGHEST SLP 30.52 ON 23
DPTR FM NORMAL 0 LOWEST SLP 29.76 ON 18
[REMARKS]
#FINAL-03-21#